185.191.171.33 - - [17/Feb/2023:04:01:18 -0800] "GET /TC%20Health%20Sources/yahoo_site_admin1/credentials/ HTTP/1.1" 200 400 "-" "Mozilla/5.0 (compatible; SemrushBot/7~bl; +http://www.semrush.com/bot.html)" "www.tchealthsources.com"
185.191.171.44 - - [17/Feb/2023:04:05:48 -0800] "GET /navigation_bars/?C=N%3BO%3DD HTTP/1.1" 200 390 "-" "Mozilla/5.0 (compatible; SemrushBot/7~bl; +http://www.semrush.com/bot.html)" "www.tchealthsources.com"
114.119.148.154 - - [17/Feb/2023:04:06:32 -0800] "GET /TC%20Health%20Sources/clipart/buttons/themes/designer1?S=A HTTP/1.1" 301 1447 "https://tchealthsources.com/TC%20Health%20Sources/clipart/buttons/themes/designer1" "Mozilla/5.0 (Linux; Android 7.0;) AppleWebKit/537.36 (KHTML, like Gecko) Mobile Safari/537.36 (compatible; PetalBot;+https://webmaster.petalsearch.com/site/petalbot)" "tchealthsources.com"
114.119.148.154 - - [17/Feb/2023:04:06:32 -0800] "GET /TC%20Health%20Sources/clipart/buttons/themes/designer1/?S=A HTTP/1.1" 200 446 "https://tchealthsources.com/TC%20Health%20Sources/clipart/buttons/themes/designer1" "Mozilla/5.0 (Linux; Android 7.0;) AppleWebKit/537.36 (KHTML, like Gecko) Mobile Safari/537.36 (compatible; PetalBot;+https://webmaster.petalsearch.com/site/petalbot)" "tchealthsources.com"
185.191.171.9 - - [17/Feb/2023:04:08:35 -0800] "GET /clipart/ HTTP/1.1" 200 380 "-" "Mozilla/5.0 (compatible; SemrushBot/7~bl; +http://www.semrush.com/bot.html)" "tchealthsources.com"
185.191.171.38 - - [17/Feb/2023:04:11:11 -0800] "GET /Web%20DOWNLOAD%20images/ HTTP/1.1" 200 442 "-" "Mozilla/5.0 (compatible; SemrushBot/7~bl; +http://www.semrush.com/bot.html)" "www.tchealthsources.com"
185.191.171.11 - - [17/Feb/2023:04:11:23 -0800] "GET /clipart/buttons/themes/designer1/?C=D%3BO%3DA HTTP/1.1" 200 423 "-" "Mozilla/5.0 (compatible; SemrushBot/7~bl; +http://www.semrush.com/bot.html)" "www.tchealthsources.com"
64.124.8.58 - - [17/Feb/2023:04:16:25 -0800] "GET /robots.txt HTTP/1.1" 404 88 "-" "Mozilla/5.0 (X11; Linux x86_64) AppleWebKit/537.36 (KHTML, like Gecko) Chrome/61.0.3163.79 Safari/537.36" "tchealthsources.com"
64.124.8.58 - - [17/Feb/2023:04:16:25 -0800] "GET /TC%20Health%20Sources/logs/access_160312.log HTTP/1.1" 304 - "-" "Mozilla/5.0 (X11; Linux x86_64) AppleWebKit/537.36 (KHTML, like Gecko) Chrome/61.0.3163.79 Safari/537.36" "tchealthsources.com"
185.191.171.13 - - [17/Feb/2023:04:16:30 -0800] "GET /robots.txt HTTP/1.1" 404 88 "-" "Mozilla/5.0 (compatible; SemrushBot/7~bl; +http://www.semrush.com/bot.html)" "www.tchealthsources.com"
185.191.171.1 - - [17/Feb/2023:04:16:31 -0800] "GET /TC%20Health%20Sources/tmp/ HTTP/1.1" 200 386 "-" "Mozilla/5.0 (compatible; SemrushBot/7~bl; +http://www.semrush.com/bot.html)" "www.tchealthsources.com"
114.119.165.5 - - [17/Feb/2023:04:18:36 -0800] "GET /Index.html HTTP/1.1" 200 450 "-" "Mozilla/5.0 (Linux; Android 7.0;) AppleWebKit/537.36 (KHTML, like Gecko) Mobile Safari/537.36 (compatible; PetalBot;+https://webmaster.petalsearch.com/site/petalbot)" "tchealthsources.com"
114.119.138.65 - - [17/Feb/2023:04:19:56 -0800] "GET /TC%20Health%20Sources/logs/access_160420.log HTTP/1.1" 200 2562 "https://tchealthsources.com/TC%20Health%20Sources/logs?C=N%3BO%3DD" "Mozilla/5.0 (Linux; Android 7.0;) AppleWebKit/537.36 (KHTML, like Gecko) Mobile Safari/537.36 (compatible; PetalBot;+https://webmaster.petalsearch.com/site/petalbot)" "tchealthsources.com"
114.119.137.103 - - [17/Feb/2023:04:22:39 -0800] "GET /TC%20Health%20Sources/clipart/buttons/themes/jelly/ HTTP/1.1" 200 439 "https://tchealthsources.com/TC%20Health%20Sources/clipart/buttons/themes" "Mozilla/5.0 (Linux; Android 7.0;) AppleWebKit/537.36 (KHTML, like Gecko) Mobile Safari/537.36 (compatible; PetalBot;+https://webmaster.petalsearch.com/site/petalbot)" "tchealthsources.com"
114.119.135.217 - - [17/Feb/2023:04:24:07 -0800] "GET /TC%20Health%20Sources/clipart/images HTTP/1.1" 301 1430 "https://tchealthsources.com/TC%20Health%20Sources/clipart/images/general?N=D" "Mozilla/5.0 (Linux; Android 7.0;) AppleWebKit/537.36 (KHTML, like Gecko) Mobile Safari/537.36 (compatible; PetalBot;+https://webmaster.petalsearch.com/site/petalbot)" "tchealthsources.com"
114.119.135.217 - - [17/Feb/2023:04:24:21 -0800] "GET /TC%20Health%20Sources/clipart/images/ HTTP/1.1" 200 382 "https://tchealthsources.com/TC%20Health%20Sources/clipart/images/general?N=D" "Mozilla/5.0 (Linux; Android 7.0;) AppleWebKit/537.36 (KHTML, like Gecko) Mobile Safari/537.36 (compatible; PetalBot;+https://webmaster.petalsearch.com/site/petalbot)" "tchealthsources.com"
185.191.171.17 - - [17/Feb/2023:04:24:45 -0800] "GET /TC%20Health%20Sources/yahoo_site_admin1/?C=D%3BO%3DA HTTP/1.1" 200 418 "-" "Mozilla/5.0 (compatible; SemrushBot/7~bl; +http://www.semrush.com/bot.html)" "tchealthsources.com"
114.119.147.129 - - [17/Feb/2023:04:24:54 -0800] "GET /clipart/buttons/themes/jelly?S=A HTTP/1.1" 301 1429 "http://tchealthsources.com/clipart/buttons/themes/jelly?D=A" "Mozilla/5.0 (Linux; Android 7.0;) AppleWebKit/537.36 (KHTML, like Gecko) Mobile Safari/537.36 (compatible; PetalBot;+https://webmaster.petalsearch.com/site/petalbot)" "tchealthsources.com"
114.119.147.129 - - [17/Feb/2023:04:24:54 -0800] "GET /clipart/buttons/themes/jelly/?S=A HTTP/1.1" 200 416 "http://tchealthsources.com/clipart/buttons/themes/jelly?D=A" "Mozilla/5.0 (Linux; Android 7.0;) AppleWebKit/537.36 (KHTML, like Gecko) Mobile Safari/537.36 (compatible; PetalBot;+https://webmaster.petalsearch.com/site/petalbot)" "tchealthsources.com"
185.191.171.16 - - [17/Feb/2023:04:25:11 -0800] "GET /TC%20Health%20Sources/clipart/buttons/themes/swoosh_blue/?C=N%3BO%3DD HTTP/1.1" 200 441 "-" "Mozilla/5.0 (compatible; SemrushBot/7~bl; +http://www.semrush.com/bot.html)" "www.tchealthsources.com"
114.119.137.128 - - [17/Feb/2023:04:26:53 -0800] "GET /clipart/buttons/themes/jelly/?C=D%3BO%3DA HTTP/1.1" 200 416 "http://tchealthsources.com/clipart/buttons/themes/jelly?N=D" "Mozilla/5.0 (Linux; Android 7.0;) AppleWebKit/537.36 (KHTML, like Gecko) Mobile Safari/537.36 (compatible; PetalBot;+https://webmaster.petalsearch.com/site/petalbot)" "tchealthsources.com"
185.191.171.10 - - [17/Feb/2023:04:27:49 -0800] "GET /TC%20Health%20Sources/clipart/buttons/?C=S%3BO%3DA HTTP/1.1" 200 383 "-" "Mozilla/5.0 (compatible; SemrushBot/7~bl; +http://www.semrush.com/bot.html)" "www.tchealthsources.com"
114.119.149.233 - - [17/Feb/2023:04:28:53 -0800] "GET /clipart/buttons/themes/gray/?C=M%3BO%3DA HTTP/1.1" 200 409 "http://tchealthsources.com/clipart/buttons/themes/gray/?C=S%3BO%3DA" "Mozilla/5.0 (Linux; Android 7.0;) AppleWebKit/537.36 (KHTML, like Gecko) Mobile Safari/537.36 (compatible; PetalBot;+https://webmaster.petalsearch.com/site/petalbot)" "tchealthsources.com"
185.191.171.3 - - [17/Feb/2023:04:33:15 -0800] "GET /TC%20Health%20Sources/clipart/buttons/themes/sky_blue/ HTTP/1.1" 200 445 "-" "Mozilla/5.0 (compatible; SemrushBot/7~bl; +http://www.semrush.com/bot.html)" "www.tchealthsources.com"
185.191.171.18 - - [17/Feb/2023:04:34:29 -0800] "GET /TC%20Health%20Sources/clipart/buttons/themes/designer3/ HTTP/1.1" 200 444 "-" "Mozilla/5.0 (compatible; SemrushBot/7~bl; +http://www.semrush.com/bot.html)" "www.tchealthsources.com"
185.191.171.40 - - [17/Feb/2023:04:38:46 -0800] "GET /robots.txt HTTP/1.1" 404 88 "-" "Mozilla/5.0 (compatible; SemrushBot/7~bl; +http://www.semrush.com/bot.html)" "tchealthsources.com"
185.191.171.11 - - [17/Feb/2023:04:38:48 -0800] "GET /clipart/buttons/themes/designer3/ HTTP/1.1" 200 422 "-" "Mozilla/5.0 (compatible; SemrushBot/7~bl; +http://www.semrush.com/bot.html)" "tchealthsources.com"
185.191.171.14 - - [17/Feb/2023:04:40:37 -0800] "GET /TC%20Health%20Sources/logs/access_160226.log HTTP/1.1" 200 2767 "-" "Mozilla/5.0 (compatible; SemrushBot/7~bl; +http://www.semrush.com/bot.html)" "www.tchealthsources.com"
185.191.171.38 - - [17/Feb/2023:04:41:51 -0800] "GET /TC%20Health%20Sources/clipart/buttons/themes/jelly/?C=D%3BO%3DA HTTP/1.1" 200 439 "-" "Mozilla/5.0 (compatible; SemrushBot/7~bl; +http://www.semrush.com/bot.html)" "www.tchealthsources.com"
185.191.171.44 - - [17/Feb/2023:04:42:30 -0800] "GET /clipart/buttons/themes/gray/?C=N%3BO%3DD HTTP/1.1" 200 409 "-" "Mozilla/5.0 (compatible; SemrushBot/7~bl; +http://www.semrush.com/bot.html)" "www.tchealthsources.com"
64.124.8.28 - - [17/Feb/2023:04:44:16 -0800] "GET /TC%20Health%20Sources/images/Picture9.gif HTTP/1.1" 200 2785 "-" "Mozilla/5.0 (Macintosh; Intel Mac OS X 10_15_7) AppleWebKit/537.36 (KHTML, like Gecko) Chrome/107.0.0.0 Safari/537.36" "tchealthsources.com"
185.191.171.4 - - [17/Feb/2023:04:47:35 -0800] "GET /TC%20Health%20Sources/clipart/buttons/themes/sky_blue/?C=M%3BO%3DA HTTP/1.1" 200 445 "-" "Mozilla/5.0 (compatible; SemrushBot/7~bl; +http://www.semrush.com/bot.html)" "tchealthsources.com"
185.191.171.6 - - [17/Feb/2023:04:48:38 -0800] "GET /TC%20Health%20Sources/yahoo_site_admin/?C=S%3BO%3DA HTTP/1.1" 200 429 "-" "Mozilla/5.0 (compatible; SemrushBot/7~bl; +http://www.semrush.com/bot.html)" "www.tchealthsources.com"
114.119.146.98 - - [17/Feb/2023:04:51:44 -0800] "GET /TC%20Health%20Sources/logs/access_160424.log HTTP/1.1" 200 1622 "https://tchealthsources.com/TC%20Health%20Sources/logs?C=N%3BO%3DD" "Mozilla/5.0 (Linux; Android 7.0;) AppleWebKit/537.36 (KHTML, like Gecko) Mobile Safari/537.36 (compatible; PetalBot;+https://webmaster.petalsearch.com/site/petalbot)" "tchealthsources.com"
185.191.171.6 - - [17/Feb/2023:04:52:33 -0800] "GET /?C=D%3BO%3DA HTTP/1.1" 200 493 "-" "Mozilla/5.0 (compatible; SemrushBot/7~bl; +http://www.semrush.com/bot.html)" "tchealthsources.com"
185.191.171.34 - - [17/Feb/2023:05:01:10 -0800] "GET /TC%20Health%20Sources/yahoo_site_admin1/?C=S%3BO%3DA HTTP/1.1" 200 418 "-" "Mozilla/5.0 (compatible; SemrushBot/7~bl; +http://www.semrush.com/bot.html)" "www.tchealthsources.com"
114.119.145.201 - - [17/Feb/2023:05:07:13 -0800] "GET /TC%20Health%20Sources/includes/?C=S%3BO%3DA HTTP/1.1" 200 376 "https://tchealthsources.com/TC%20Health%20Sources/includes/" "Mozilla/5.0 (Linux; Android 7.0;) AppleWebKit/537.36 (KHTML, like Gecko) Mobile Safari/537.36 (compatible; PetalBot;+https://webmaster.petalsearch.com/site/petalbot)" "tchealthsources.com"
114.119.133.158 - - [17/Feb/2023:05:09:07 -0800] "GET /TC%20Health%20Sources/?C=M%3BO%3DA HTTP/1.1" 200 564 "https://tchealthsources.com/TC%20Health%20Sources?C=D%3BO%3DA" "Mozilla/5.0 (Linux; Android 7.0;) AppleWebKit/537.36 (KHTML, like Gecko) Mobile Safari/537.36 (compatible; PetalBot;+https://webmaster.petalsearch.com/site/petalbot)" "tchealthsources.com"
114.119.134.182 - - [17/Feb/2023:05:10:42 -0800] "GET /clipart/images/general?C=S%3BO%3DA HTTP/1.1" 301 1433 "http://tchealthsources.com/clipart/images/general?M=D" "Mozilla/5.0 (Linux; Android 7.0;) AppleWebKit/537.36 (KHTML, like Gecko) Mobile Safari/537.36 (compatible; PetalBot;+https://webmaster.petalsearch.com/site/petalbot)" "tchealthsources.com"
114.119.134.182 - - [17/Feb/2023:05:10:46 -0800] "GET /clipart/images/general/?C=S%3BO%3DA HTTP/1.1" 200 376 "http://tchealthsources.com/clipart/images/general?M=D" "Mozilla/5.0 (Linux; Android 7.0;) AppleWebKit/537.36 (KHTML, like Gecko) Mobile Safari/537.36 (compatible; PetalBot;+https://webmaster.petalsearch.com/site/petalbot)" "tchealthsources.com"
185.191.171.19 - - [17/Feb/2023:05:13:18 -0800] "GET /TC%20Health%20Sources/clipart/buttons/themes/swoosh_blue/?C=D%3BO%3DA HTTP/1.1" 200 441 "-" "Mozilla/5.0 (compatible; SemrushBot/7~bl; +http://www.semrush.com/bot.html)" "www.tchealthsources.com"
64.124.8.58 - - [17/Feb/2023:05:15:14 -0800] "GET /TC%20Health%20Sources/files/ HTTP/1.1" 200 441 "-" "Mozilla/5.0 (X11; Linux x86_64) AppleWebKit/537.36 (KHTML, like Gecko) Chrome/61.0.3163.79 Safari/537.36" "tchealthsources.com"
64.124.8.58 - - [17/Feb/2023:05:18:47 -0800] "GET /TC%20Health%20Sources/logs/access_160409.log HTTP/1.1" 304 - "-" "Mozilla/5.0 (X11; Linux x86_64) AppleWebKit/537.36 (KHTML, like Gecko) Chrome/61.0.3163.79 Safari/537.36" "tchealthsources.com"
64.124.8.58 - - [17/Feb/2023:05:19:02 -0800] "GET /clipart/ HTTP/1.1" 200 380 "-" "Mozilla/5.0 (X11; Linux x86_64) AppleWebKit/537.36 (KHTML, like Gecko) Chrome/61.0.3163.79 Safari/537.36" "tchealthsources.com"
185.191.171.24 - - [17/Feb/2023:05:22:26 -0800] "GET /TC%20Health%20Sources/logs/access_160316.log HTTP/1.1" 200 1554 "-" "Mozilla/5.0 (compatible; SemrushBot/7~bl; +http://www.semrush.com/bot.html)" "tchealthsources.com"
185.191.171.23 - - [17/Feb/2023:05:23:01 -0800] "GET /clipart/buttons/themes/designer1/?C=S%3BO%3DA HTTP/1.1" 200 423 "-" "Mozilla/5.0 (compatible; SemrushBot/7~bl; +http://www.semrush.com/bot.html)" "tchealthsources.com"
185.191.171.37 - - [17/Feb/2023:05:26:23 -0800] "GET /robots.txt HTTP/1.1" 404 88 "-" "Mozilla/5.0 (compatible; SemrushBot/7~bl; +http://www.semrush.com/bot.html)" "www.tchealthsources.com"
185.191.171.25 - - [17/Feb/2023:05:26:24 -0800] "GET /TC%20Health%20Sources/sitebuilder/applets/?C=N%3BO%3DD HTTP/1.1" 200 405 "-" "Mozilla/5.0 (compatible; SemrushBot/7~bl; +http://www.semrush.com/bot.html)" "www.tchealthsources.com"
20.96.119.234 - - [17/Feb/2023:05:26:58 -0800] "GET / HTTP/1.1" 200 493 "-" "Mozilla/5.0 (Windows NT 10.0; Win64; x64) AppleWebKit/537.36 (KHTML, like Gecko) Chrome/105.0.0.0 Safari/537.36" "tchealthsources.com"
185.191.171.24 - - [17/Feb/2023:05:26:59 -0800] "GET /clipart/images/general/?C=D%3BO%3DA HTTP/1.1" 200 376 "-" "Mozilla/5.0 (compatible; SemrushBot/7~bl; +http://www.semrush.com/bot.html)" "tchealthsources.com"
185.191.171.6 - - [17/Feb/2023:05:28:19 -0800] "GET /TC%20Health%20Sources/includes/?C=D%3BO%3DA HTTP/1.1" 200 376 "-" "Mozilla/5.0 (compatible; SemrushBot/7~bl; +http://www.semrush.com/bot.html)" "www.tchealthsources.com"
20.242.117.98 - - [17/Feb/2023:05:29:52 -0800] "GET / HTTP/1.1" 200 493 "-" "Mozilla/5.0 (Windows NT 10.0; Win64; x64) AppleWebKit/537.36 (KHTML, like Gecko) Chrome/105.0.0.0 Safari/537.36" "tchealthsources.com"
185.191.171.22 - - [17/Feb/2023:05:32:20 -0800] "GET /TC%20Health%20Sources/files/?C=D%3BO%3DA HTTP/1.1" 200 441 "-" "Mozilla/5.0 (compatible; SemrushBot/7~bl; +http://www.semrush.com/bot.html)" "tchealthsources.com"
172.177.85.22 - - [17/Feb/2023:05:33:27 -0800] "GET / HTTP/1.1" 200 493 "-" "Mozilla/5.0 (Windows NT 10.0; Win64; x64) AppleWebKit/537.36 (KHTML, like Gecko) Chrome/105.0.0.0 Safari/537.36" "www.tchealthsources.com"
172.177.184.106 - - [17/Feb/2023:05:35:50 -0800] "GET / HTTP/1.1" 200 493 "-" "Mozilla/5.0 (Windows NT 10.0; Win64; x64) AppleWebKit/537.36 (KHTML, like Gecko) Chrome/105.0.0.0 Safari/537.36" "www.tchealthsources.com"
185.191.171.34 - - [17/Feb/2023:05:36:53 -0800] "GET /clipart/images/general/?C=N%3BO%3DD HTTP/1.1" 200 376 "-" "Mozilla/5.0 (compatible; SemrushBot/7~bl; +http://www.semrush.com/bot.html)" "tchealthsources.com"
185.191.171.35 - - [17/Feb/2023:05:37:47 -0800] "GET /clipart/buttons/themes/designer3/?C=S%3BO%3DA HTTP/1.1" 200 422 "-" "Mozilla/5.0 (compatible; SemrushBot/7~bl; +http://www.semrush.com/bot.html)" "tchealthsources.com"
185.191.171.43 - - [17/Feb/2023:05:45:19 -0800] "GET /navigation_bars/?C=N%3BO%3DD HTTP/1.1" 200 390 "-" "Mozilla/5.0 (compatible; SemrushBot/7~bl; +http://www.semrush.com/bot.html)" "www.tchealthsources.com"
64.124.8.55 - - [17/Feb/2023:05:47:08 -0800] "GET /TC%20Health%20Sources/sitebuilder/images/index-3-mouseOver-01402.png HTTP/1.1" 200 1449 "-" "Mozilla/5.0 (Macintosh; Intel Mac OS X 10_15_7) AppleWebKit/537.36 (KHTML, like Gecko) Chrome/107.0.0.0 Safari/537.36" "tchealthsources.com"
185.191.171.26 - - [17/Feb/2023:05:47:46 -0800] "GET /TC%20Health%20Sources/images/?C=S%3BO%3DA HTTP/1.1" 200 1393 "-" "Mozilla/5.0 (compatible; SemrushBot/7~bl; +http://www.semrush.com/bot.html)" "www.tchealthsources.com"
185.191.171.2 - - [17/Feb/2023:05:48:10 -0800] "GET /robots.txt HTTP/1.1" 404 88 "-" "Mozilla/5.0 (compatible; SemrushBot/7~bl; +http://www.semrush.com/bot.html)" "tchealthsources.com"
185.191.171.36 - - [17/Feb/2023:05:48:11 -0800] "GET /clipart/images/?C=N%3BO%3DD HTTP/1.1" 200 359 "-" "Mozilla/5.0 (compatible; SemrushBot/7~bl; +http://www.semrush.com/bot.html)" "tchealthsources.com"
185.191.171.23 - - [17/Feb/2023:05:51:39 -0800] "GET /TC%20Health%20Sources/clipart/buttons/themes/designer3/?C=D%3BO%3DA HTTP/1.1" 200 444 "-" "Mozilla/5.0 (compatible; SemrushBot/7~bl; +http://www.semrush.com/bot.html)" "tchealthsources.com"
64.124.8.48 - - [17/Feb/2023:06:00:03 -0800] "GET /robots.txt HTTP/1.1" 404 88 "-" "Mozilla/5.0 (X11; Linux x86_64) AppleWebKit/537.36 (KHTML, like Gecko) Chrome/61.0.3163.79 Safari/537.36" "tchealthsources.com"
64.124.8.48 - - [17/Feb/2023:06:00:03 -0800] "GET /TC%20Health%20Sources/logs/access_160315.log HTTP/1.1" 304 - "-" "Mozilla/5.0 (X11; Linux x86_64) AppleWebKit/537.36 (KHTML, like Gecko) Chrome/61.0.3163.79 Safari/537.36" "tchealthsources.com"
185.191.171.23 - - [17/Feb/2023:06:05:14 -0800] "GET /TC%20Health%20Sources/clipart/buttons/themes/designer3/?C=S%3BO%3DA HTTP/1.1" 200 444 "-" "Mozilla/5.0 (compatible; SemrushBot/7~bl; +http://www.semrush.com/bot.html)" "tchealthsources.com"
185.191.171.38 - - [17/Feb/2023:06:09:21 -0800] "GET /TC%20Health%20Sources/clipart/buttons/ HTTP/1.1" 200 383 "-" "Mozilla/5.0 (compatible; SemrushBot/7~bl; +http://www.semrush.com/bot.html)" "tchealthsources.com"
185.191.171.38 - - [17/Feb/2023:06:09:55 -0800] "GET /TC%20Health%20Sources/images/?C=N%3BO%3DD HTTP/1.1" 200 1393 "-" "Mozilla/5.0 (compatible; SemrushBot/7~bl; +http://www.semrush.com/bot.html)" "www.tchealthsources.com"
185.191.171.20 - - [17/Feb/2023:06:10:23 -0800] "GET /Web%20DOWNLOAD%20images/?C=S%3BO%3DA HTTP/1.1" 200 442 "-" "Mozilla/5.0 (compatible; SemrushBot/7~bl; +http://www.semrush.com/bot.html)" "tchealthsources.com"
185.191.171.2 - - [17/Feb/2023:06:10:38 -0800] "GET /TC%20Health%20Sources/images/?C=M%3BO%3DA HTTP/1.1" 200 1393 "-" "Mozilla/5.0 (compatible; SemrushBot/7~bl; +http://www.semrush.com/bot.html)" "www.tchealthsources.com"
185.191.171.23 - - [17/Feb/2023:06:10:44 -0800] "GET /TC%20Health%20Sources/yahoo_site_admin1/credentials/?C=D%3BO%3DA HTTP/1.1" 200 400 "-" "Mozilla/5.0 (compatible; SemrushBot/7~bl; +http://www.semrush.com/bot.html)" "tchealthsources.com"
185.191.171.6 - - [17/Feb/2023:06:12:32 -0800] "GET /clipart/buttons/?C=D%3BO%3DA HTTP/1.1" 200 360 "-" "Mozilla/5.0 (compatible; SemrushBot/7~bl; +http://www.semrush.com/bot.html)" "www.tchealthsources.com"
185.191.171.14 - - [17/Feb/2023:06:14:12 -0800] "GET /TC%20Health%20Sources/clipart/buttons/themes/sky_blue/ HTTP/1.1" 200 445 "-" "Mozilla/5.0 (compatible; SemrushBot/7~bl; +http://www.semrush.com/bot.html)" "tchealthsources.com"
185.191.171.4 - - [17/Feb/2023:06:15:54 -0800] "GET /TC%20Health%20Sources/logs/?C=M%3BO%3DA HTTP/1.1" 200 1066 "-" "Mozilla/5.0 (compatible; SemrushBot/7~bl; +http://www.semrush.com/bot.html)" "tchealthsources.com"
185.191.171.4 - - [17/Feb/2023:06:20:08 -0800] "GET /TC%20Health%20Sources/clipart/buttons/themes/?C=S%3BO%3DA HTTP/1.1" 200 479 "-" "Mozilla/5.0 (compatible; SemrushBot/7~bl; +http://www.semrush.com/bot.html)" "tchealthsources.com"
64.124.8.29 - - [17/Feb/2023:06:20:11 -0800] "GET /TC%20Health%20Sources/sitebuilder/images/index-3-active-01372.png HTTP/1.1" 200 1255 "-" "Mozilla/5.0 (Macintosh; Intel Mac OS X 10_15_7) AppleWebKit/537.36 (KHTML, like Gecko) Chrome/107.0.0.0 Safari/537.36" "tchealthsources.com"
185.191.171.24 - - [17/Feb/2023:06:20:36 -0800] "GET /TC%20Health%20Sources/includes/ice/ HTTP/1.1" 200 439 "-" "Mozilla/5.0 (compatible; SemrushBot/7~bl; +http://www.semrush.com/bot.html)" "tchealthsources.com"
185.191.171.2 - - [17/Feb/2023:06:30:26 -0800] "GET /navigation_bars/?C=S%3BO%3DA HTTP/1.1" 200 390 "-" "Mozilla/5.0 (compatible; SemrushBot/7~bl; +http://www.semrush.com/bot.html)" "tchealthsources.com"
185.191.171.6 - - [17/Feb/2023:06:39:56 -0800] "GET /TC%20Health%20Sources/clipart/buttons/themes/designer3/?C=M%3BO%3DA HTTP/1.1" 200 444 "-" "Mozilla/5.0 (compatible; SemrushBot/7~bl; +http://www.semrush.com/bot.html)" "tchealthsources.com"
185.191.171.23 - - [17/Feb/2023:06:41:59 -0800] "GET /robots.txt HTTP/1.1" 404 88 "-" "Mozilla/5.0 (compatible; SemrushBot/7~bl; +http://www.semrush.com/bot.html)" "www.tchealthsources.com"
185.191.171.21 - - [17/Feb/2023:06:42:00 -0800] "GET /TC%20Health%20Sources/media/ HTTP/1.1" 200 409 "-" "Mozilla/5.0 (compatible; SemrushBot/7~bl; +http://www.semrush.com/bot.html)" "www.tchealthsources.com"
185.191.171.25 - - [17/Feb/2023:06:44:20 -0800] "GET /?C=S%3BO%3DA HTTP/1.1" 200 493 "-" "Mozilla/5.0 (compatible; SemrushBot/7~bl; +http://www.semrush.com/bot.html)" "www.tchealthsources.com"
185.191.171.5 - - [17/Feb/2023:06:45:19 -0800] "GET /TC%20Health%20Sources/images/ HTTP/1.1" 200 1393 "-" "Mozilla/5.0 (compatible; SemrushBot/7~bl; +http://www.semrush.com/bot.html)" "tchealthsources.com"
185.191.171.3 - - [17/Feb/2023:06:48:06 -0800] "GET /TC%20Health%20Sources/clipart/images/?C=S%3BO%3DA HTTP/1.1" 200 382 "-" "Mozilla/5.0 (compatible; SemrushBot/7~bl; +http://www.semrush.com/bot.html)" "tchealthsources.com"
185.191.171.25 - - [17/Feb/2023:06:53:44 -0800] "GET /robots.txt HTTP/1.1" 404 88 "-" "Mozilla/5.0 (compatible; SemrushBot/7~bl; +http://www.semrush.com/bot.html)" "tchealthsources.com"
185.191.171.42 - - [17/Feb/2023:06:53:44 -0800] "GET /clipart/buttons/themes/sky_blue/?C=N%3BO%3DD HTTP/1.1" 200 422 "-" "Mozilla/5.0 (compatible; SemrushBot/7~bl; +http://www.semrush.com/bot.html)" "tchealthsources.com"
185.191.171.11 - - [17/Feb/2023:06:54:26 -0800] "GET /TC%20Health%20Sources/clipart/buttons/themes/?C=S%3BO%3DA HTTP/1.1" 200 479 "-" "Mozilla/5.0 (compatible; SemrushBot/7~bl; +http://www.semrush.com/bot.html)" "tchealthsources.com"
185.191.171.25 - - [17/Feb/2023:06:59:11 -0800] "GET /TC%20Health%20Sources/includes/?C=N%3BO%3DD HTTP/1.1" 200 376 "-" "Mozilla/5.0 (compatible; SemrushBot/7~bl; +http://www.semrush.com/bot.html)" "www.tchealthsources.com"
185.191.171.45 - - [17/Feb/2023:07:00:37 -0800] "GET /clipart/buttons/themes/designer1/?C=N%3BO%3DD HTTP/1.1" 200 423 "-" "Mozilla/5.0 (compatible; SemrushBot/7~bl; +http://www.semrush.com/bot.html)" "tchealthsources.com"
185.191.171.21 - - [17/Feb/2023:07:03:32 -0800] "GET /clipart/?C=N%3BO%3DD HTTP/1.1" 200 380 "-" "Mozilla/5.0 (compatible; SemrushBot/7~bl; +http://www.semrush.com/bot.html)" "www.tchealthsources.com"
185.191.171.24 - - [17/Feb/2023:07:03:53 -0800] "GET / HTTP/1.1" 200 493 "-" "Mozilla/5.0 (compatible; SemrushBot/7~bl; +http://www.semrush.com/bot.html)" "tchealthsources.com"
185.191.171.4 - - [17/Feb/2023:07:05:56 -0800] "GET /TC%20Health%20Sources/?C=S%3BO%3DA HTTP/1.1" 200 564 "-" "Mozilla/5.0 (compatible; SemrushBot/7~bl; +http://www.semrush.com/bot.html)" "www.tchealthsources.com"
185.191.171.16 - - [17/Feb/2023:07:07:42 -0800] "GET /TC%20Health%20Sources/clipart/buttons/themes/simple/?C=N%3BO%3DD HTTP/1.1" 200 440 "-" "Mozilla/5.0 (compatible; SemrushBot/7~bl; +http://www.semrush.com/bot.html)" "www.tchealthsources.com"
185.191.171.20 - - [17/Feb/2023:07:12:27 -0800] "GET /TC%20Health%20Sources/files/?C=N%3BO%3DD HTTP/1.1" 200 441 "-" "Mozilla/5.0 (compatible; SemrushBot/7~bl; +http://www.semrush.com/bot.html)" "tchealthsources.com"
185.191.171.24 - - [17/Feb/2023:07:13:05 -0800] "GET /TC%20Health%20Sources/sitebuilder/applets/?C=S%3BO%3DA HTTP/1.1" 200 405 "-" "Mozilla/5.0 (compatible; SemrushBot/7~bl; +http://www.semrush.com/bot.html)" "www.tchealthsources.com"
185.191.171.38 - - [17/Feb/2023:07:21:01 -0800] "GET /TC%20Health%20Sources/yahoo_site_admin1/credentials/?C=N%3BO%3DD HTTP/1.1" 200 400 "-" "Mozilla/5.0 (compatible; SemrushBot/7~bl; +http://www.semrush.com/bot.html)" "tchealthsources.com"
185.191.171.18 - - [17/Feb/2023:07:21:37 -0800] "GET /TC%20Health%20Sources/yahoo_site_admin/ HTTP/1.1" 200 429 "-" "Mozilla/5.0 (compatible; SemrushBot/7~bl; +http://www.semrush.com/bot.html)" "www.tchealthsources.com"
185.191.171.7 - - [17/Feb/2023:07:24:57 -0800] "GET /clipart/buttons/?C=D%3BO%3DA HTTP/1.1" 200 360 "-" "Mozilla/5.0 (compatible; SemrushBot/7~bl; +http://www.semrush.com/bot.html)" "www.tchealthsources.com"
185.191.171.42 - - [17/Feb/2023:07:29:50 -0800] "GET /TC%20Health%20Sources/yahoo_site_admin/cache/?C=N%3BO%3DD HTTP/1.1" 200 350 "-" "Mozilla/5.0 (compatible; SemrushBot/7~bl; +http://www.semrush.com/bot.html)" "tchealthsources.com"
185.191.171.2 - - [17/Feb/2023:07:31:44 -0800] "GET /clipart/images/general/?C=D%3BO%3DA HTTP/1.1" 200 376 "-" "Mozilla/5.0 (compatible; SemrushBot/7~bl; +http://www.semrush.com/bot.html)" "tchealthsources.com"
185.191.171.20 - - [17/Feb/2023:07:37:12 -0800] "GET /TC%20Health%20Sources/includes/?C=S%3BO%3DA HTTP/1.1" 200 376 "-" "Mozilla/5.0 (compatible; SemrushBot/7~bl; +http://www.semrush.com/bot.html)" "tchealthsources.com"
185.191.171.15 - - [17/Feb/2023:07:37:58 -0800] "GET /TC%20Health%20Sources/yahoo_site_admin/cache/ HTTP/1.1" 200 350 "-" "Mozilla/5.0 (compatible; SemrushBot/7~bl; +http://www.semrush.com/bot.html)" "www.tchealthsources.com"
185.191.171.6 - - [17/Feb/2023:07:39:02 -0800] "GET /TC%20Health%20Sources/sitebuilder/images/?C=D%3BO%3DA HTTP/1.1" 200 2382 "-" "Mozilla/5.0 (compatible; SemrushBot/7~bl; +http://www.semrush.com/bot.html)" "www.tchealthsources.com"
185.191.171.3 - - [17/Feb/2023:07:39:26 -0800] "GET /TC%20Health%20Sources/clipart/images/general/?C=N%3BO%3DD HTTP/1.1" 200 403 "-" "Mozilla/5.0 (compatible; SemrushBot/7~bl; +http://www.semrush.com/bot.html)" "tchealthsources.com"
64.124.8.56 - - [17/Feb/2023:07:40:51 -0800] "GET /TC%20Health%20Sources/images/Picture16.gif HTTP/1.1" 200 7541 "-" "Mozilla/5.0 (Macintosh; Intel Mac OS X 10_15_7) AppleWebKit/537.36 (KHTML, like Gecko) Chrome/107.0.0.0 Safari/537.36" "tchealthsources.com"
185.191.171.42 - - [17/Feb/2023:07:43:54 -0800] "GET /clipart/images/general/?C=N%3BO%3DD HTTP/1.1" 200 376 "-" "Mozilla/5.0 (compatible; SemrushBot/7~bl; +http://www.semrush.com/bot.html)" "tchealthsources.com"
185.191.171.25 - - [17/Feb/2023:07:45:47 -0800] "GET /TC%20Health%20Sources/sitebuilder/applets/?C=M%3BO%3DA HTTP/1.1" 200 405 "-" "Mozilla/5.0 (compatible; SemrushBot/7~bl; +http://www.semrush.com/bot.html)" "tchealthsources.com"
185.191.171.13 - - [17/Feb/2023:07:50:09 -0800] "GET /robots.txt HTTP/1.1" 404 88 "-" "Mozilla/5.0 (compatible; SemrushBot/7~bl; +http://www.semrush.com/bot.html)" "www.tchealthsources.com"
185.191.171.43 - - [17/Feb/2023:07:50:10 -0800] "GET /TC%20Health%20Sources/yahoo_site_admin1/assets/?C=N%3BO%3DD HTTP/1.1" 200 390 "-" "Mozilla/5.0 (compatible; SemrushBot/7~bl; +http://www.semrush.com/bot.html)" "www.tchealthsources.com"
185.191.171.1 - - [17/Feb/2023:07:51:07 -0800] "GET /TC%20Health%20Sources/clipart/buttons/themes/view-screen/ HTTP/1.1" 200 442 "-" "Mozilla/5.0 (compatible; SemrushBot/7~bl; +http://www.semrush.com/bot.html)" "www.tchealthsources.com"
185.191.171.5 - - [17/Feb/2023:07:52:03 -0800] "GET /TC%20Health%20Sources/yahoo_site_admin1/?C=N%3BO%3DD HTTP/1.1" 200 418 "-" "Mozilla/5.0 (compatible; SemrushBot/7~bl; +http://www.semrush.com/bot.html)" "tchealthsources.com"
185.191.171.7 - - [17/Feb/2023:07:54:52 -0800] "GET /TC%20Health%20Sources/images/ HTTP/1.1" 200 1393 "-" "Mozilla/5.0 (compatible; SemrushBot/7~bl; +http://www.semrush.com/bot.html)" "www.tchealthsources.com"
185.191.171.6 - - [17/Feb/2023:07:55:55 -0800] "GET /robots.txt HTTP/1.1" 404 88 "-" "Mozilla/5.0 (compatible; SemrushBot/7~bl; +http://www.semrush.com/bot.html)" "tchealthsources.com"
185.191.171.34 - - [17/Feb/2023:07:55:56 -0800] "GET /clipart/buttons/themes/jelly/?C=S%3BO%3DA HTTP/1.1" 200 416 "-" "Mozilla/5.0 (compatible; SemrushBot/7~bl; +http://www.semrush.com/bot.html)" "tchealthsources.com"
185.191.171.3 - - [17/Feb/2023:07:56:09 -0800] "GET /TC%20Health%20Sources/navigation_bars/?C=S%3BO%3DA HTTP/1.1" 200 415 "-" "Mozilla/5.0 (compatible; SemrushBot/7~bl; +http://www.semrush.com/bot.html)" "tchealthsources.com"
185.191.171.7 - - [17/Feb/2023:08:02:57 -0800] "GET /TC%20Health%20Sources/media/ HTTP/1.1" 200 409 "-" "Mozilla/5.0 (compatible; SemrushBot/7~bl; +http://www.semrush.com/bot.html)" "tchealthsources.com"
64.124.8.48 - - [17/Feb/2023:08:05:11 -0800] "GET /robots.txt HTTP/1.1" 404 88 "-" "Mozilla/5.0 (X11; Linux x86_64) AppleWebKit/537.36 (KHTML, like Gecko) Chrome/61.0.3163.79 Safari/537.36" "tchealthsources.com"
64.124.8.48 - - [17/Feb/2023:08:05:11 -0800] "GET /TC%20Health%20Sources/images/ HTTP/1.1" 200 1393 "-" "Mozilla/5.0 (X11; Linux x86_64) AppleWebKit/537.36 (KHTML, like Gecko) Chrome/61.0.3163.79 Safari/537.36" "tchealthsources.com"
185.191.171.17 - - [17/Feb/2023:08:09:05 -0800] "GET /TC%20Health%20Sources/media/?C=S%3BO%3DA HTTP/1.1" 200 409 "-" "Mozilla/5.0 (compatible; SemrushBot/7~bl; +http://www.semrush.com/bot.html)" "tchealthsources.com"
185.191.171.25 - - [17/Feb/2023:08:09:53 -0800] "GET /TC%20Health%20Sources/clipart/buttons/themes/?C=M%3BO%3DA HTTP/1.1" 200 479 "-" "Mozilla/5.0 (compatible; SemrushBot/7~bl; +http://www.semrush.com/bot.html)" "tchealthsources.com"
185.191.171.6 - - [17/Feb/2023:08:12:22 -0800] "GET /TC%20Health%20Sources/clipart/buttons/themes/?C=D%3BO%3DA HTTP/1.1" 200 479 "-" "Mozilla/5.0 (compatible; SemrushBot/7~bl; +http://www.semrush.com/bot.html)" "www.tchealthsources.com"
64.124.8.29 - - [17/Feb/2023:08:18:50 -0800] "GET /TC%20Health%20Sources/images/Uncle_20Sam_201.jpg HTTP/1.1" 200 48326 "-" "Mozilla/5.0 (Macintosh; Intel Mac OS X 10_15_7) AppleWebKit/537.36 (KHTML, like Gecko) Chrome/107.0.0.0 Safari/537.36" "tchealthsources.com"
185.191.171.1 - - [17/Feb/2023:08:19:18 -0800] "GET /TC%20Health%20Sources/Index.html HTTP/1.1" 200 2664 "-" "Mozilla/5.0 (compatible; SemrushBot/7~bl; +http://www.semrush.com/bot.html)" "tchealthsources.com"
185.191.171.16 - - [17/Feb/2023:08:22:43 -0800] "GET /TC%20Health%20Sources/clipart/buttons/themes/designer3/ HTTP/1.1" 200 444 "-" "Mozilla/5.0 (compatible; SemrushBot/7~bl; +http://www.semrush.com/bot.html)" "tchealthsources.com"
185.191.171.43 - - [17/Feb/2023:08:22:49 -0800] "GET /?C=N%3BO%3DD HTTP/1.1" 200 493 "-" "Mozilla/5.0 (compatible; SemrushBot/7~bl; +http://www.semrush.com/bot.html)" "www.tchealthsources.com"
185.191.171.42 - - [17/Feb/2023:08:27:26 -0800] "GET /navigation_bars/ HTTP/1.1" 200 390 "-" "Mozilla/5.0 (compatible; SemrushBot/7~bl; +http://www.semrush.com/bot.html)" "www.tchealthsources.com"
64.124.8.33 - - [17/Feb/2023:08:27:50 -0800] "GET /robots.txt HTTP/1.1" 404 88 "-" "Mozilla/5.0 (X11; Linux x86_64) AppleWebKit/537.36 (KHTML, like Gecko) Chrome/61.0.3163.79 Safari/537.36" "tchealthsources.com"
64.124.8.33 - - [17/Feb/2023:08:27:50 -0800] "GET /TC%20Health%20Sources/yahoo_site_admin/ HTTP/1.1" 200 429 "-" "Mozilla/5.0 (X11; Linux x86_64) AppleWebKit/537.36 (KHTML, like Gecko) Chrome/61.0.3163.79 Safari/537.36" "tchealthsources.com"
133.18.225.44 - - [17/Feb/2023:08:29:13 -0800] "HEAD /xmlrpc.php HTTP/1.1" 500 - "-" "Mozilla/5.0 (Windows NT 10.0; Win64; x64; rv:75.0) Gecko/20100101 Firefox/75.0" "tchealthsources.com"
133.18.225.44 - - [17/Feb/2023:08:29:14 -0800] "HEAD /blog/xmlrpc.php HTTP/1.1" 500 - "-" "Mozilla/5.0 (Windows NT 10.0; Win64; x64) AppleWebKit/537.36 (KHTML, like Gecko) Chrome/69.0.3497.100 Safari/537.36" "tchealthsources.com"
185.191.171.19 - - [17/Feb/2023:08:30:13 -0800] "GET /?C=N%3BO%3DD HTTP/1.1" 200 493 "-" "Mozilla/5.0 (compatible; SemrushBot/7~bl; +http://www.semrush.com/bot.html)" "www.tchealthsources.com"
64.124.8.53 - - [17/Feb/2023:08:30:41 -0800] "GET /TC%20Health%20Sources/sitebuilder/images/index-5-active-59115.png HTTP/1.1" 200 1319 "-" "Mozilla/5.0 (Macintosh; Intel Mac OS X 10_15_7) AppleWebKit/537.36 (KHTML, like Gecko) Chrome/107.0.0.0 Safari/537.36" "tchealthsources.com"
185.191.171.35 - - [17/Feb/2023:08:30:46 -0800] "GET /TC%20Health%20Sources/clipart/buttons/?C=N%3BO%3DD HTTP/1.1" 200 383 "-" "Mozilla/5.0 (compatible; SemrushBot/7~bl; +http://www.semrush.com/bot.html)" "www.tchealthsources.com"
185.191.171.39 - - [17/Feb/2023:08:33:45 -0800] "GET /clipart/buttons/themes/swoosh_blue/?C=M%3BO%3DA HTTP/1.1" 200 419 "-" "Mozilla/5.0 (compatible; SemrushBot/7~bl; +http://www.semrush.com/bot.html)" "www.tchealthsources.com"
64.124.8.33 - - [17/Feb/2023:08:34:54 -0800] "GET /TC%20Health%20Sources/logs/access_160302.log HTTP/1.1" 304 - "-" "Mozilla/5.0 (X11; Linux x86_64) AppleWebKit/537.36 (KHTML, like Gecko) Chrome/61.0.3163.79 Safari/537.36" "tchealthsources.com"
185.191.171.40 - - [17/Feb/2023:08:38:56 -0800] "GET /TC%20Health%20Sources/yahoo_site_admin/assets/images/?C=M%3BO%3DA HTTP/1.1" 200 356 "-" "Mozilla/5.0 (compatible; SemrushBot/7~bl; +http://www.semrush.com/bot.html)" "tchealthsources.com"
185.191.171.6 - - [17/Feb/2023:08:43:16 -0800] "GET /TC%20Health%20Sources/media/?C=D%3BO%3DA HTTP/1.1" 200 409 "-" "Mozilla/5.0 (compatible; SemrushBot/7~bl; +http://www.semrush.com/bot.html)" "www.tchealthsources.com"
64.124.8.33 - - [17/Feb/2023:08:49:16 -0800] "GET /clipart/buttons/themes/simple/ HTTP/1.1" 200 417 "-" "Mozilla/5.0 (X11; Linux x86_64) AppleWebKit/537.36 (KHTML, like Gecko) Chrome/61.0.3163.79 Safari/537.36" "tchealthsources.com"
185.191.171.1 - - [17/Feb/2023:08:49:29 -0800] "GET /TC%20Health%20Sources/?C=D%3BO%3DA HTTP/1.1" 200 564 "-" "Mozilla/5.0 (compatible; SemrushBot/7~bl; +http://www.semrush.com/bot.html)" "www.tchealthsources.com"
185.191.171.13 - - [17/Feb/2023:08:55:46 -0800] "GET /robots.txt HTTP/1.1" 404 88 "-" "Mozilla/5.0 (compatible; SemrushBot/7~bl; +http://www.semrush.com/bot.html)" "www.tchealthsources.com"
185.191.171.18 - - [17/Feb/2023:08:55:46 -0800] "GET /TC%20Health%20Sources/clipart/buttons/themes/simple/?C=M%3BO%3DA HTTP/1.1" 200 440 "-" "Mozilla/5.0 (compatible; SemrushBot/7~bl; +http://www.semrush.com/bot.html)" "www.tchealthsources.com"
185.191.171.45 - - [17/Feb/2023:08:56:22 -0800] "GET /TC%20Health%20Sources/clipart/?C=N%3BO%3DD HTTP/1.1" 200 391 "-" "Mozilla/5.0 (compatible; SemrushBot/7~bl; +http://www.semrush.com/bot.html)" "www.tchealthsources.com"
185.191.171.6 - - [17/Feb/2023:08:56:46 -0800] "GET /clipart/images/?C=D%3BO%3DA HTTP/1.1" 200 359 "-" "Mozilla/5.0 (compatible; SemrushBot/7~bl; +http://www.semrush.com/bot.html)" "www.tchealthsources.com"
185.191.171.22 - - [17/Feb/2023:09:00:24 -0800] "GET /robots.txt HTTP/1.1" 404 88 "-" "Mozilla/5.0 (compatible; SemrushBot/7~bl; +http://www.semrush.com/bot.html)" "tchealthsources.com"
185.191.171.3 - - [17/Feb/2023:09:00:25 -0800] "GET /TC%20Health%20Sources/sitebuilder/scripts/?C=D%3BO%3DA HTTP/1.1" 200 399 "-" "Mozilla/5.0 (compatible; SemrushBot/7~bl; +http://www.semrush.com/bot.html)" "tchealthsources.com"
185.191.171.23 - - [17/Feb/2023:09:01:36 -0800] "GET /TC%20Health%20Sources/sitebuilder/scripts/ HTTP/1.1" 200 399 "-" "Mozilla/5.0 (compatible; SemrushBot/7~bl; +http://www.semrush.com/bot.html)" "www.tchealthsources.com"
185.191.171.33 - - [17/Feb/2023:09:01:48 -0800] "GET /TC%20Health%20Sources/sitebuilder/images/?C=M%3BO%3DA HTTP/1.1" 200 2382 "-" "Mozilla/5.0 (compatible; SemrushBot/7~bl; +http://www.semrush.com/bot.html)" "tchealthsources.com"
185.191.171.40 - - [17/Feb/2023:09:08:17 -0800] "GET /?C=S%3BO%3DA HTTP/1.1" 200 493 "-" "Mozilla/5.0 (compatible; SemrushBot/7~bl; +http://www.semrush.com/bot.html)" "www.tchealthsources.com"
185.191.171.12 - - [17/Feb/2023:09:11:25 -0800] "GET /TC%20Health%20Sources/clipart/buttons/?C=M%3BO%3DA HTTP/1.1" 200 383 "-" "Mozilla/5.0 (compatible; SemrushBot/7~bl; +http://www.semrush.com/bot.html)" "www.tchealthsources.com"
64.124.8.33 - - [17/Feb/2023:09:12:17 -0800] "GET /TC%20Health%20Sources/logs/access_160404.log HTTP/1.1" 200 1375 "-" "Mozilla/5.0 (X11; Linux x86_64) AppleWebKit/537.36 (KHTML, like Gecko) Chrome/61.0.3163.79 Safari/537.36" "tchealthsources.com"
185.191.171.17 - - [17/Feb/2023:09:14:21 -0800] "GET /TC%20Health%20Sources/clipart/buttons/ HTTP/1.1" 200 383 "-" "Mozilla/5.0 (compatible; SemrushBot/7~bl; +http://www.semrush.com/bot.html)" "www.tchealthsources.com"
114.119.134.75 - - [17/Feb/2023:09:17:32 -0800] "GET / HTTP/1.1" 200 493 "-" "Mozilla/5.0 (Linux; Android 7.0;) AppleWebKit/537.36 (KHTML, like Gecko) Mobile Safari/537.36 (compatible; PetalBot;+https://webmaster.petalsearch.com/site/petalbot)" "tchealthsources.com"
185.191.171.40 - - [17/Feb/2023:09:18:27 -0800] "GET /TC%20Health%20Sources/yahoo_site_admin1/?C=D%3BO%3DA HTTP/1.1" 200 418 "-" "Mozilla/5.0 (compatible; SemrushBot/7~bl; +http://www.semrush.com/bot.html)" "www.tchealthsources.com"
185.191.171.14 - - [17/Feb/2023:09:18:33 -0800] "GET /TC%20Health%20Sources/yahoo_site_admin/assets/?C=N%3BO%3DD HTTP/1.1" 200 389 "-" "Mozilla/5.0 (compatible; SemrushBot/7~bl; +http://www.semrush.com/bot.html)" "tchealthsources.com"
185.191.171.42 - - [17/Feb/2023:09:19:48 -0800] "GET /TC%20Health%20Sources/clipart/buttons/themes/simple/?C=D%3BO%3DA HTTP/1.1" 200 440 "-" "Mozilla/5.0 (compatible; SemrushBot/7~bl; +http://www.semrush.com/bot.html)" "tchealthsources.com"
185.191.171.26 - - [17/Feb/2023:09:21:19 -0800] "GET /TC%20Health%20Sources/clipart/?C=S%3BO%3DA HTTP/1.1" 200 391 "-" "Mozilla/5.0 (compatible; SemrushBot/7~bl; +http://www.semrush.com/bot.html)" "www.tchealthsources.com"
185.191.171.12 - - [17/Feb/2023:09:25:09 -0800] "GET /navigation_bars/?C=N%3BO%3DD HTTP/1.1" 200 390 "-" "Mozilla/5.0 (compatible; SemrushBot/7~bl; +http://www.semrush.com/bot.html)" "tchealthsources.com"
185.191.171.5 - - [17/Feb/2023:09:25:17 -0800] "GET /TC%20Health%20Sources/clipart/buttons/themes/designer3/?C=N%3BO%3DD HTTP/1.1" 200 444 "-" "Mozilla/5.0 (compatible; SemrushBot/7~bl; +http://www.semrush.com/bot.html)" "tchealthsources.com"
185.191.171.40 - - [17/Feb/2023:09:25:50 -0800] "GET /TC%20Health%20Sources/clipart/buttons/themes/designer3/?C=N%3BO%3DD HTTP/1.1" 200 444 "-" "Mozilla/5.0 (compatible; SemrushBot/7~bl; +http://www.semrush.com/bot.html)" "www.tchealthsources.com"
185.191.171.44 - - [17/Feb/2023:09:30:43 -0800] "GET /TC%20Health%20Sources/yahoo_site_admin1/ HTTP/1.1" 200 418 "-" "Mozilla/5.0 (compatible; SemrushBot/7~bl; +http://www.semrush.com/bot.html)" "www.tchealthsources.com"
185.191.171.18 - - [17/Feb/2023:09:31:39 -0800] "GET /TC%20Health%20Sources/files/?C=D%3BO%3DA HTTP/1.1" 200 441 "-" "Mozilla/5.0 (compatible; SemrushBot/7~bl; +http://www.semrush.com/bot.html)" "www.tchealthsources.com"
185.191.171.40 - - [17/Feb/2023:09:33:54 -0800] "GET /TC%20Health%20Sources/yahoo_site_admin1/cache/?C=D%3BO%3DA HTTP/1.1" 200 351 "-" "Mozilla/5.0 (compatible; SemrushBot/7~bl; +http://www.semrush.com/bot.html)" "www.tchealthsources.com"
87.236.20.215 - - [17/Feb/2023:09:39:29 -0800] "GET / HTTP/1.1" 200 1331 "-" "Mozilla/5.0 (iPhone; CPU iPhone OS 13_6 like Mac OS X) AppleWebKit/605.1.15 (KHTML, like Gecko) Version/13.1.2 Mobile/15E148 Safari/604.1" "tchealthsources.com"
185.191.171.2 - - [17/Feb/2023:09:39:42 -0800] "GET /TC%20Health%20Sources/yahoo_site_admin/cache/?C=M%3BO%3DA HTTP/1.1" 200 350 "-" "Mozilla/5.0 (compatible; SemrushBot/7~bl; +http://www.semrush.com/bot.html)" "www.tchealthsources.com"
185.191.171.16 - - [17/Feb/2023:09:40:44 -0800] "GET /TC%20Health%20Sources/clipart/buttons/themes/designer3/?C=N%3BO%3DD HTTP/1.1" 200 444 "-" "Mozilla/5.0 (compatible; SemrushBot/7~bl; +http://www.semrush.com/bot.html)" "www.tchealthsources.com"
185.191.171.5 - - [17/Feb/2023:09:43:32 -0800] "GET /TC%20Health%20Sources/yahoo_site_admin/?C=M%3BO%3DA HTTP/1.1" 200 429 "-" "Mozilla/5.0 (compatible; SemrushBot/7~bl; +http://www.semrush.com/bot.html)" "www.tchealthsources.com"
185.191.171.12 - - [17/Feb/2023:09:43:49 -0800] "GET /TC%20Health%20Sources/clipart/images/general/?C=M%3BO%3DA HTTP/1.1" 200 403 "-" "Mozilla/5.0 (compatible; SemrushBot/7~bl; +http://www.semrush.com/bot.html)" "tchealthsources.com"
64.124.8.40 - - [17/Feb/2023:09:46:19 -0800] "GET /TC%20Health%20Sources/yahoo_site_admin1/cache/ HTTP/1.1" 200 351 "-" "Mozilla/5.0 (X11; Linux x86_64) AppleWebKit/537.36 (KHTML, like Gecko) Chrome/61.0.3163.79 Safari/537.36" "tchealthsources.com"
185.191.171.18 - - [17/Feb/2023:09:48:10 -0800] "GET /TC%20Health%20Sources/yahoo_site_admin/credentials/?C=D%3BO%3DA HTTP/1.1" 200 399 "-" "Mozilla/5.0 (compatible; SemrushBot/7~bl; +http://www.semrush.com/bot.html)" "tchealthsources.com"
185.191.171.9 - - [17/Feb/2023:09:49:49 -0800] "GET /TC%20Health%20Sources/tmp/?C=N%3BO%3DD HTTP/1.1" 200 386 "-" "Mozilla/5.0 (compatible; SemrushBot/7~bl; +http://www.semrush.com/bot.html)" "tchealthsources.com"
185.191.171.3 - - [17/Feb/2023:09:53:03 -0800] "GET /TC%20Health%20Sources/navigation_bars/?C=D%3BO%3DA HTTP/1.1" 200 415 "-" "Mozilla/5.0 (compatible; SemrushBot/7~bl; +http://www.semrush.com/bot.html)" "www.tchealthsources.com"
195.88.126.18 - - [17/Feb/2023:09:54:17 -0800] "GET /wp-login.php HTTP/1.1" 404 88 "-" "Mozilla/5.0 (Windows NT 10.0; Win64; x64; rv:96.0) Gecko/20100101 Firefox/96" "www.tchealthsources.com"
185.191.171.40 - - [17/Feb/2023:09:55:36 -0800] "GET /TC%20Health%20Sources/images/ HTTP/1.1" 200 1393 "-" "Mozilla/5.0 (compatible; SemrushBot/7~bl; +http://www.semrush.com/bot.html)" "www.tchealthsources.com"
185.191.171.11 - - [17/Feb/2023:09:55:42 -0800] "GET /TC%20Health%20Sources/clipart/buttons/themes/ HTTP/1.1" 200 479 "-" "Mozilla/5.0 (compatible; SemrushBot/7~bl; +http://www.semrush.com/bot.html)" "tchealthsources.com"
185.191.171.13 - - [17/Feb/2023:09:56:28 -0800] "GET /TC%20Health%20Sources/logs/access_160405.log HTTP/1.1" 200 2549 "-" "Mozilla/5.0 (compatible; SemrushBot/7~bl; +http://www.semrush.com/bot.html)" "tchealthsources.com"
185.191.171.4 - - [17/Feb/2023:09:57:21 -0800] "GET /TC%20Health%20Sources/navigation_bars/?C=S%3BO%3DA HTTP/1.1" 200 415 "-" "Mozilla/5.0 (compatible; SemrushBot/7~bl; +http://www.semrush.com/bot.html)" "tchealthsources.com"
185.191.171.5 - - [17/Feb/2023:09:57:56 -0800] "GET /robots.txt HTTP/1.1" 404 88 "-" "Mozilla/5.0 (compatible; SemrushBot/7~bl; +http://www.semrush.com/bot.html)" "www.tchealthsources.com"
185.191.171.5 - - [17/Feb/2023:09:57:57 -0800] "GET /TC%20Health%20Sources/yahoo_site_admin1/assets/ HTTP/1.1" 200 390 "-" "Mozilla/5.0 (compatible; SemrushBot/7~bl; +http://www.semrush.com/bot.html)" "www.tchealthsources.com"
185.191.171.7 - - [17/Feb/2023:09:57:59 -0800] "GET /clipart/buttons/ HTTP/1.1" 200 360 "-" "Mozilla/5.0 (compatible; SemrushBot/7~bl; +http://www.semrush.com/bot.html)" "www.tchealthsources.com"
64.124.8.40 - - [17/Feb/2023:10:04:05 -0800] "GET /robots.txt HTTP/1.1" 404 88 "-" "Mozilla/5.0 (X11; Linux x86_64) AppleWebKit/537.36 (KHTML, like Gecko) Chrome/61.0.3163.79 Safari/537.36" "tchealthsources.com"
64.124.8.40 - - [17/Feb/2023:10:04:05 -0800] "GET /TC%20Health%20Sources/clipart/buttons/themes/sky_blue/ HTTP/1.1" 200 445 "-" "Mozilla/5.0 (X11; Linux x86_64) AppleWebKit/537.36 (KHTML, like Gecko) Chrome/61.0.3163.79 Safari/537.36" "tchealthsources.com"
185.191.171.11 - - [17/Feb/2023:10:06:19 -0800] "GET /robots.txt HTTP/1.1" 404 88 "-" "Mozilla/5.0 (compatible; SemrushBot/7~bl; +http://www.semrush.com/bot.html)" "tchealthsources.com"
185.191.171.4 - - [17/Feb/2023:10:06:19 -0800] "GET /TC%20Health%20Sources/?C=N%3BO%3DD HTTP/1.1" 200 564 "-" "Mozilla/5.0 (compatible; SemrushBot/7~bl; +http://www.semrush.com/bot.html)" "tchealthsources.com"
64.124.8.40 - - [17/Feb/2023:10:07:35 -0800] "GET /TC%20Health%20Sources/logs/access_160316.log HTTP/1.1" 304 - "-" "Mozilla/5.0 (X11; Linux x86_64) AppleWebKit/537.36 (KHTML, like Gecko) Chrome/61.0.3163.79 Safari/537.36" "tchealthsources.com"
185.191.171.44 - - [17/Feb/2023:10:12:49 -0800] "GET /Web%20DOWNLOAD%20images/?C=S%3BO%3DA HTTP/1.1" 200 442 "-" "Mozilla/5.0 (compatible; SemrushBot/7~bl; +http://www.semrush.com/bot.html)" "www.tchealthsources.com"
185.191.171.42 - - [17/Feb/2023:10:13:32 -0800] "GET /clipart/buttons/themes/swoosh_blue/?C=N%3BO%3DD HTTP/1.1" 200 419 "-" "Mozilla/5.0 (compatible; SemrushBot/7~bl; +http://www.semrush.com/bot.html)" "www.tchealthsources.com"
185.191.171.35 - - [17/Feb/2023:10:14:30 -0800] "GET /TC%20Health%20Sources/sitebuilder/images/?C=D%3BO%3DA HTTP/1.1" 200 2382 "-" "Mozilla/5.0 (compatible; SemrushBot/7~bl; +http://www.semrush.com/bot.html)" "tchealthsources.com"
185.191.171.35 - - [17/Feb/2023:10:15:25 -0800] "GET /TC%20Health%20Sources/yahoo_site_admin1/assets/images/?C=M%3BO%3DA HTTP/1.1" 200 357 "-" "Mozilla/5.0 (compatible; SemrushBot/7~bl; +http://www.semrush.com/bot.html)" "tchealthsources.com"
185.191.171.23 - - [17/Feb/2023:10:15:28 -0800] "GET /clipart/buttons/themes/swoosh_blue/?C=D%3BO%3DA HTTP/1.1" 200 419 "-" "Mozilla/5.0 (compatible; SemrushBot/7~bl; +http://www.semrush.com/bot.html)" "www.tchealthsources.com"
185.191.171.16 - - [17/Feb/2023:10:17:27 -0800] "GET /TC%20Health%20Sources/files/?C=N%3BO%3DD HTTP/1.1" 200 441 "-" "Mozilla/5.0 (compatible; SemrushBot/7~bl; +http://www.semrush.com/bot.html)" "www.tchealthsources.com"
114.119.157.108 - - [17/Feb/2023:10:19:18 -0800] "GET /TC%20Health%20Sources/logs/access_160319.log HTTP/1.1" 200 1758 "https://tchealthsources.com/TC%20Health%20Sources/logs?S=A" "Mozilla/5.0 (Linux; Android 7.0;) AppleWebKit/537.36 (KHTML, like Gecko) Mobile Safari/537.36 (compatible; PetalBot;+https://webmaster.petalsearch.com/site/petalbot)" "tchealthsources.com"
185.191.171.39 - - [17/Feb/2023:10:19:49 -0800] "GET /TC%20Health%20Sources/yahoo_site_admin1/credentials/?C=S%3BO%3DA HTTP/1.1" 200 400 "-" "Mozilla/5.0 (compatible; SemrushBot/7~bl; +http://www.semrush.com/bot.html)" "www.tchealthsources.com"
185.191.171.15 - - [17/Feb/2023:10:20:22 -0800] "GET /clipart/buttons/themes/sky_blue/?C=M%3BO%3DA HTTP/1.1" 200 422 "-" "Mozilla/5.0 (compatible; SemrushBot/7~bl; +http://www.semrush.com/bot.html)" "tchealthsources.com"
185.191.171.36 - - [17/Feb/2023:10:22:43 -0800] "GET /TC%20Health%20Sources/clipart/images/?C=D%3BO%3DA HTTP/1.1" 200 382 "-" "Mozilla/5.0 (compatible; SemrushBot/7~bl; +http://www.semrush.com/bot.html)" "www.tchealthsources.com"
64.124.8.40 - - [17/Feb/2023:10:22:47 -0800] "GET /TC%20Health%20Sources/navigation_bars/index.nav HTTP/1.1" 304 - "-" "Mozilla/5.0 (X11; Linux x86_64) AppleWebKit/537.36 (KHTML, like Gecko) Chrome/61.0.3163.79 Safari/537.36" "tchealthsources.com"
185.191.171.37 - - [17/Feb/2023:10:24:41 -0800] "GET /TC%20Health%20Sources/navigation_bars/index.nav HTTP/1.1" 200 4991 "-" "Mozilla/5.0 (compatible; SemrushBot/7~bl; +http://www.semrush.com/bot.html)" "tchealthsources.com"
114.119.161.177 - - [17/Feb/2023:10:27:04 -0800] "GET /clipart/buttons?D=A HTTP/1.1" 301 1419 "http://tchealthsources.com/clipart/buttons/" "Mozilla/5.0 (Linux; Android 7.0;) AppleWebKit/537.36 (KHTML, like Gecko) Mobile Safari/537.36 (compatible; PetalBot;+https://webmaster.petalsearch.com/site/petalbot)" "tchealthsources.com"
114.119.161.177 - - [17/Feb/2023:10:27:14 -0800] "GET /clipart/buttons/?D=A HTTP/1.1" 200 360 "http://tchealthsources.com/clipart/buttons/" "Mozilla/5.0 (Linux; Android 7.0;) AppleWebKit/537.36 (KHTML, like Gecko) Mobile Safari/537.36 (compatible; PetalBot;+https://webmaster.petalsearch.com/site/petalbot)" "tchealthsources.com"
185.191.171.38 - - [17/Feb/2023:10:30:23 -0800] "GET /TC%20Health%20Sources/clipart/buttons/themes/?C=S%3BO%3DA HTTP/1.1" 200 479 "-" "Mozilla/5.0 (compatible; SemrushBot/7~bl; +http://www.semrush.com/bot.html)" "www.tchealthsources.com"
185.191.171.24 - - [17/Feb/2023:10:31:01 -0800] "GET /TC%20Health%20Sources/files/?C=M%3BO%3DA HTTP/1.1" 200 441 "-" "Mozilla/5.0 (compatible; SemrushBot/7~bl; +http://www.semrush.com/bot.html)" "tchealthsources.com"
185.191.171.33 - - [17/Feb/2023:10:38:10 -0800] "GET /TC%20Health%20Sources/yahoo_site_admin/?C=N%3BO%3DD HTTP/1.1" 200 429 "-" "Mozilla/5.0 (compatible; SemrushBot/7~bl; +http://www.semrush.com/bot.html)" "www.tchealthsources.com"
185.191.171.18 - - [17/Feb/2023:10:39:02 -0800] "GET /TC%20Health%20Sources/clipart/buttons/themes/simple/ HTTP/1.1" 200 440 "-" "Mozilla/5.0 (compatible; SemrushBot/7~bl; +http://www.semrush.com/bot.html)" "www.tchealthsources.com"
185.191.171.5 - - [17/Feb/2023:10:44:25 -0800] "GET /clipart/images/general/ HTTP/1.1" 200 376 "-" "Mozilla/5.0 (compatible; SemrushBot/7~bl; +http://www.semrush.com/bot.html)" "www.tchealthsources.com"
185.191.171.2 - - [17/Feb/2023:10:44:47 -0800] "GET /TC%20Health%20Sources/yahoo_site_admin/logs/?C=S%3BO%3DA HTTP/1.1" 200 396 "-" "Mozilla/5.0 (compatible; SemrushBot/7~bl; +http://www.semrush.com/bot.html)" "tchealthsources.com"
185.191.171.40 - - [17/Feb/2023:10:44:48 -0800] "GET /Web%20DOWNLOAD%20images/?C=D%3BO%3DA HTTP/1.1" 200 442 "-" "Mozilla/5.0 (compatible; SemrushBot/7~bl; +http://www.semrush.com/bot.html)" "www.tchealthsources.com"
185.191.171.22 - - [17/Feb/2023:10:49:11 -0800] "GET /TC%20Health%20Sources/_private/?C=M%3BO%3DA HTTP/1.1" 200 341 "-" "Mozilla/5.0 (compatible; SemrushBot/7~bl; +http://www.semrush.com/bot.html)" "www.tchealthsources.com"
64.124.8.28 - - [17/Feb/2023:10:56:03 -0800] "GET /TC%20Health%20Sources/images/hd_logo.gif HTTP/1.1" 200 3648 "-" "Mozilla/5.0 (Macintosh; Intel Mac OS X 10_15_7) AppleWebKit/537.36 (KHTML, like Gecko) Chrome/107.0.0.0 Safari/537.36" "tchealthsources.com"
185.191.171.45 - - [17/Feb/2023:10:56:46 -0800] "GET /TC%20Health%20Sources/yahoo_site_admin/?C=D%3BO%3DA HTTP/1.1" 200 429 "-" "Mozilla/5.0 (compatible; SemrushBot/7~bl; +http://www.semrush.com/bot.html)" "tchealthsources.com"
114.119.148.109 - - [17/Feb/2023:10:58:25 -0800] "GET /TC%20Health%20Sources/logs/access_160413.log HTTP/1.1" 200 2220 "https://tchealthsources.com/TC%20Health%20Sources/logs?S=A" "Mozilla/5.0 (Linux; Android 7.0;) AppleWebKit/537.36 (KHTML, like Gecko) Mobile Safari/537.36 (compatible; PetalBot;+https://webmaster.petalsearch.com/site/petalbot)" "tchealthsources.com"
185.191.171.37 - - [17/Feb/2023:10:58:57 -0800] "GET /robots.txt HTTP/1.1" 404 88 "-" "Mozilla/5.0 (compatible; SemrushBot/7~bl; +http://www.semrush.com/bot.html)" "www.tchealthsources.com"
185.191.171.13 - - [17/Feb/2023:11:01:57 -0800] "GET /TC%20Health%20Sources/sitebuilder/?C=N%3BO%3DD HTTP/1.1" 200 446 "-" "Mozilla/5.0 (compatible; SemrushBot/7~bl; +http://www.semrush.com/bot.html)" "tchealthsources.com"
