114.119.136.109 - - [14/Oct/2022:05:02:01 -0700] "GET /TC%20Health%20Sources/logs?C=M%3BO%3DA HTTP/1.1" 301 1438 "https://tchealthsources.com/TC%20Health%20Sources/logs?D=A" "Mozilla/5.0 (Linux; Android 7.0;) AppleWebKit/537.36 (KHTML, like Gecko) Mobile Safari/537.36 (compatible; PetalBot;+https://webmaster.petalsearch.com/site/petalbot)" "tchealthsources.com"
114.119.136.109 - - [14/Oct/2022:05:02:02 -0700] "GET /TC%20Health%20Sources/logs/?C=M%3BO%3DA HTTP/1.1" 200 1066 "https://tchealthsources.com/TC%20Health%20Sources/logs?D=A" "Mozilla/5.0 (Linux; Android 7.0;) AppleWebKit/537.36 (KHTML, like Gecko) Mobile Safari/537.36 (compatible; PetalBot;+https://webmaster.petalsearch.com/site/petalbot)" "tchealthsources.com"
114.119.136.128 - - [14/Oct/2022:05:07:51 -0700] "GET /TC%20Health%20Sources/yahoo_site_admin/cache?M=A HTTP/1.1" 301 1440 "https://tchealthsources.com/TC%20Health%20Sources/yahoo_site_admin/cache?S=A" "Mozilla/5.0 (Linux; Android 7.0;) AppleWebKit/537.36 (KHTML, like Gecko) Mobile Safari/537.36 (compatible; PetalBot;+https://webmaster.petalsearch.com/site/petalbot)" "tchealthsources.com"
114.119.136.128 - - [14/Oct/2022:05:07:53 -0700] "GET /TC%20Health%20Sources/yahoo_site_admin/cache/?M=A HTTP/1.1" 200 350 "https://tchealthsources.com/TC%20Health%20Sources/yahoo_site_admin/cache?S=A" "Mozilla/5.0 (Linux; Android 7.0;) AppleWebKit/537.36 (KHTML, like Gecko) Mobile Safari/537.36 (compatible; PetalBot;+https://webmaster.petalsearch.com/site/petalbot)" "tchealthsources.com"
114.119.136.109 - - [14/Oct/2022:05:13:44 -0700] "GET /TC%20Health%20Sources/yahoo_site_admin1/credentials?C=S%3BO%3DA HTTP/1.1" 301 1454 "https://tchealthsources.com/TC%20Health%20Sources/yahoo_site_admin1/credentials?C=M%3BO%3DA" "Mozilla/5.0 (Linux; Android 7.0;) AppleWebKit/537.36 (KHTML, like Gecko) Mobile Safari/537.36 (compatible; PetalBot;+https://webmaster.petalsearch.com/site/petalbot)" "tchealthsources.com"
114.119.136.109 - - [14/Oct/2022:05:13:45 -0700] "GET /TC%20Health%20Sources/yahoo_site_admin1/credentials/?C=S%3BO%3DA HTTP/1.1" 200 400 "https://tchealthsources.com/TC%20Health%20Sources/yahoo_site_admin1/credentials?C=M%3BO%3DA" "Mozilla/5.0 (Linux; Android 7.0;) AppleWebKit/537.36 (KHTML, like Gecko) Mobile Safari/537.36 (compatible; PetalBot;+https://webmaster.petalsearch.com/site/petalbot)" "tchealthsources.com"
114.119.136.128 - - [14/Oct/2022:05:19:34 -0700] "GET /TC%20Health%20Sources/navigation_bars?C=N%3BO%3DD HTTP/1.1" 301 1446 "https://tchealthsources.com/TC%20Health%20Sources/navigation_bars?S=A" "Mozilla/5.0 (Linux; Android 7.0;) AppleWebKit/537.36 (KHTML, like Gecko) Mobile Safari/537.36 (compatible; PetalBot;+https://webmaster.petalsearch.com/site/petalbot)" "tchealthsources.com"
114.119.136.128 - - [14/Oct/2022:05:19:36 -0700] "GET /TC%20Health%20Sources/navigation_bars/?C=N%3BO%3DD HTTP/1.1" 200 415 "https://tchealthsources.com/TC%20Health%20Sources/navigation_bars?S=A" "Mozilla/5.0 (Linux; Android 7.0;) AppleWebKit/537.36 (KHTML, like Gecko) Mobile Safari/537.36 (compatible; PetalBot;+https://webmaster.petalsearch.com/site/petalbot)" "tchealthsources.com"
114.119.136.128 - - [14/Oct/2022:05:25:40 -0700] "GET /clipart/buttons/themes/gray?D=D HTTP/1.1" 301 1427 "http://tchealthsources.com/clipart/buttons/themes/gray?D=A" "Mozilla/5.0 (Linux; Android 7.0;) AppleWebKit/537.36 (KHTML, like Gecko) Mobile Safari/537.36 (compatible; PetalBot;+https://webmaster.petalsearch.com/site/petalbot)" "tchealthsources.com"
114.119.136.128 - - [14/Oct/2022:05:25:40 -0700] "GET /clipart/buttons/themes/gray/?D=D HTTP/1.1" 200 409 "http://tchealthsources.com/clipart/buttons/themes/gray?D=A" "Mozilla/5.0 (Linux; Android 7.0;) AppleWebKit/537.36 (KHTML, like Gecko) Mobile Safari/537.36 (compatible; PetalBot;+https://webmaster.petalsearch.com/site/petalbot)" "tchealthsources.com"
216.244.66.246 - - [14/Oct/2022:05:28:19 -0700] "GET /robots.txt HTTP/1.1" 404 73 "-" "Mozilla/5.0 (compatible; DotBot/1.2; +https://opensiteexplorer.org/dotbot; help@moz.com)" "tchealthsources.com"
114.119.136.12 - - [14/Oct/2022:05:31:16 -0700] "GET /TC%20Health%20Sources/sitebuilder/scripts?C=S%3BO%3DA HTTP/1.1" 301 1448 "https://tchealthsources.com/TC%20Health%20Sources/sitebuilder/scripts?N=A" "Mozilla/5.0 (Linux; Android 7.0;) AppleWebKit/537.36 (KHTML, like Gecko) Mobile Safari/537.36 (compatible; PetalBot;+https://webmaster.petalsearch.com/site/petalbot)" "tchealthsources.com"
114.119.136.12 - - [14/Oct/2022:05:31:21 -0700] "GET /TC%20Health%20Sources/sitebuilder/scripts/?C=S%3BO%3DA HTTP/1.1" 200 399 "https://tchealthsources.com/TC%20Health%20Sources/sitebuilder/scripts?N=A" "Mozilla/5.0 (Linux; Android 7.0;) AppleWebKit/537.36 (KHTML, like Gecko) Mobile Safari/537.36 (compatible; PetalBot;+https://webmaster.petalsearch.com/site/petalbot)" "tchealthsources.com"
114.119.136.12 - - [14/Oct/2022:05:42:54 -0700] "GET /?C=M%3BO%3DA HTTP/1.1" 200 493 "https://tchealthsources.com/?C=D%3BO%3DA" "Mozilla/5.0 (compatible;PetalBot;+https://webmaster.petalsearch.com/site/petalbot)" "tchealthsources.com"
114.119.136.13 - - [14/Oct/2022:05:48:53 -0700] "GET /TC%20Health%20Sources/clipart/buttons/themes?C=M%3BO%3DA HTTP/1.1" 301 1450 "https://tchealthsources.com/TC%20Health%20Sources/clipart/buttons/themes?S=A" "Mozilla/5.0 (Linux; Android 7.0;) AppleWebKit/537.36 (KHTML, like Gecko) Mobile Safari/537.36 (compatible; PetalBot;+https://webmaster.petalsearch.com/site/petalbot)" "tchealthsources.com"
114.119.136.13 - - [14/Oct/2022:05:48:54 -0700] "GET /TC%20Health%20Sources/clipart/buttons/themes/?C=M%3BO%3DA HTTP/1.1" 200 479 "https://tchealthsources.com/TC%20Health%20Sources/clipart/buttons/themes?S=A" "Mozilla/5.0 (Linux; Android 7.0;) AppleWebKit/537.36 (KHTML, like Gecko) Mobile Safari/537.36 (compatible; PetalBot;+https://webmaster.petalsearch.com/site/petalbot)" "tchealthsources.com"
207.46.13.197 - - [14/Oct/2022:05:53:32 -0700] "GET /?C=M;O=A HTTP/1.1" 200 494 "-" "Mozilla/5.0 (compatible; bingbot/2.0; +http://www.bing.com/bingbot.htm)" "www.tchealthsources.com"
114.119.136.134 - - [14/Oct/2022:05:54:44 -0700] "GET /TC%20Health%20Sources/clipart/buttons/themes/swoosh_blue/?C=D%3BO%3DA HTTP/1.1" 200 441 "https://tchealthsources.com/TC%20Health%20Sources/clipart/buttons/themes/swoosh_blue?S=A" "Mozilla/5.0 (Linux; Android 7.0;) AppleWebKit/537.36 (KHTML, like Gecko) Mobile Safari/537.36 (compatible; PetalBot;+https://webmaster.petalsearch.com/site/petalbot)" "tchealthsources.com"
114.119.136.12 - - [14/Oct/2022:06:00:44 -0700] "GET /TC%20Health%20Sources/clipart/buttons/themes/sky_blue?C=S%3BO%3DA HTTP/1.1" 301 1459 "https://tchealthsources.com/TC%20Health%20Sources/clipart/buttons/themes/sky_blue?N=A" "Mozilla/5.0 (Linux; Android 7.0;) AppleWebKit/537.36 (KHTML, like Gecko) Mobile Safari/537.36 (compatible; PetalBot;+https://webmaster.petalsearch.com/site/petalbot)" "tchealthsources.com"
114.119.136.12 - - [14/Oct/2022:06:00:45 -0700] "GET /TC%20Health%20Sources/clipart/buttons/themes/sky_blue/?C=S%3BO%3DA HTTP/1.1" 200 445 "https://tchealthsources.com/TC%20Health%20Sources/clipart/buttons/themes/sky_blue?N=A" "Mozilla/5.0 (Linux; Android 7.0;) AppleWebKit/537.36 (KHTML, like Gecko) Mobile Safari/537.36 (compatible; PetalBot;+https://webmaster.petalsearch.com/site/petalbot)" "tchealthsources.com"
114.119.136.12 - - [14/Oct/2022:06:06:32 -0700] "GET /TC%20Health%20Sources/navigation_bars?M=D HTTP/1.1" 301 1437 "https://tchealthsources.com/TC%20Health%20Sources/navigation_bars?M=A" "Mozilla/5.0 (Linux; Android 7.0;) AppleWebKit/537.36 (KHTML, like Gecko) Mobile Safari/537.36 (compatible; PetalBot;+https://webmaster.petalsearch.com/site/petalbot)" "tchealthsources.com"
114.119.136.12 - - [14/Oct/2022:06:06:52 -0700] "GET /TC%20Health%20Sources/navigation_bars/?M=D HTTP/1.1" 200 415 "https://tchealthsources.com/TC%20Health%20Sources/navigation_bars?M=A" "Mozilla/5.0 (Linux; Android 7.0;) AppleWebKit/537.36 (KHTML, like Gecko) Mobile Safari/537.36 (compatible; PetalBot;+https://webmaster.petalsearch.com/site/petalbot)" "tchealthsources.com"
114.119.136.109 - - [14/Oct/2022:06:12:16 -0700] "GET /clipart/buttons/themes/gray/ HTTP/1.1" 200 409 "http://tchealthsources.com/clipart/buttons/themes/?C=N%3BO%3DD" "Mozilla/5.0 (Linux; Android 7.0;) AppleWebKit/537.36 (KHTML, like Gecko) Mobile Safari/537.36 (compatible; PetalBot;+https://webmaster.petalsearch.com/site/petalbot)" "tchealthsources.com"
114.119.136.13 - - [14/Oct/2022:06:18:00 -0700] "GET /clipart/buttons/themes/jelly?D=D HTTP/1.1" 301 1429 "http://tchealthsources.com/clipart/buttons/themes/jelly?D=A" "Mozilla/5.0 (Linux; Android 7.0;) AppleWebKit/537.36 (KHTML, like Gecko) Mobile Safari/537.36 (compatible; PetalBot;+https://webmaster.petalsearch.com/site/petalbot)" "tchealthsources.com"
114.119.136.13 - - [14/Oct/2022:06:18:01 -0700] "GET /clipart/buttons/themes/jelly/?D=D HTTP/1.1" 200 416 "http://tchealthsources.com/clipart/buttons/themes/jelly?D=A" "Mozilla/5.0 (Linux; Android 7.0;) AppleWebKit/537.36 (KHTML, like Gecko) Mobile Safari/537.36 (compatible; PetalBot;+https://webmaster.petalsearch.com/site/petalbot)" "tchealthsources.com"
216.244.66.246 - - [14/Oct/2022:06:22:44 -0700] "GET /robots.txt HTTP/1.1" 404 73 "-" "Mozilla/5.0 (compatible; DotBot/1.2; +https://opensiteexplorer.org/dotbot; help@moz.com)" "tchealthsources.com"
114.119.134.224 - - [14/Oct/2022:06:29:31 -0700] "GET /TC%20Health%20Sources/_private?D=A HTTP/1.1" 301 1432 "https://tchealthsources.com/TC%20Health%20Sources/_private?N=D" "Mozilla/5.0 (Linux; Android 7.0;) AppleWebKit/537.36 (KHTML, like Gecko) Mobile Safari/537.36 (compatible; PetalBot;+https://webmaster.petalsearch.com/site/petalbot)" "tchealthsources.com"
114.119.134.224 - - [14/Oct/2022:06:29:32 -0700] "GET /TC%20Health%20Sources/_private/?D=A HTTP/1.1" 200 341 "https://tchealthsources.com/TC%20Health%20Sources/_private?N=D" "Mozilla/5.0 (Linux; Android 7.0;) AppleWebKit/537.36 (KHTML, like Gecko) Mobile Safari/537.36 (compatible; PetalBot;+https://webmaster.petalsearch.com/site/petalbot)" "tchealthsources.com"
114.119.136.128 - - [14/Oct/2022:06:35:21 -0700] "GET /navigation_bars/navbar.nav HTTP/1.1" 200 8974 "-" "Mozilla/5.0 (Linux; Android 7.0;) AppleWebKit/537.36 (KHTML, like Gecko) Mobile Safari/537.36 (compatible; PetalBot;+https://webmaster.petalsearch.com/site/petalbot)" "tchealthsources.com"
114.119.136.13 - - [14/Oct/2022:06:46:55 -0700] "GET /TC%20Health%20Sources/yahoo_site_admin/credentials/ HTTP/1.1" 200 399 "https://tchealthsources.com/TC%20Health%20Sources/yahoo_site_admin/?C=M%3BO%3DA" "Mozilla/5.0 (Linux; Android 7.0;) AppleWebKit/537.36 (KHTML, like Gecko) Mobile Safari/537.36 (compatible; PetalBot;+https://webmaster.petalsearch.com/site/petalbot)" "tchealthsources.com"
114.119.136.134 - - [14/Oct/2022:06:52:43 -0700] "GET /TC%20Health%20Sources/yahoo_site_admin1/assets/images?S=A HTTP/1.1" 301 1447 "https://tchealthsources.com/TC%20Health%20Sources/yahoo_site_admin1/assets/images?D=D" "Mozilla/5.0 (Linux; Android 7.0;) AppleWebKit/537.36 (KHTML, like Gecko) Mobile Safari/537.36 (compatible; PetalBot;+https://webmaster.petalsearch.com/site/petalbot)" "tchealthsources.com"
114.119.136.134 - - [14/Oct/2022:06:52:44 -0700] "GET /TC%20Health%20Sources/yahoo_site_admin1/assets/images/?S=A HTTP/1.1" 200 357 "https://tchealthsources.com/TC%20Health%20Sources/yahoo_site_admin1/assets/images?D=D" "Mozilla/5.0 (Linux; Android 7.0;) AppleWebKit/537.36 (KHTML, like Gecko) Mobile Safari/537.36 (compatible; PetalBot;+https://webmaster.petalsearch.com/site/petalbot)" "tchealthsources.com"
114.119.136.134 - - [14/Oct/2022:06:58:34 -0700] "GET /TC%20Health%20Sources/yahoo_site_admin1/credentials HTTP/1.1" 301 1441 "https://tchealthsources.com/TC%20Health%20Sources/yahoo_site_admin1?N=D" "Mozilla/5.0 (Linux; Android 7.0;) AppleWebKit/537.36 (KHTML, like Gecko) Mobile Safari/537.36 (compatible; PetalBot;+https://webmaster.petalsearch.com/site/petalbot)" "tchealthsources.com"
114.119.136.134 - - [14/Oct/2022:06:58:35 -0700] "GET /TC%20Health%20Sources/yahoo_site_admin1/credentials/ HTTP/1.1" 200 400 "https://tchealthsources.com/TC%20Health%20Sources/yahoo_site_admin1?N=D" "Mozilla/5.0 (Linux; Android 7.0;) AppleWebKit/537.36 (KHTML, like Gecko) Mobile Safari/537.36 (compatible; PetalBot;+https://webmaster.petalsearch.com/site/petalbot)" "tchealthsources.com"
114.119.134.224 - - [14/Oct/2022:07:04:33 -0700] "GET /TC%20Health%20Sources/includes/ice HTTP/1.1" 301 1429 "https://tchealthsources.com/TC%20Health%20Sources/includes" "Mozilla/5.0 (Linux; Android 7.0;) AppleWebKit/537.36 (KHTML, like Gecko) Mobile Safari/537.36 (compatible; PetalBot;+https://webmaster.petalsearch.com/site/petalbot)" "tchealthsources.com"
114.119.134.224 - - [14/Oct/2022:07:04:34 -0700] "GET /TC%20Health%20Sources/includes/ice/ HTTP/1.1" 200 439 "https://tchealthsources.com/TC%20Health%20Sources/includes" "Mozilla/5.0 (Linux; Android 7.0;) AppleWebKit/537.36 (KHTML, like Gecko) Mobile Safari/537.36 (compatible; PetalBot;+https://webmaster.petalsearch.com/site/petalbot)" "tchealthsources.com"
114.119.136.128 - - [14/Oct/2022:07:10:27 -0700] "GET /TC%20Health%20Sources/logs/access_160414.log HTTP/1.1" 200 1474 "https://tchealthsources.com/TC%20Health%20Sources/logs?D=A" "Mozilla/5.0 (Linux; Android 7.0;) AppleWebKit/537.36 (KHTML, like Gecko) Mobile Safari/537.36 (compatible; PetalBot;+https://webmaster.petalsearch.com/site/petalbot)" "tchealthsources.com"
51.222.253.12 - - [14/Oct/2022:07:18:36 -0700] "GET /robots.txt HTTP/1.1" 404 88 "-" "Mozilla/5.0 (compatible; AhrefsBot/7.0; +http://ahrefs.com/robot/)" "tchealthsources.com"
51.222.253.19 - - [14/Oct/2022:07:18:37 -0700] "GET /clipart/?C=S;O=A HTTP/1.1" 200 381 "-" "Mozilla/5.0 (compatible; AhrefsBot/7.0; +http://ahrefs.com/robot/)" "tchealthsources.com"
114.119.136.12 - - [14/Oct/2022:07:22:00 -0700] "GET /TC%20Health%20Sources/sitebuilder/applets?D=D HTTP/1.1" 301 1439 "https://tchealthsources.com/TC%20Health%20Sources/sitebuilder/applets?D=A" "Mozilla/5.0 (Linux; Android 7.0;) AppleWebKit/537.36 (KHTML, like Gecko) Mobile Safari/537.36 (compatible; PetalBot;+https://webmaster.petalsearch.com/site/petalbot)" "tchealthsources.com"
114.119.136.12 - - [14/Oct/2022:07:22:01 -0700] "GET /TC%20Health%20Sources/sitebuilder/applets/?D=D HTTP/1.1" 200 405 "https://tchealthsources.com/TC%20Health%20Sources/sitebuilder/applets?D=A" "Mozilla/5.0 (Linux; Android 7.0;) AppleWebKit/537.36 (KHTML, like Gecko) Mobile Safari/537.36 (compatible; PetalBot;+https://webmaster.petalsearch.com/site/petalbot)" "tchealthsources.com"
114.119.136.109 - - [14/Oct/2022:07:27:52 -0700] "GET /clipart/buttons/themes/designer3?S=A HTTP/1.1" 301 1432 "http://tchealthsources.com/clipart/buttons/themes/designer3" "Mozilla/5.0 (Linux; Android 7.0;) AppleWebKit/537.36 (KHTML, like Gecko) Mobile Safari/537.36 (compatible; PetalBot;+https://webmaster.petalsearch.com/site/petalbot)" "tchealthsources.com"
114.119.136.109 - - [14/Oct/2022:07:27:55 -0700] "GET /clipart/buttons/themes/designer3/?S=A HTTP/1.1" 200 422 "http://tchealthsources.com/clipart/buttons/themes/designer3" "Mozilla/5.0 (Linux; Android 7.0;) AppleWebKit/537.36 (KHTML, like Gecko) Mobile Safari/537.36 (compatible; PetalBot;+https://webmaster.petalsearch.com/site/petalbot)" "tchealthsources.com"
114.119.134.224 - - [14/Oct/2022:07:33:46 -0700] "GET /TC%20Health%20Sources/sitebuilder/server_meta.txt HTTP/1.1" 200 927 "https://tchealthsources.com/TC%20Health%20Sources/sitebuilder?C=N%3BO%3DD" "Mozilla/5.0 (Linux; Android 7.0;) AppleWebKit/537.36 (KHTML, like Gecko) Mobile Safari/537.36 (compatible; PetalBot;+https://webmaster.petalsearch.com/site/petalbot)" "tchealthsources.com"
114.119.136.12 - - [14/Oct/2022:07:39:39 -0700] "GET /TC%20Health%20Sources/clipart/images/?C=D%3BO%3DA HTTP/1.1" 200 382 "https://tchealthsources.com/TC%20Health%20Sources/clipart/images?M=A" "Mozilla/5.0 (Linux; Android 7.0;) AppleWebKit/537.36 (KHTML, like Gecko) Mobile Safari/537.36 (compatible; PetalBot;+https://webmaster.petalsearch.com/site/petalbot)" "tchealthsources.com"
114.119.136.13 - - [14/Oct/2022:07:45:39 -0700] "GET /TC%20Health%20Sources/clipart/buttons/themes/view-screen?D=A HTTP/1.1" 301 1449 "https://tchealthsources.com/TC%20Health%20Sources/clipart/buttons/themes/view-screen?N=D" "Mozilla/5.0 (Linux; Android 7.0;) AppleWebKit/537.36 (KHTML, like Gecko) Mobile Safari/537.36 (compatible; PetalBot;+https://webmaster.petalsearch.com/site/petalbot)" "tchealthsources.com"
114.119.136.13 - - [14/Oct/2022:07:45:40 -0700] "GET /TC%20Health%20Sources/clipart/buttons/themes/view-screen/?D=A HTTP/1.1" 200 442 "https://tchealthsources.com/TC%20Health%20Sources/clipart/buttons/themes/view-screen?N=D" "Mozilla/5.0 (Linux; Android 7.0;) AppleWebKit/537.36 (KHTML, like Gecko) Mobile Safari/537.36 (compatible; PetalBot;+https://webmaster.petalsearch.com/site/petalbot)" "tchealthsources.com"
114.119.134.224 - - [14/Oct/2022:07:51:39 -0700] "GET /TC%20Health%20Sources/yahoo_site_admin/credentials/db.conf HTTP/1.1" 200 187 "https://tchealthsources.com/TC%20Health%20Sources/yahoo_site_admin/credentials?M=D" "Mozilla/5.0 (Linux; Android 7.0;) AppleWebKit/537.36 (KHTML, like Gecko) Mobile Safari/537.36 (compatible; PetalBot;+https://webmaster.petalsearch.com/site/petalbot)" "tchealthsources.com"
114.119.136.109 - - [14/Oct/2022:07:57:40 -0700] "GET /clipart?M=A HTTP/1.1" 301 1413 "http://tchealthsources.com/clipart?D=A" "Mozilla/5.0 (Linux; Android 7.0;) AppleWebKit/537.36 (KHTML, like Gecko) Mobile Safari/537.36 (compatible; PetalBot;+https://webmaster.petalsearch.com/site/petalbot)" "tchealthsources.com"
114.119.136.109 - - [14/Oct/2022:07:57:40 -0700] "GET /clipart/?M=A HTTP/1.1" 200 380 "http://tchealthsources.com/clipart?D=A" "Mozilla/5.0 (Linux; Android 7.0;) AppleWebKit/537.36 (KHTML, like Gecko) Mobile Safari/537.36 (compatible; PetalBot;+https://webmaster.petalsearch.com/site/petalbot)" "tchealthsources.com"
51.222.253.2 - - [14/Oct/2022:08:01:10 -0700] "GET /robots.txt HTTP/1.1" 404 88 "-" "Mozilla/5.0 (compatible; AhrefsBot/7.0; +http://ahrefs.com/robot/)" "tchealthsources.com"
51.222.253.13 - - [14/Oct/2022:08:01:11 -0700] "GET /clipart/ HTTP/1.1" 200 380 "-" "Mozilla/5.0 (compatible; AhrefsBot/7.0; +http://ahrefs.com/robot/)" "tchealthsources.com"
114.119.136.134 - - [14/Oct/2022:08:03:40 -0700] "GET /TC%20Health%20Sources/clipart/?C=S%3BO%3DA HTTP/1.1" 200 391 "https://tchealthsources.com/TC%20Health%20Sources/clipart?M=A" "Mozilla/5.0 (Linux; Android 7.0;) AppleWebKit/537.36 (KHTML, like Gecko) Mobile Safari/537.36 (compatible; PetalBot;+https://webmaster.petalsearch.com/site/petalbot)" "tchealthsources.com"
114.119.136.13 - - [14/Oct/2022:08:09:39 -0700] "GET /TC%20Health%20Sources/clipart?D=D HTTP/1.1" 301 1431 "https://tchealthsources.com/TC%20Health%20Sources/clipart?D=A" "Mozilla/5.0 (Linux; Android 7.0;) AppleWebKit/537.36 (KHTML, like Gecko) Mobile Safari/537.36 (compatible; PetalBot;+https://webmaster.petalsearch.com/site/petalbot)" "tchealthsources.com"
114.119.136.13 - - [14/Oct/2022:08:09:42 -0700] "GET /TC%20Health%20Sources/clipart/?D=D HTTP/1.1" 200 391 "https://tchealthsources.com/TC%20Health%20Sources/clipart?D=A" "Mozilla/5.0 (Linux; Android 7.0;) AppleWebKit/537.36 (KHTML, like Gecko) Mobile Safari/537.36 (compatible; PetalBot;+https://webmaster.petalsearch.com/site/petalbot)" "tchealthsources.com"
216.244.66.246 - - [14/Oct/2022:08:11:04 -0700] "GET /robots.txt HTTP/1.1" 404 73 "-" "Mozilla/5.0 (compatible; DotBot/1.2; +https://opensiteexplorer.org/dotbot; help@moz.com)" "tchealthsources.com"
114.119.136.109 - - [14/Oct/2022:08:15:32 -0700] "GET /TC%20Health%20Sources/sitebuilder/images?N=D HTTP/1.1" 301 1438 "https://tchealthsources.com/TC%20Health%20Sources/sitebuilder/images" "Mozilla/5.0 (Linux; Android 7.0;) AppleWebKit/537.36 (KHTML, like Gecko) Mobile Safari/537.36 (compatible; PetalBot;+https://webmaster.petalsearch.com/site/petalbot)" "tchealthsources.com"
114.119.136.109 - - [14/Oct/2022:08:15:33 -0700] "GET /TC%20Health%20Sources/sitebuilder/images/?N=D HTTP/1.1" 200 2382 "https://tchealthsources.com/TC%20Health%20Sources/sitebuilder/images" "Mozilla/5.0 (Linux; Android 7.0;) AppleWebKit/537.36 (KHTML, like Gecko) Mobile Safari/537.36 (compatible; PetalBot;+https://webmaster.petalsearch.com/site/petalbot)" "tchealthsources.com"
114.119.136.13 - - [14/Oct/2022:08:21:22 -0700] "GET /TC%20Health%20Sources/clipart/buttons/themes/jelly?C=N%3BO%3DD HTTP/1.1" 301 1454 "https://tchealthsources.com/TC%20Health%20Sources/clipart/buttons/themes/jelly?C=S%3BO%3DA" "Mozilla/5.0 (Linux; Android 7.0;) AppleWebKit/537.36 (KHTML, like Gecko) Mobile Safari/537.36 (compatible; PetalBot;+https://webmaster.petalsearch.com/site/petalbot)" "tchealthsources.com"
114.119.136.13 - - [14/Oct/2022:08:21:24 -0700] "GET /TC%20Health%20Sources/clipart/buttons/themes/jelly/?C=N%3BO%3DD HTTP/1.1" 200 439 "https://tchealthsources.com/TC%20Health%20Sources/clipart/buttons/themes/jelly?C=S%3BO%3DA" "Mozilla/5.0 (Linux; Android 7.0;) AppleWebKit/537.36 (KHTML, like Gecko) Mobile Safari/537.36 (compatible; PetalBot;+https://webmaster.petalsearch.com/site/petalbot)" "tchealthsources.com"
114.119.136.12 - - [14/Oct/2022:08:27:25 -0700] "GET /TC%20Health%20Sources/clipart/buttons/themes/sky_blue?N=A HTTP/1.1" 301 1450 "https://tchealthsources.com/TC%20Health%20Sources/clipart/buttons/themes/sky_blue?S=A" "Mozilla/5.0 (Linux; Android 7.0;) AppleWebKit/537.36 (KHTML, like Gecko) Mobile Safari/537.36 (compatible; PetalBot;+https://webmaster.petalsearch.com/site/petalbot)" "tchealthsources.com"
114.119.136.12 - - [14/Oct/2022:08:27:27 -0700] "GET /TC%20Health%20Sources/clipart/buttons/themes/sky_blue/?N=A HTTP/1.1" 200 445 "https://tchealthsources.com/TC%20Health%20Sources/clipart/buttons/themes/sky_blue?S=A" "Mozilla/5.0 (Linux; Android 7.0;) AppleWebKit/537.36 (KHTML, like Gecko) Mobile Safari/537.36 (compatible; PetalBot;+https://webmaster.petalsearch.com/site/petalbot)" "tchealthsources.com"
114.119.136.12 - - [14/Oct/2022:08:33:31 -0700] "GET /TC%20Health%20Sources/tmp/mailError.log HTTP/1.1" 200 104 "https://tchealthsources.com/TC%20Health%20Sources/tmp?N=A" "Mozilla/5.0 (Linux; Android 7.0;) AppleWebKit/537.36 (KHTML, like Gecko) Mobile Safari/537.36 (compatible; PetalBot;+https://webmaster.petalsearch.com/site/petalbot)" "tchealthsources.com"
20.246.7.7 - - [14/Oct/2022:08:38:04 -0700] "GET /wp-includes/wlwmanifest.xml HTTP/1.1" 404 73 "-" "Mozilla/5.0 (Windows NT 10.0; Win64; x64) AppleWebKit/537.36 (KHTML, like Gecko) Chrome/76.0.3809.132 Safari/537.36" "tchealthsources.com"
20.246.7.7 - - [14/Oct/2022:08:38:04 -0700] "GET / HTTP/1.1" 200 1331 "-" "Mozilla/5.0 (Windows NT 10.0; Win64; x64) AppleWebKit/537.36 (KHTML, like Gecko) Chrome/76.0.3809.132 Safari/537.36" "tchealthsources.com"
20.246.7.7 - - [14/Oct/2022:08:38:07 -0700] "GET /web/wp-includes/wlwmanifest.xml HTTP/1.1" 404 73 "-" "Mozilla/5.0 (Windows NT 10.0; Win64; x64) AppleWebKit/537.36 (KHTML, like Gecko) Chrome/76.0.3809.132 Safari/537.36" "tchealthsources.com"
20.246.7.7 - - [14/Oct/2022:08:38:08 -0700] "GET /wordpress/wp-includes/wlwmanifest.xml HTTP/1.1" 404 73 "-" "Mozilla/5.0 (Windows NT 10.0; Win64; x64) AppleWebKit/537.36 (KHTML, like Gecko) Chrome/76.0.3809.132 Safari/537.36" "tchealthsources.com"
20.246.7.7 - - [14/Oct/2022:08:38:08 -0700] "GET /website/wp-includes/wlwmanifest.xml HTTP/1.1" 404 73 "-" "Mozilla/5.0 (Windows NT 10.0; Win64; x64) AppleWebKit/537.36 (KHTML, like Gecko) Chrome/76.0.3809.132 Safari/537.36" "tchealthsources.com"
20.246.7.7 - - [14/Oct/2022:08:38:10 -0700] "GET /wp/wp-includes/wlwmanifest.xml HTTP/1.1" 404 73 "-" "Mozilla/5.0 (Windows NT 10.0; Win64; x64) AppleWebKit/537.36 (KHTML, like Gecko) Chrome/76.0.3809.132 Safari/537.36" "tchealthsources.com"
20.246.7.7 - - [14/Oct/2022:08:38:12 -0700] "GET /news/wp-includes/wlwmanifest.xml HTTP/1.1" 404 73 "-" "Mozilla/5.0 (Windows NT 10.0; Win64; x64) AppleWebKit/537.36 (KHTML, like Gecko) Chrome/76.0.3809.132 Safari/537.36" "tchealthsources.com"
20.246.7.7 - - [14/Oct/2022:08:38:20 -0700] "GET /test/wp-includes/wlwmanifest.xml HTTP/1.1" 404 73 "-" "Mozilla/5.0 (Windows NT 10.0; Win64; x64) AppleWebKit/537.36 (KHTML, like Gecko) Chrome/76.0.3809.132 Safari/537.36" "tchealthsources.com"
20.246.7.7 - - [14/Oct/2022:08:38:20 -0700] "GET /media/wp-includes/wlwmanifest.xml HTTP/1.1" 404 73 "-" "Mozilla/5.0 (Windows NT 10.0; Win64; x64) AppleWebKit/537.36 (KHTML, like Gecko) Chrome/76.0.3809.132 Safari/537.36" "tchealthsources.com"
20.246.7.7 - - [14/Oct/2022:08:38:23 -0700] "GET /wp2/wp-includes/wlwmanifest.xml HTTP/1.1" 404 73 "-" "Mozilla/5.0 (Windows NT 10.0; Win64; x64) AppleWebKit/537.36 (KHTML, like Gecko) Chrome/76.0.3809.132 Safari/537.36" "tchealthsources.com"
20.246.7.7 - - [14/Oct/2022:08:38:23 -0700] "GET /site/wp-includes/wlwmanifest.xml HTTP/1.1" 404 73 "-" "Mozilla/5.0 (Windows NT 10.0; Win64; x64) AppleWebKit/537.36 (KHTML, like Gecko) Chrome/76.0.3809.132 Safari/537.36" "tchealthsources.com"
51.222.253.19 - - [14/Oct/2022:08:39:01 -0700] "GET /robots.txt HTTP/1.1" 404 88 "-" "Mozilla/5.0 (compatible; AhrefsBot/7.0; +http://ahrefs.com/robot/)" "www.tchealthsources.com"
51.222.253.20 - - [14/Oct/2022:08:39:02 -0700] "GET /clipart/buttons/?C=M;O=A HTTP/1.1" 200 360 "-" "Mozilla/5.0 (compatible; AhrefsBot/7.0; +http://ahrefs.com/robot/)" "www.tchealthsources.com"
114.119.136.13 - - [14/Oct/2022:08:39:28 -0700] "GET /TC%20Health%20Sources/clipart/images?N=A HTTP/1.1" 301 1435 "https://tchealthsources.com/TC%20Health%20Sources/clipart/images?D=A" "Mozilla/5.0 (Linux; Android 7.0;) AppleWebKit/537.36 (KHTML, like Gecko) Mobile Safari/537.36 (compatible; PetalBot;+https://webmaster.petalsearch.com/site/petalbot)" "tchealthsources.com"
114.119.136.13 - - [14/Oct/2022:08:39:29 -0700] "GET /TC%20Health%20Sources/clipart/images/?N=A HTTP/1.1" 200 382 "https://tchealthsources.com/TC%20Health%20Sources/clipart/images?D=A" "Mozilla/5.0 (Linux; Android 7.0;) AppleWebKit/537.36 (KHTML, like Gecko) Mobile Safari/537.36 (compatible; PetalBot;+https://webmaster.petalsearch.com/site/petalbot)" "tchealthsources.com"
213.180.203.85 - - [14/Oct/2022:08:56:49 -0700] "GET /robots.txt HTTP/1.1" 404 73 "-" "Mozilla/5.0 (compatible; YandexBot/3.0; +http://yandex.com/bots)" "tchealthsources.com"
87.250.224.161 - - [14/Oct/2022:08:56:53 -0700] "GET /TC%20Health%20Sources/yahoo_site_admin/assets/images/?C=S;O=A HTTP/1.1" 200 356 "-" "Mozilla/5.0 (compatible; YandexBot/3.0; +http://yandex.com/bots)" "tchealthsources.com"
216.244.66.246 - - [14/Oct/2022:09:03:39 -0700] "GET /robots.txt HTTP/1.1" 404 73 "-" "Mozilla/5.0 (compatible; DotBot/1.2; +https://opensiteexplorer.org/dotbot; help@moz.com)" "tchealthsources.com"
52.226.210.206 - - [14/Oct/2022:09:21:57 -0700] "GET /robots.txt HTTP/1.1" 404 88 "-" "python-requests/2.27.1" "tchealthsources.com"
52.226.210.206 - - [14/Oct/2022:09:22:04 -0700] "GET / HTTP/1.1" 200 493 "-" "Mozilla/5.0 (Windows NT 10.0; Win64; x64) AppleWebKit/537.36 (KHTML, like Gecko) Chrome/76.0.3809.100 Safari/537.36" "tchealthsources.com"
114.119.136.134 - - [14/Oct/2022:09:32:09 -0700] "GET /TC%20Health%20Sources/sitebuilder/images/?C=M%3BO%3DA HTTP/1.1" 200 2382 "https://tchealthsources.com/TC%20Health%20Sources/sitebuilder/images/?C=N%3BO%3DD" "Mozilla/5.0 (Linux; Android 7.0;) AppleWebKit/537.36 (KHTML, like Gecko) Mobile Safari/537.36 (compatible; PetalBot;+https://webmaster.petalsearch.com/site/petalbot)" "tchealthsources.com"
216.244.66.246 - - [14/Oct/2022:09:56:42 -0700] "GET /robots.txt HTTP/1.1" 404 73 "-" "Mozilla/5.0 (compatible; DotBot/1.2; +https://opensiteexplorer.org/dotbot; help@moz.com)" "tchealthsources.com"
114.119.134.224 - - [14/Oct/2022:10:22:15 -0700] "GET /clipart/buttons?N=D HTTP/1.1" 301 1419 "http://tchealthsources.com/clipart/buttons/" "Mozilla/5.0 (Linux; Android 7.0;) AppleWebKit/537.36 (KHTML, like Gecko) Mobile Safari/537.36 (compatible; PetalBot;+https://webmaster.petalsearch.com/site/petalbot)" "tchealthsources.com"
114.119.134.224 - - [14/Oct/2022:10:22:15 -0700] "GET /clipart/buttons/?N=D HTTP/1.1" 200 360 "http://tchealthsources.com/clipart/buttons/" "Mozilla/5.0 (Linux; Android 7.0;) AppleWebKit/537.36 (KHTML, like Gecko) Mobile Safari/537.36 (compatible; PetalBot;+https://webmaster.petalsearch.com/site/petalbot)" "tchealthsources.com"
216.244.66.246 - - [14/Oct/2022:10:49:43 -0700] "GET /robots.txt HTTP/1.1" 404 73 "-" "Mozilla/5.0 (compatible; DotBot/1.2; +https://opensiteexplorer.org/dotbot; help@moz.com)" "tchealthsources.com"
34.140.70.252 - - [14/Oct/2022:10:51:49 -0700] "HEAD / HTTP/1.1" 200 - "-" "Apache-HttpClient/4.5.5 (Java/11.0.9)" "www.tchealthsources.com"
114.119.136.128 - - [14/Oct/2022:10:56:58 -0700] "GET /TC%20Health%20Sources/yahoo_site_admin/credentials?D=D HTTP/1.1" 301 1445 "https://tchealthsources.com/TC%20Health%20Sources/yahoo_site_admin/credentials?D=A" "Mozilla/5.0 (Linux; Android 7.0;) AppleWebKit/537.36 (KHTML, like Gecko) Mobile Safari/537.36 (compatible; PetalBot;+https://webmaster.petalsearch.com/site/petalbot)" "tchealthsources.com"
114.119.136.128 - - [14/Oct/2022:10:56:58 -0700] "GET /TC%20Health%20Sources/yahoo_site_admin/credentials/?D=D HTTP/1.1" 200 399 "https://tchealthsources.com/TC%20Health%20Sources/yahoo_site_admin/credentials?D=A" "Mozilla/5.0 (Linux; Android 7.0;) AppleWebKit/537.36 (KHTML, like Gecko) Mobile Safari/537.36 (compatible; PetalBot;+https://webmaster.petalsearch.com/site/petalbot)" "tchealthsources.com"
149.57.29.2 - - [14/Oct/2022:11:36:59 -0700] "GET / HTTP/1.1" 200 493 "-" "Mozilla/5.0 (Macintosh; Intel Mac OS X 10_15_7) AppleWebKit/537.36 (KHTML, like Gecko) Chrome/103.0.0.0 Safari/537.36" "tchealthsources.com"
114.119.136.13 - - [14/Oct/2022:11:52:16 -0700] "GET /TC%20Health%20Sources/logs/access_160312.log HTTP/1.1" 200 1816 "https://tchealthsources.com/TC%20Health%20Sources/logs?D=A" "Mozilla/5.0 (Linux; Android 7.0;) AppleWebKit/537.36 (KHTML, like Gecko) Mobile Safari/537.36 (compatible; PetalBot;+https://webmaster.petalsearch.com/site/petalbot)" "tchealthsources.com"
114.119.136.109 - - [14/Oct/2022:12:03:05 -0700] "GET /TC%20Health%20Sources/yahoo_site_admin/logs/?C=D%3BO%3DA HTTP/1.1" 200 396 "https://tchealthsources.com/TC%20Health%20Sources/yahoo_site_admin/logs/?C=M%3BO%3DA" "Mozilla/5.0 (Linux; Android 7.0;) AppleWebKit/537.36 (KHTML, like Gecko) Mobile Safari/537.36 (compatible; PetalBot;+https://webmaster.petalsearch.com/site/petalbot)" "tchealthsources.com"
114.119.136.134 - - [14/Oct/2022:12:09:04 -0700] "GET /TC%20Health%20Sources/sitebuilder/scripts?S=A HTTP/1.1" 301 1439 "https://tchealthsources.com/TC%20Health%20Sources/sitebuilder/scripts?M=A" "Mozilla/5.0 (Linux; Android 7.0;) AppleWebKit/537.36 (KHTML, like Gecko) Mobile Safari/537.36 (compatible; PetalBot;+https://webmaster.petalsearch.com/site/petalbot)" "tchealthsources.com"
114.119.136.134 - - [14/Oct/2022:12:09:07 -0700] "GET /TC%20Health%20Sources/sitebuilder/scripts/?S=A HTTP/1.1" 200 399 "https://tchealthsources.com/TC%20Health%20Sources/sitebuilder/scripts?M=A" "Mozilla/5.0 (Linux; Android 7.0;) AppleWebKit/537.36 (KHTML, like Gecko) Mobile Safari/537.36 (compatible; PetalBot;+https://webmaster.petalsearch.com/site/petalbot)" "tchealthsources.com"
114.119.136.109 - - [14/Oct/2022:12:14:59 -0700] "GET /TC%20Health%20Sources/logs/access_160422.log HTTP/1.1" 200 1702 "https://tchealthsources.com/TC%20Health%20Sources/logs?D=A" "Mozilla/5.0 (Linux; Android 7.0;) AppleWebKit/537.36 (KHTML, like Gecko) Mobile Safari/537.36 (compatible; PetalBot;+https://webmaster.petalsearch.com/site/petalbot)" "tchealthsources.com"
114.119.136.128 - - [14/Oct/2022:12:20:39 -0700] "GET /TC%20Health%20Sources/clipart/buttons/ HTTP/1.1" 200 383 "https://tchealthsources.com/TC%20Health%20Sources/clipart?C=S%3BO%3DA" "Mozilla/5.0 (Linux; Android 7.0;) AppleWebKit/537.36 (KHTML, like Gecko) Mobile Safari/537.36 (compatible; PetalBot;+https://webmaster.petalsearch.com/site/petalbot)" "tchealthsources.com"
114.119.136.128 - - [14/Oct/2022:13:00:50 -0700] "GET /TC%20Health%20Sources/logs/access_160310.log HTTP/1.1" 200 1157 "https://tchealthsources.com/TC%20Health%20Sources/logs?D=A" "Mozilla/5.0 (Linux; Android 7.0;) AppleWebKit/537.36 (KHTML, like Gecko) Mobile Safari/537.36 (compatible; PetalBot;+https://webmaster.petalsearch.com/site/petalbot)" "tchealthsources.com"
89.185.85.245 - - [14/Oct/2022:13:13:12 -0700] "GET / HTTP/1.1" 200 1331 "https://javxxx18.com/" "Mozilla/4.0 (compatible; MSIE 6.0; Windows NT 5.0)" "tchealthsources.com"
114.119.136.109 - - [14/Oct/2022:13:26:37 -0700] "GET /TC%20Health%20Sources/logs/access_160423.log HTTP/1.1" 200 690 "https://tchealthsources.com/TC%20Health%20Sources/logs?D=A" "Mozilla/5.0 (Linux; Android 7.0;) AppleWebKit/537.36 (KHTML, like Gecko) Mobile Safari/537.36 (compatible; PetalBot;+https://webmaster.petalsearch.com/site/petalbot)" "tchealthsources.com"
216.244.66.246 - - [14/Oct/2022:13:26:50 -0700] "GET /robots.txt HTTP/1.1" 404 73 "-" "Mozilla/5.0 (compatible; DotBot/1.2; +https://opensiteexplorer.org/dotbot; help@moz.com)" "tchealthsources.com"
138.246.253.24 - - [14/Oct/2022:13:31:23 -0700] "GET /robots.txt HTTP/1.1" 404 73 "-" "Mozilla/5.0 (Windows NT 10.0; Win64; x64) AppleWebKit/537.36 (KHTML, like Gecko) Chrome/103.0.5060.134 Safari/537.36" "tchealthsources.com"
114.119.136.109 - - [14/Oct/2022:13:32:00 -0700] "GET /TC%20Health%20Sources/clipart/buttons/themes/view-screen/?C=N%3BO%3DD HTTP/1.1" 200 442 "https://tchealthsources.com/TC%20Health%20Sources/clipart/buttons/themes/view-screen?C=N%3BO%3DD" "Mozilla/5.0 (Linux; Android 7.0;) AppleWebKit/537.36 (KHTML, like Gecko) Mobile Safari/537.36 (compatible; PetalBot;+https://webmaster.petalsearch.com/site/petalbot)" "tchealthsources.com"
114.119.136.13 - - [14/Oct/2022:13:37:36 -0700] "GET /TC%20Health%20Sources/tmp?C=N%3BO%3DD HTTP/1.1" 301 1438 "https://tchealthsources.com/TC%20Health%20Sources/tmp?M=A" "Mozilla/5.0 (Linux; Android 7.0;) AppleWebKit/537.36 (KHTML, like Gecko) Mobile Safari/537.36 (compatible; PetalBot;+https://webmaster.petalsearch.com/site/petalbot)" "tchealthsources.com"
114.119.136.13 - - [14/Oct/2022:13:37:39 -0700] "GET /TC%20Health%20Sources/tmp/?C=N%3BO%3DD HTTP/1.1" 200 386 "https://tchealthsources.com/TC%20Health%20Sources/tmp?M=A" "Mozilla/5.0 (Linux; Android 7.0;) AppleWebKit/537.36 (KHTML, like Gecko) Mobile Safari/537.36 (compatible; PetalBot;+https://webmaster.petalsearch.com/site/petalbot)" "tchealthsources.com"
114.119.142.97 - - [14/Oct/2022:13:41:12 -0700] "GET /?D=A HTTP/1.1" 200 493 "-" "Mozilla/5.0 (Linux; Android 7.0;) AppleWebKit/537.36 (KHTML, like Gecko) Mobile Safari/537.36 (compatible; PetalBot;+https://webmaster.petalsearch.com/site/petalbot)" "tchealthsources.com"
114.119.136.134 - - [14/Oct/2022:13:43:21 -0700] "GET /TC%20Health%20Sources/clipart/buttons/themes/jelly/ HTTP/1.1" 200 439 "https://tchealthsources.com/TC%20Health%20Sources/clipart/buttons/themes?C=N%3BO%3DD" "Mozilla/5.0 (Linux; Android 7.0;) AppleWebKit/537.36 (KHTML, like Gecko) Mobile Safari/537.36 (compatible; PetalBot;+https://webmaster.petalsearch.com/site/petalbot)" "tchealthsources.com"
114.119.136.109 - - [14/Oct/2022:13:52:52 -0700] "GET /clipart/buttons/themes/gray?M=D HTTP/1.1" 301 1427 "http://tchealthsources.com/clipart/buttons/themes/gray?M=A" "Mozilla/5.0 (Linux; Android 7.0;) AppleWebKit/537.36 (KHTML, like Gecko) Mobile Safari/537.36 (compatible; PetalBot;+https://webmaster.petalsearch.com/site/petalbot)" "tchealthsources.com"
114.119.136.109 - - [14/Oct/2022:13:52:55 -0700] "GET /clipart/buttons/themes/gray/?M=D HTTP/1.1" 200 409 "http://tchealthsources.com/clipart/buttons/themes/gray?M=A" "Mozilla/5.0 (Linux; Android 7.0;) AppleWebKit/537.36 (KHTML, like Gecko) Mobile Safari/537.36 (compatible; PetalBot;+https://webmaster.petalsearch.com/site/petalbot)" "tchealthsources.com"
114.119.134.224 - - [14/Oct/2022:13:59:21 -0700] "GET /TC%20Health%20Sources/yahoo_site_admin1/cache/?C=N%3BO%3DD HTTP/1.1" 200 351 "https://tchealthsources.com/TC%20Health%20Sources/yahoo_site_admin1/cache?C=N%3BO%3DD" "Mozilla/5.0 (Linux; Android 7.0;) AppleWebKit/537.36 (KHTML, like Gecko) Mobile Safari/537.36 (compatible; PetalBot;+https://webmaster.petalsearch.com/site/petalbot)" "tchealthsources.com"
114.119.136.109 - - [14/Oct/2022:14:05:54 -0700] "GET /TC%20Health%20Sources/images HTTP/1.1" 301 1425 "https://tchealthsources.com/TC%20Health%20Sources?M=A" "Mozilla/5.0 (Linux; Android 7.0;) AppleWebKit/537.36 (KHTML, like Gecko) Mobile Safari/537.36 (compatible; PetalBot;+https://webmaster.petalsearch.com/site/petalbot)" "tchealthsources.com"
114.119.136.109 - - [14/Oct/2022:14:05:54 -0700] "GET /TC%20Health%20Sources/images/ HTTP/1.1" 200 1393 "https://tchealthsources.com/TC%20Health%20Sources?M=A" "Mozilla/5.0 (Linux; Android 7.0;) AppleWebKit/537.36 (KHTML, like Gecko) Mobile Safari/537.36 (compatible; PetalBot;+https://webmaster.petalsearch.com/site/petalbot)" "tchealthsources.com"
114.119.134.224 - - [14/Oct/2022:14:12:39 -0700] "GET /TC%20Health%20Sources/sitebuilder/?C=N%3BO%3DD HTTP/1.1" 200 446 "https://tchealthsources.com/TC%20Health%20Sources/sitebuilder?C=N%3BO%3DD" "Mozilla/5.0 (Linux; Android 7.0;) AppleWebKit/537.36 (KHTML, like Gecko) Mobile Safari/537.36 (compatible; PetalBot;+https://webmaster.petalsearch.com/site/petalbot)" "tchealthsources.com"
114.119.136.134 - - [14/Oct/2022:14:18:55 -0700] "GET /TC%20Health%20Sources/sitebuilder?N=A HTTP/1.1" 301 1434 "https://tchealthsources.com/TC%20Health%20Sources/sitebuilder?D=A" "Mozilla/5.0 (Linux; Android 7.0;) AppleWebKit/537.36 (KHTML, like Gecko) Mobile Safari/537.36 (compatible; PetalBot;+https://webmaster.petalsearch.com/site/petalbot)" "tchealthsources.com"
114.119.136.134 - - [14/Oct/2022:14:18:57 -0700] "GET /TC%20Health%20Sources/sitebuilder/?N=A HTTP/1.1" 200 446 "https://tchealthsources.com/TC%20Health%20Sources/sitebuilder?D=A" "Mozilla/5.0 (Linux; Android 7.0;) AppleWebKit/537.36 (KHTML, like Gecko) Mobile Safari/537.36 (compatible; PetalBot;+https://webmaster.petalsearch.com/site/petalbot)" "tchealthsources.com"
216.244.66.246 - - [14/Oct/2022:14:20:57 -0700] "GET /robots.txt HTTP/1.1" 404 73 "-" "Mozilla/5.0 (compatible; DotBot/1.2; +https://opensiteexplorer.org/dotbot; help@moz.com)" "tchealthsources.com"
114.119.136.109 - - [14/Oct/2022:14:25:29 -0700] "GET /TC%20Health%20Sources/yahoo_site_admin/assets/images?C=D%3BO%3DA HTTP/1.1" 301 1455 "https://tchealthsources.com/TC%20Health%20Sources/yahoo_site_admin/assets/images?S=A" "Mozilla/5.0 (Linux; Android 7.0;) AppleWebKit/537.36 (KHTML, like Gecko) Mobile Safari/537.36 (compatible; PetalBot;+https://webmaster.petalsearch.com/site/petalbot)" "tchealthsources.com"
114.119.136.109 - - [14/Oct/2022:14:25:30 -0700] "GET /TC%20Health%20Sources/yahoo_site_admin/assets/images/?C=D%3BO%3DA HTTP/1.1" 200 356 "https://tchealthsources.com/TC%20Health%20Sources/yahoo_site_admin/assets/images?S=A" "Mozilla/5.0 (Linux; Android 7.0;) AppleWebKit/537.36 (KHTML, like Gecko) Mobile Safari/537.36 (compatible; PetalBot;+https://webmaster.petalsearch.com/site/petalbot)" "tchealthsources.com"
114.119.136.12 - - [14/Oct/2022:14:31:56 -0700] "GET /TC%20Health%20Sources/yahoo_site_admin/assets/images?S=A HTTP/1.1" 301 1446 "https://tchealthsources.com/TC%20Health%20Sources/yahoo_site_admin/assets/images?N=D" "Mozilla/5.0 (Linux; Android 7.0;) AppleWebKit/537.36 (KHTML, like Gecko) Mobile Safari/537.36 (compatible; PetalBot;+https://webmaster.petalsearch.com/site/petalbot)" "tchealthsources.com"
114.119.136.12 - - [14/Oct/2022:14:31:57 -0700] "GET /TC%20Health%20Sources/yahoo_site_admin/assets/images/?S=A HTTP/1.1" 200 356 "https://tchealthsources.com/TC%20Health%20Sources/yahoo_site_admin/assets/images?N=D" "Mozilla/5.0 (Linux; Android 7.0;) AppleWebKit/537.36 (KHTML, like Gecko) Mobile Safari/537.36 (compatible; PetalBot;+https://webmaster.petalsearch.com/site/petalbot)" "tchealthsources.com"
87.250.224.20 - - [14/Oct/2022:14:33:51 -0700] "GET /robots.txt HTTP/1.1" 404 73 "-" "Mozilla/5.0 (compatible; YandexBot/3.0; +http://yandex.com/bots)" "tchealthsources.com"
87.250.224.188 - - [14/Oct/2022:14:33:54 -0700] "GET /TC%20Health%20Sources/clipart/?C=M;O=A HTTP/1.1" 200 391 "-" "Mozilla/5.0 (compatible; YandexBot/3.0; +http://yandex.com/bots)" "tchealthsources.com"
114.119.134.224 - - [14/Oct/2022:14:38:15 -0700] "GET /TC%20Health%20Sources/clipart/images/general?N=A HTTP/1.1" 301 1441 "https://tchealthsources.com/TC%20Health%20Sources/clipart/images/general?M=A" "Mozilla/5.0 (Linux; Android 7.0;) AppleWebKit/537.36 (KHTML, like Gecko) Mobile Safari/537.36 (compatible; PetalBot;+https://webmaster.petalsearch.com/site/petalbot)" "tchealthsources.com"
114.119.134.224 - - [14/Oct/2022:14:38:17 -0700] "GET /TC%20Health%20Sources/clipart/images/general/?N=A HTTP/1.1" 200 403 "https://tchealthsources.com/TC%20Health%20Sources/clipart/images/general?M=A" "Mozilla/5.0 (Linux; Android 7.0;) AppleWebKit/537.36 (KHTML, like Gecko) Mobile Safari/537.36 (compatible; PetalBot;+https://webmaster.petalsearch.com/site/petalbot)" "tchealthsources.com"
114.119.136.128 - - [14/Oct/2022:14:44:14 -0700] "GET /clipart/buttons/themes?C=M%3BO%3DA HTTP/1.1" 301 1434 "http://tchealthsources.com/clipart/buttons/themes?C=N%3BO%3DD" "Mozilla/5.0 (Linux; Android 7.0;) AppleWebKit/537.36 (KHTML, like Gecko) Mobile Safari/537.36 (compatible; PetalBot;+https://webmaster.petalsearch.com/site/petalbot)" "tchealthsources.com"
114.119.136.128 - - [14/Oct/2022:14:44:15 -0700] "GET /clipart/buttons/themes/?C=M%3BO%3DA HTTP/1.1" 200 511 "http://tchealthsources.com/clipart/buttons/themes?C=N%3BO%3DD" "Mozilla/5.0 (Linux; Android 7.0;) AppleWebKit/537.36 (KHTML, like Gecko) Mobile Safari/537.36 (compatible; PetalBot;+https://webmaster.petalsearch.com/site/petalbot)" "tchealthsources.com"
114.119.136.13 - - [14/Oct/2022:14:50:12 -0700] "GET /clipart/images/general?N=D HTTP/1.1" 301 1425 "http://tchealthsources.com/clipart/images/general?N=A" "Mozilla/5.0 (Linux; Android 7.0;) AppleWebKit/537.36 (KHTML, like Gecko) Mobile Safari/537.36 (compatible; PetalBot;+https://webmaster.petalsearch.com/site/petalbot)" "tchealthsources.com"
114.119.136.13 - - [14/Oct/2022:14:50:14 -0700] "GET /clipart/images/general/?N=D HTTP/1.1" 200 376 "http://tchealthsources.com/clipart/images/general?N=A" "Mozilla/5.0 (Linux; Android 7.0;) AppleWebKit/537.36 (KHTML, like Gecko) Mobile Safari/537.36 (compatible; PetalBot;+https://webmaster.petalsearch.com/site/petalbot)" "tchealthsources.com"
114.119.136.128 - - [14/Oct/2022:14:56:16 -0700] "GET /TC%20Health%20Sources/sitebuilder/scripts/ HTTP/1.1" 200 399 "https://tchealthsources.com/TC%20Health%20Sources/sitebuilder?C=N%3BO%3DD" "Mozilla/5.0 (Linux; Android 7.0;) AppleWebKit/537.36 (KHTML, like Gecko) Mobile Safari/537.36 (compatible; PetalBot;+https://webmaster.petalsearch.com/site/petalbot)" "tchealthsources.com"
114.119.136.134 - - [14/Oct/2022:15:02:13 -0700] "GET /TC%20Health%20Sources/logs?M=A HTTP/1.1" 301 1429 "https://tchealthsources.com/TC%20Health%20Sources/logs" "Mozilla/5.0 (Linux; Android 7.0;) AppleWebKit/537.36 (KHTML, like Gecko) Mobile Safari/537.36 (compatible; PetalBot;+https://webmaster.petalsearch.com/site/petalbot)" "tchealthsources.com"
114.119.136.134 - - [14/Oct/2022:15:02:16 -0700] "GET /TC%20Health%20Sources/logs/?M=A HTTP/1.1" 200 1066 "https://tchealthsources.com/TC%20Health%20Sources/logs" "Mozilla/5.0 (Linux; Android 7.0;) AppleWebKit/537.36 (KHTML, like Gecko) Mobile Safari/537.36 (compatible; PetalBot;+https://webmaster.petalsearch.com/site/petalbot)" "tchealthsources.com"
114.119.136.13 - - [14/Oct/2022:15:08:07 -0700] "GET /TC%20Health%20Sources/media?C=N%3BO%3DD HTTP/1.1" 301 1439 "http://tchealthsources.com/TC%20Health%20Sources/media" "Mozilla/5.0 (Linux; Android 7.0;) AppleWebKit/537.36 (KHTML, like Gecko) Mobile Safari/537.36 (compatible; PetalBot;+https://webmaster.petalsearch.com/site/petalbot)" "tchealthsources.com"
114.119.136.13 - - [14/Oct/2022:15:08:07 -0700] "GET /TC%20Health%20Sources/media/?C=N%3BO%3DD HTTP/1.1" 200 409 "http://tchealthsources.com/TC%20Health%20Sources/media" "Mozilla/5.0 (Linux; Android 7.0;) AppleWebKit/537.36 (KHTML, like Gecko) Mobile Safari/537.36 (compatible; PetalBot;+https://webmaster.petalsearch.com/site/petalbot)" "tchealthsources.com"
114.119.136.12 - - [14/Oct/2022:15:14:04 -0700] "GET /TC%20Health%20Sources/clipart/buttons/themes/simple?S=D HTTP/1.1" 301 1445 "https://tchealthsources.com/TC%20Health%20Sources/clipart/buttons/themes/simple?S=A" "Mozilla/5.0 (Linux; Android 7.0;) AppleWebKit/537.36 (KHTML, like Gecko) Mobile Safari/537.36 (compatible; PetalBot;+https://webmaster.petalsearch.com/site/petalbot)" "tchealthsources.com"
114.119.136.12 - - [14/Oct/2022:15:14:07 -0700] "GET /TC%20Health%20Sources/clipart/buttons/themes/simple/?S=D HTTP/1.1" 200 440 "https://tchealthsources.com/TC%20Health%20Sources/clipart/buttons/themes/simple?S=A" "Mozilla/5.0 (Linux; Android 7.0;) AppleWebKit/537.36 (KHTML, like Gecko) Mobile Safari/537.36 (compatible; PetalBot;+https://webmaster.petalsearch.com/site/petalbot)" "tchealthsources.com"
114.119.136.12 - - [14/Oct/2022:15:20:04 -0700] "GET /TC%20Health%20Sources/images/?C=N%3BO%3DD HTTP/1.1" 200 1393 "https://tchealthsources.com/TC%20Health%20Sources/images/?C=S%3BO%3DA" "Mozilla/5.0 (Linux; Android 7.0;) AppleWebKit/537.36 (KHTML, like Gecko) Mobile Safari/537.36 (compatible; PetalBot;+https://webmaster.petalsearch.com/site/petalbot)" "tchealthsources.com"
114.119.136.109 - - [14/Oct/2022:15:26:06 -0700] "GET /TC%20Health%20Sources/clipart/buttons/themes/jelly/?C=M%3BO%3DA HTTP/1.1" 200 439 "https://tchealthsources.com/TC%20Health%20Sources/clipart/buttons/themes/jelly?S=D" "Mozilla/5.0 (Linux; Android 7.0;) AppleWebKit/537.36 (KHTML, like Gecko) Mobile Safari/537.36 (compatible; PetalBot;+https://webmaster.petalsearch.com/site/petalbot)" "tchealthsources.com"
114.119.136.13 - - [14/Oct/2022:15:31:53 -0700] "GET /TC%20Health%20Sources/clipart/buttons/themes/jelly/?C=S%3BO%3DA HTTP/1.1" 200 439 "https://tchealthsources.com/TC%20Health%20Sources/clipart/buttons/themes/jelly?S=D" "Mozilla/5.0 (Linux; Android 7.0;) AppleWebKit/537.36 (KHTML, like Gecko) Mobile Safari/537.36 (compatible; PetalBot;+https://webmaster.petalsearch.com/site/petalbot)" "tchealthsources.com"
114.119.136.109 - - [14/Oct/2022:15:37:33 -0700] "GET /TC%20Health%20Sources/logs?S=D HTTP/1.1" 301 1429 "https://tchealthsources.com/TC%20Health%20Sources/logs?S=A" "Mozilla/5.0 (Linux; Android 7.0;) AppleWebKit/537.36 (KHTML, like Gecko) Mobile Safari/537.36 (compatible; PetalBot;+https://webmaster.petalsearch.com/site/petalbot)" "tchealthsources.com"
114.119.136.109 - - [14/Oct/2022:15:37:35 -0700] "GET /TC%20Health%20Sources/logs/?S=D HTTP/1.1" 200 1066 "https://tchealthsources.com/TC%20Health%20Sources/logs?S=A" "Mozilla/5.0 (Linux; Android 7.0;) AppleWebKit/537.36 (KHTML, like Gecko) Mobile Safari/537.36 (compatible; PetalBot;+https://webmaster.petalsearch.com/site/petalbot)" "tchealthsources.com"
114.119.136.128 - - [14/Oct/2022:15:43:27 -0700] "GET /clipart/buttons?N=A HTTP/1.1" 301 1419 "http://tchealthsources.com/clipart/buttons?S=D" "Mozilla/5.0 (Linux; Android 7.0;) AppleWebKit/537.36 (KHTML, like Gecko) Mobile Safari/537.36 (compatible; PetalBot;+https://webmaster.petalsearch.com/site/petalbot)" "tchealthsources.com"
114.119.136.128 - - [14/Oct/2022:15:43:31 -0700] "GET /clipart/buttons/?N=A HTTP/1.1" 200 360 "http://tchealthsources.com/clipart/buttons?S=D" "Mozilla/5.0 (Linux; Android 7.0;) AppleWebKit/537.36 (KHTML, like Gecko) Mobile Safari/537.36 (compatible; PetalBot;+https://webmaster.petalsearch.com/site/petalbot)" "tchealthsources.com"
114.119.136.109 - - [14/Oct/2022:15:49:16 -0700] "GET /TC%20Health%20Sources/clipart/buttons/themes/?C=N%3BO%3DD HTTP/1.1" 200 479 "https://tchealthsources.com/TC%20Health%20Sources/clipart/buttons/themes?C=N%3BO%3DD" "Mozilla/5.0 (Linux; Android 7.0;) AppleWebKit/537.36 (KHTML, like Gecko) Mobile Safari/537.36 (compatible; PetalBot;+https://webmaster.petalsearch.com/site/petalbot)" "tchealthsources.com"
114.119.136.13 - - [14/Oct/2022:15:55:25 -0700] "GET /TC%20Health%20Sources/clipart/buttons/themes/designer1/?C=M%3BO%3DA HTTP/1.1" 200 446 "https://tchealthsources.com/TC%20Health%20Sources/clipart/buttons/themes/designer1?M=D" "Mozilla/5.0 (Linux; Android 7.0;) AppleWebKit/537.36 (KHTML, like Gecko) Mobile Safari/537.36 (compatible; PetalBot;+https://webmaster.petalsearch.com/site/petalbot)" "tchealthsources.com"
114.119.136.134 - - [14/Oct/2022:16:01:06 -0700] "GET /TC%20Health%20Sources/clipart HTTP/1.1" 301 1426 "https://tchealthsources.com/TC%20Health%20Sources/clipart/buttons?S=D" "Mozilla/5.0 (Linux; Android 7.0;) AppleWebKit/537.36 (KHTML, like Gecko) Mobile Safari/537.36 (compatible; PetalBot;+https://webmaster.petalsearch.com/site/petalbot)" "tchealthsources.com"
114.119.136.134 - - [14/Oct/2022:16:01:08 -0700] "GET /TC%20Health%20Sources/clipart/ HTTP/1.1" 200 391 "https://tchealthsources.com/TC%20Health%20Sources/clipart/buttons?S=D" "Mozilla/5.0 (Linux; Android 7.0;) AppleWebKit/537.36 (KHTML, like Gecko) Mobile Safari/537.36 (compatible; PetalBot;+https://webmaster.petalsearch.com/site/petalbot)" "tchealthsources.com"
114.119.136.12 - - [14/Oct/2022:16:07:12 -0700] "GET /TC%20Health%20Sources/logs/access_160301.log HTTP/1.1" 200 2216 "https://tchealthsources.com/TC%20Health%20Sources/logs?D=A" "Mozilla/5.0 (Linux; Android 7.0;) AppleWebKit/537.36 (KHTML, like Gecko) Mobile Safari/537.36 (compatible; PetalBot;+https://webmaster.petalsearch.com/site/petalbot)" "tchealthsources.com"
