114.119.136.12 - - [14/Oct/2022:16:13:16 -0700] "GET /TC%20Health%20Sources/clipart/buttons/themes/designer1?D=D HTTP/1.1" 301 1447 "https://tchealthsources.com/TC%20Health%20Sources/clipart/buttons/themes/designer1?D=A" "Mozilla/5.0 (Linux; Android 7.0;) AppleWebKit/537.36 (KHTML, like Gecko) Mobile Safari/537.36 (compatible; PetalBot;+https://webmaster.petalsearch.com/site/petalbot)" "tchealthsources.com"
114.119.136.12 - - [14/Oct/2022:16:13:17 -0700] "GET /TC%20Health%20Sources/clipart/buttons/themes/designer1/?D=D HTTP/1.1" 200 446 "https://tchealthsources.com/TC%20Health%20Sources/clipart/buttons/themes/designer1?D=A" "Mozilla/5.0 (Linux; Android 7.0;) AppleWebKit/537.36 (KHTML, like Gecko) Mobile Safari/537.36 (compatible; PetalBot;+https://webmaster.petalsearch.com/site/petalbot)" "tchealthsources.com"
114.119.136.128 - - [14/Oct/2022:16:19:30 -0700] "GET /TC%20Health%20Sources/clipart/buttons/themes/simple?C=S%3BO%3DA HTTP/1.1" 301 1454 "https://tchealthsources.com/TC%20Health%20Sources/clipart/buttons/themes/simple?C=D%3BO%3DA" "Mozilla/5.0 (Linux; Android 7.0;) AppleWebKit/537.36 (KHTML, like Gecko) Mobile Safari/537.36 (compatible; PetalBot;+https://webmaster.petalsearch.com/site/petalbot)" "tchealthsources.com"
114.119.136.128 - - [14/Oct/2022:16:19:31 -0700] "GET /TC%20Health%20Sources/clipart/buttons/themes/simple/?C=S%3BO%3DA HTTP/1.1" 200 440 "https://tchealthsources.com/TC%20Health%20Sources/clipart/buttons/themes/simple?C=D%3BO%3DA" "Mozilla/5.0 (Linux; Android 7.0;) AppleWebKit/537.36 (KHTML, like Gecko) Mobile Safari/537.36 (compatible; PetalBot;+https://webmaster.petalsearch.com/site/petalbot)" "tchealthsources.com"
114.119.136.109 - - [14/Oct/2022:16:25:46 -0700] "GET /navigation_bars?N=A HTTP/1.1" 301 1424 "https://tchealthsources.com/navigation_bars?M=A" "Mozilla/5.0 (Linux; Android 7.0;) AppleWebKit/537.36 (KHTML, like Gecko) Mobile Safari/537.36 (compatible; PetalBot;+https://webmaster.petalsearch.com/site/petalbot)" "tchealthsources.com"
114.119.136.109 - - [14/Oct/2022:16:25:50 -0700] "GET /navigation_bars/?N=A HTTP/1.1" 200 390 "https://tchealthsources.com/navigation_bars?M=A" "Mozilla/5.0 (Linux; Android 7.0;) AppleWebKit/537.36 (KHTML, like Gecko) Mobile Safari/537.36 (compatible; PetalBot;+https://webmaster.petalsearch.com/site/petalbot)" "tchealthsources.com"
52.34.207.114 - - [14/Oct/2022:16:27:02 -0700] "GET / HTTP/1.1" 200 493 "-" "Mozilla/5.0 (Windows NT 10.0; Win64; x64)AppleWebKit/537.36 (KHTML, like Gecko) Chrome/66.0.3359.181 Safari/537.36" "tchealthsources.com"
114.119.136.128 - - [14/Oct/2022:16:31:37 -0700] "GET /clipart/buttons/themes/swoosh_blue?C=D%3BO%3DA HTTP/1.1" 301 1445 "http://tchealthsources.com/clipart/buttons/themes/swoosh_blue?M=D" "Mozilla/5.0 (Linux; Android 7.0;) AppleWebKit/537.36 (KHTML, like Gecko) Mobile Safari/537.36 (compatible; PetalBot;+https://webmaster.petalsearch.com/site/petalbot)" "tchealthsources.com"
114.119.136.128 - - [14/Oct/2022:16:31:37 -0700] "GET /clipart/buttons/themes/swoosh_blue/?C=D%3BO%3DA HTTP/1.1" 200 419 "http://tchealthsources.com/clipart/buttons/themes/swoosh_blue?M=D" "Mozilla/5.0 (Linux; Android 7.0;) AppleWebKit/537.36 (KHTML, like Gecko) Mobile Safari/537.36 (compatible; PetalBot;+https://webmaster.petalsearch.com/site/petalbot)" "tchealthsources.com"
52.42.202.84 - - [14/Oct/2022:16:37:07 -0700] "GET / HTTP/1.1" 200 493 "-" "Mozilla/5.0 (X11; Linux x86_64) AppleWebKit/537.36 (KHTML, like Gecko) Chrome/83.0.4103.97 Safari/537.36" "tchealthsources.com"
34.219.104.198 - - [14/Oct/2022:16:37:11 -0700] "GET / HTTP/1.1" 200 493 "-" "Mozilla/5.0 (X11; Linux x86_64) AppleWebKit/537.36 (KHTML, like Gecko) Chrome/83.0.4103.97 Safari/537.36" "tchealthsources.com"
34.221.66.93 - - [14/Oct/2022:16:37:34 -0700] "GET /favicon.ico HTTP/1.1" 404 88 "-" "Mozilla/5.0 (X11; Linux x86_64) AppleWebKit/537.36 (KHTML, like Gecko) Chrome/83.0.4103.97 Safari/537.36" "tchealthsources.com"
34.221.66.93 - - [14/Oct/2022:16:37:35 -0700] "GET / HTTP/1.1" 200 493 "-" "Mozilla/5.0 (X11; Linux x86_64) AppleWebKit/537.36 (KHTML, like Gecko) Chrome/83.0.4103.97 Safari/537.36" "tchealthsources.com"
35.85.154.238 - - [14/Oct/2022:16:37:38 -0700] "GET /favicon.ico HTTP/1.1" 404 88 "-" "Mozilla/5.0 (X11; Linux x86_64) AppleWebKit/537.36 (KHTML, like Gecko) Chrome/83.0.4103.97 Safari/537.36" "tchealthsources.com"
35.85.154.238 - - [14/Oct/2022:16:37:40 -0700] "GET / HTTP/1.1" 200 493 "-" "Mozilla/5.0 (X11; Linux x86_64) AppleWebKit/537.36 (KHTML, like Gecko) Chrome/83.0.4103.97 Safari/537.36" "tchealthsources.com"
114.119.136.128 - - [14/Oct/2022:16:37:54 -0700] "GET /TC%20Health%20Sources/clipart/buttons/themes/designer3?S=A HTTP/1.1" 301 1447 "https://tchealthsources.com/TC%20Health%20Sources/clipart/buttons/themes/designer3?D=D" "Mozilla/5.0 (Linux; Android 7.0;) AppleWebKit/537.36 (KHTML, like Gecko) Mobile Safari/537.36 (compatible; PetalBot;+https://webmaster.petalsearch.com/site/petalbot)" "tchealthsources.com"
114.119.136.128 - - [14/Oct/2022:16:37:58 -0700] "GET /TC%20Health%20Sources/clipart/buttons/themes/designer3/?S=A HTTP/1.1" 200 444 "https://tchealthsources.com/TC%20Health%20Sources/clipart/buttons/themes/designer3?D=D" "Mozilla/5.0 (Linux; Android 7.0;) AppleWebKit/537.36 (KHTML, like Gecko) Mobile Safari/537.36 (compatible; PetalBot;+https://webmaster.petalsearch.com/site/petalbot)" "tchealthsources.com"
114.119.136.128 - - [14/Oct/2022:16:44:32 -0700] "GET /TC%20Health%20Sources/includes/ice?N=A HTTP/1.1" 301 1433 "https://tchealthsources.com/TC%20Health%20Sources/includes/ice?S=D" "Mozilla/5.0 (Linux; Android 7.0;) AppleWebKit/537.36 (KHTML, like Gecko) Mobile Safari/537.36 (compatible; PetalBot;+https://webmaster.petalsearch.com/site/petalbot)" "tchealthsources.com"
114.119.136.128 - - [14/Oct/2022:16:44:34 -0700] "GET /TC%20Health%20Sources/includes/ice/?N=A HTTP/1.1" 200 439 "https://tchealthsources.com/TC%20Health%20Sources/includes/ice?S=D" "Mozilla/5.0 (Linux; Android 7.0;) AppleWebKit/537.36 (KHTML, like Gecko) Mobile Safari/537.36 (compatible; PetalBot;+https://webmaster.petalsearch.com/site/petalbot)" "tchealthsources.com"
114.119.136.13 - - [14/Oct/2022:16:51:03 -0700] "GET /TC%20Health%20Sources/clipart/buttons/themes HTTP/1.1" 301 1437 "https://tchealthsources.com/TC%20Health%20Sources/clipart/buttons/themes/view-screen?C=S%3BO%3DA" "Mozilla/5.0 (Linux; Android 7.0;) AppleWebKit/537.36 (KHTML, like Gecko) Mobile Safari/537.36 (compatible; PetalBot;+https://webmaster.petalsearch.com/site/petalbot)" "tchealthsources.com"
114.119.136.13 - - [14/Oct/2022:16:51:08 -0700] "GET /TC%20Health%20Sources/clipart/buttons/themes/ HTTP/1.1" 200 479 "https://tchealthsources.com/TC%20Health%20Sources/clipart/buttons/themes/view-screen?C=S%3BO%3DA" "Mozilla/5.0 (Linux; Android 7.0;) AppleWebKit/537.36 (KHTML, like Gecko) Mobile Safari/537.36 (compatible; PetalBot;+https://webmaster.petalsearch.com/site/petalbot)" "tchealthsources.com"
114.119.136.109 - - [14/Oct/2022:16:57:34 -0700] "GET /TC%20Health%20Sources/yahoo_site_admin/logs?N=D HTTP/1.1" 301 1440 "https://tchealthsources.com/TC%20Health%20Sources/yahoo_site_admin/logs" "Mozilla/5.0 (Linux; Android 7.0;) AppleWebKit/537.36 (KHTML, like Gecko) Mobile Safari/537.36 (compatible; PetalBot;+https://webmaster.petalsearch.com/site/petalbot)" "tchealthsources.com"
114.119.136.109 - - [14/Oct/2022:16:57:35 -0700] "GET /TC%20Health%20Sources/yahoo_site_admin/logs/?N=D HTTP/1.1" 200 396 "https://tchealthsources.com/TC%20Health%20Sources/yahoo_site_admin/logs" "Mozilla/5.0 (Linux; Android 7.0;) AppleWebKit/537.36 (KHTML, like Gecko) Mobile Safari/537.36 (compatible; PetalBot;+https://webmaster.petalsearch.com/site/petalbot)" "tchealthsources.com"
216.244.66.246 - - [14/Oct/2022:17:00:25 -0700] "GET /robots.txt HTTP/1.1" 404 73 "-" "Mozilla/5.0 (compatible; DotBot/1.2; +https://opensiteexplorer.org/dotbot; help@moz.com)" "tchealthsources.com"
114.119.134.224 - - [14/Oct/2022:17:03:44 -0700] "GET /TC%20Health%20Sources/sitebuilder/images/ HTTP/1.1" 200 2382 "https://tchealthsources.com/TC%20Health%20Sources/sitebuilder?C=N%3BO%3DD" "Mozilla/5.0 (Linux; Android 7.0;) AppleWebKit/537.36 (KHTML, like Gecko) Mobile Safari/537.36 (compatible; PetalBot;+https://webmaster.petalsearch.com/site/petalbot)" "tchealthsources.com"
51.222.253.19 - - [14/Oct/2022:17:04:55 -0700] "GET /robots.txt HTTP/1.1" 404 88 "-" "Mozilla/5.0 (compatible; AhrefsBot/7.0; +http://ahrefs.com/robot/)" "www.tchealthsources.com"
51.222.253.20 - - [14/Oct/2022:17:04:58 -0700] "GET /TC%20Health%20Sources/yahoo_site_admin1/assets/images/?C=M;O=D HTTP/1.1" 200 355 "-" "Mozilla/5.0 (compatible; AhrefsBot/7.0; +http://ahrefs.com/robot/)" "www.tchealthsources.com"
114.119.136.12 - - [14/Oct/2022:17:09:45 -0700] "GET /TC%20Health%20Sources/logs/access_160430.log HTTP/1.1" 200 2194 "https://tchealthsources.com/TC%20Health%20Sources/logs?D=A" "Mozilla/5.0 (Linux; Android 7.0;) AppleWebKit/537.36 (KHTML, like Gecko) Mobile Safari/537.36 (compatible; PetalBot;+https://webmaster.petalsearch.com/site/petalbot)" "tchealthsources.com"
114.119.136.128 - - [14/Oct/2022:17:15:43 -0700] "GET /TC%20Health%20Sources/yahoo_site_admin/assets/images?C=S%3BO%3DA HTTP/1.1" 301 1455 "https://tchealthsources.com/TC%20Health%20Sources/yahoo_site_admin/assets/images?S=A" "Mozilla/5.0 (Linux; Android 7.0;) AppleWebKit/537.36 (KHTML, like Gecko) Mobile Safari/537.36 (compatible; PetalBot;+https://webmaster.petalsearch.com/site/petalbot)" "tchealthsources.com"
114.119.136.128 - - [14/Oct/2022:17:15:45 -0700] "GET /TC%20Health%20Sources/yahoo_site_admin/assets/images/?C=S%3BO%3DA HTTP/1.1" 200 356 "https://tchealthsources.com/TC%20Health%20Sources/yahoo_site_admin/assets/images?S=A" "Mozilla/5.0 (Linux; Android 7.0;) AppleWebKit/537.36 (KHTML, like Gecko) Mobile Safari/537.36 (compatible; PetalBot;+https://webmaster.petalsearch.com/site/petalbot)" "tchealthsources.com"
114.119.136.109 - - [14/Oct/2022:17:21:26 -0700] "GET /clipart/buttons/themes?D=A HTTP/1.1" 301 1424 "http://tchealthsources.com/clipart/buttons/themes" "Mozilla/5.0 (Linux; Android 7.0;) AppleWebKit/537.36 (KHTML, like Gecko) Mobile Safari/537.36 (compatible; PetalBot;+https://webmaster.petalsearch.com/site/petalbot)" "tchealthsources.com"
114.119.136.109 - - [14/Oct/2022:17:21:26 -0700] "GET /clipart/buttons/themes/?D=A HTTP/1.1" 200 511 "http://tchealthsources.com/clipart/buttons/themes" "Mozilla/5.0 (Linux; Android 7.0;) AppleWebKit/537.36 (KHTML, like Gecko) Mobile Safari/537.36 (compatible; PetalBot;+https://webmaster.petalsearch.com/site/petalbot)" "tchealthsources.com"
51.222.253.15 - - [14/Oct/2022:17:35:17 -0700] "GET /TC%20Health%20Sources/navigation_bars/?C=D;O=A HTTP/1.1" 200 415 "-" "Mozilla/5.0 (compatible; AhrefsBot/7.0; +http://ahrefs.com/robot/)" "tchealthsources.com"
114.119.136.128 - - [14/Oct/2022:17:40:40 -0700] "GET /TC%20Health%20Sources/yahoo_site_admin1/assets?C=M%3BO%3DA HTTP/1.1" 301 1451 "https://tchealthsources.com/TC%20Health%20Sources/yahoo_site_admin1/assets?D=A" "Mozilla/5.0 (Linux; Android 7.0;) AppleWebKit/537.36 (KHTML, like Gecko) Mobile Safari/537.36 (compatible; PetalBot;+https://webmaster.petalsearch.com/site/petalbot)" "tchealthsources.com"
114.119.136.128 - - [14/Oct/2022:17:40:42 -0700] "GET /TC%20Health%20Sources/yahoo_site_admin1/assets/?C=M%3BO%3DA HTTP/1.1" 200 390 "https://tchealthsources.com/TC%20Health%20Sources/yahoo_site_admin1/assets?D=A" "Mozilla/5.0 (Linux; Android 7.0;) AppleWebKit/537.36 (KHTML, like Gecko) Mobile Safari/537.36 (compatible; PetalBot;+https://webmaster.petalsearch.com/site/petalbot)" "tchealthsources.com"
114.119.136.128 - - [14/Oct/2022:17:47:19 -0700] "GET /TC%20Health%20Sources/clipart/buttons?M=D HTTP/1.1" 301 1436 "https://tchealthsources.com/TC%20Health%20Sources/clipart/buttons?M=A" "Mozilla/5.0 (Linux; Android 7.0;) AppleWebKit/537.36 (KHTML, like Gecko) Mobile Safari/537.36 (compatible; PetalBot;+https://webmaster.petalsearch.com/site/petalbot)" "tchealthsources.com"
114.119.136.128 - - [14/Oct/2022:17:47:20 -0700] "GET /TC%20Health%20Sources/clipart/buttons/?M=D HTTP/1.1" 200 383 "https://tchealthsources.com/TC%20Health%20Sources/clipart/buttons?M=A" "Mozilla/5.0 (Linux; Android 7.0;) AppleWebKit/537.36 (KHTML, like Gecko) Mobile Safari/537.36 (compatible; PetalBot;+https://webmaster.petalsearch.com/site/petalbot)" "tchealthsources.com"
114.119.136.109 - - [14/Oct/2022:17:53:36 -0700] "GET /TC%20Health%20Sources/logs/access_160317.log HTTP/1.1" 200 967 "https://tchealthsources.com/TC%20Health%20Sources/logs?D=A" "Mozilla/5.0 (Linux; Android 7.0;) AppleWebKit/537.36 (KHTML, like Gecko) Mobile Safari/537.36 (compatible; PetalBot;+https://webmaster.petalsearch.com/site/petalbot)" "tchealthsources.com"
216.244.66.246 - - [14/Oct/2022:17:54:39 -0700] "GET /robots.txt HTTP/1.1" 404 73 "-" "Mozilla/5.0 (compatible; DotBot/1.2; +https://opensiteexplorer.org/dotbot; help@moz.com)" "tchealthsources.com"
114.119.136.134 - - [14/Oct/2022:17:59:51 -0700] "GET /clipart/buttons/themes/designer3/?C=N%3BO%3DD HTTP/1.1" 200 422 "http://tchealthsources.com/clipart/buttons/themes/designer3?N=D" "Mozilla/5.0 (Linux; Android 7.0;) AppleWebKit/537.36 (KHTML, like Gecko) Mobile Safari/537.36 (compatible; PetalBot;+https://webmaster.petalsearch.com/site/petalbot)" "tchealthsources.com"
51.222.253.19 - - [14/Oct/2022:18:33:11 -0700] "GET /TC%20Health%20Sources/navigation_bars/?C=M;O=A HTTP/1.1" 200 415 "-" "Mozilla/5.0 (compatible; AhrefsBot/7.0; +http://ahrefs.com/robot/)" "tchealthsources.com"
114.119.136.13 - - [14/Oct/2022:18:36:49 -0700] "GET /TC%20Health%20Sources/yahoo_site_admin/credentials?N=D HTTP/1.1" 301 1445 "https://tchealthsources.com/TC%20Health%20Sources/yahoo_site_admin/credentials?N=A" "Mozilla/5.0 (Linux; Android 7.0;) AppleWebKit/537.36 (KHTML, like Gecko) Mobile Safari/537.36 (compatible; PetalBot;+https://webmaster.petalsearch.com/site/petalbot)" "tchealthsources.com"
114.119.136.13 - - [14/Oct/2022:18:36:50 -0700] "GET /TC%20Health%20Sources/yahoo_site_admin/credentials/?N=D HTTP/1.1" 200 399 "https://tchealthsources.com/TC%20Health%20Sources/yahoo_site_admin/credentials?N=A" "Mozilla/5.0 (Linux; Android 7.0;) AppleWebKit/537.36 (KHTML, like Gecko) Mobile Safari/537.36 (compatible; PetalBot;+https://webmaster.petalsearch.com/site/petalbot)" "tchealthsources.com"
185.191.171.8 - - [14/Oct/2022:18:41:05 -0700] "GET /robots.txt HTTP/1.1" 404 88 "-" "Mozilla/5.0 (compatible; SemrushBot/7~bl; +http://www.semrush.com/bot.html)" "tchealthsources.com"
185.191.171.23 - - [14/Oct/2022:18:41:06 -0700] "GET / HTTP/1.1" 200 493 "-" "Mozilla/5.0 (compatible; SemrushBot/7~bl; +http://www.semrush.com/bot.html)" "tchealthsources.com"
216.244.66.246 - - [14/Oct/2022:18:48:35 -0700] "GET /robots.txt HTTP/1.1" 404 73 "-" "Mozilla/5.0 (compatible; DotBot/1.2; +https://opensiteexplorer.org/dotbot; help@moz.com)" "tchealthsources.com"
114.119.136.13 - - [14/Oct/2022:18:49:09 -0700] "GET /tmp/ HTTP/1.1" 403 170 "https://tchealthsources.com/TC%20Health%20Sources?C=N%3BO%3DD" "Mozilla/5.0 (Linux; Android 7.0;) AppleWebKit/537.36 (KHTML, like Gecko) Mobile Safari/537.36 (compatible; PetalBot;+https://webmaster.petalsearch.com/site/petalbot)" "tchealthsources.com"
114.119.136.128 - - [14/Oct/2022:18:55:35 -0700] "GET /TC%20Health%20Sources/clipart/buttons/themes?N=D HTTP/1.1" 301 1441 "https://tchealthsources.com/TC%20Health%20Sources/clipart/buttons/themes" "Mozilla/5.0 (Linux; Android 7.0;) AppleWebKit/537.36 (KHTML, like Gecko) Mobile Safari/537.36 (compatible; PetalBot;+https://webmaster.petalsearch.com/site/petalbot)" "tchealthsources.com"
114.119.136.128 - - [14/Oct/2022:18:55:37 -0700] "GET /TC%20Health%20Sources/clipart/buttons/themes/?N=D HTTP/1.1" 200 479 "https://tchealthsources.com/TC%20Health%20Sources/clipart/buttons/themes" "Mozilla/5.0 (Linux; Android 7.0;) AppleWebKit/537.36 (KHTML, like Gecko) Mobile Safari/537.36 (compatible; PetalBot;+https://webmaster.petalsearch.com/site/petalbot)" "tchealthsources.com"
114.119.136.134 - - [14/Oct/2022:19:01:59 -0700] "GET /TC%20Health%20Sources/tmp HTTP/1.1" 301 1424 "https://tchealthsources.com/TC%20Health%20Sources?M=A" "Mozilla/5.0 (Linux; Android 7.0;) AppleWebKit/537.36 (KHTML, like Gecko) Mobile Safari/537.36 (compatible; PetalBot;+https://webmaster.petalsearch.com/site/petalbot)" "tchealthsources.com"
114.119.136.134 - - [14/Oct/2022:19:02:01 -0700] "GET /TC%20Health%20Sources/tmp/ HTTP/1.1" 200 386 "https://tchealthsources.com/TC%20Health%20Sources?M=A" "Mozilla/5.0 (Linux; Android 7.0;) AppleWebKit/537.36 (KHTML, like Gecko) Mobile Safari/537.36 (compatible; PetalBot;+https://webmaster.petalsearch.com/site/petalbot)" "tchealthsources.com"
93.158.91.233 - - [14/Oct/2022:19:04:21 -0700] "GET /robots.txt HTTP/1.1" 404 88 "-" "Mozilla/5.0 (iPad; CPU OS 6_0 like Mac OS X) AppleWebKit/536.26 (KHTML, like Gecko) Version/6.0 Mobile/10A5355d Safari/8536.25" "tchealthsources.com"
93.158.91.209 - - [14/Oct/2022:19:04:21 -0700] "GET /humans.txt HTTP/1.1" 404 88 "-" "Mozilla/5.0 (iPad; CPU OS 6_0 like Mac OS X) AppleWebKit/536.26 (KHTML, like Gecko) Version/6.0 Mobile/10A5355d Safari/8536.25" "tchealthsources.com"
93.158.91.201 - - [14/Oct/2022:19:04:22 -0700] "GET /ads.txt HTTP/1.1" 404 88 "-" "Mozilla/5.0 (iPad; CPU OS 6_0 like Mac OS X) AppleWebKit/536.26 (KHTML, like Gecko) Version/6.0 Mobile/10A5355d Safari/8536.25" "tchealthsources.com"
93.158.91.231 - - [14/Oct/2022:19:04:23 -0700] "GET / HTTP/1.1" 200 493 "-" "Mozilla/5.0 (iPad; CPU OS 6_0 like Mac OS X) AppleWebKit/536.26 (KHTML, like Gecko) Version/6.0 Mobile/10A5355d Safari/8536.25" "tchealthsources.com"
114.119.136.109 - - [14/Oct/2022:19:08:09 -0700] "GET /clipart HTTP/1.1" 301 1409 "http://tchealthsources.com?C=D%3BO%3DA" "Mozilla/5.0 (Linux; Android 7.0;) AppleWebKit/537.36 (KHTML, like Gecko) Mobile Safari/537.36 (compatible; PetalBot;+https://webmaster.petalsearch.com/site/petalbot)" "tchealthsources.com"
114.119.136.109 - - [14/Oct/2022:19:08:10 -0700] "GET /clipart/ HTTP/1.1" 200 380 "http://tchealthsources.com?C=D%3BO%3DA" "Mozilla/5.0 (Linux; Android 7.0;) AppleWebKit/537.36 (KHTML, like Gecko) Mobile Safari/537.36 (compatible; PetalBot;+https://webmaster.petalsearch.com/site/petalbot)" "tchealthsources.com"
51.222.253.4 - - [14/Oct/2022:19:19:51 -0700] "GET /TC%20Health%20Sources/yahoo_site_admin/assets/images/?C=D;O=D HTTP/1.1" 200 354 "-" "Mozilla/5.0 (compatible; AhrefsBot/7.0; +http://ahrefs.com/robot/)" "tchealthsources.com"
114.119.134.224 - - [14/Oct/2022:19:21:01 -0700] "GET /TC%20Health%20Sources/images?C=N%3BO%3DD HTTP/1.1" 301 1439 "https://tchealthsources.com/TC%20Health%20Sources/images" "Mozilla/5.0 (Linux; Android 7.0;) AppleWebKit/537.36 (KHTML, like Gecko) Mobile Safari/537.36 (compatible; PetalBot;+https://webmaster.petalsearch.com/site/petalbot)" "tchealthsources.com"
114.119.134.224 - - [14/Oct/2022:19:21:01 -0700] "GET /TC%20Health%20Sources/images/?C=N%3BO%3DD HTTP/1.1" 200 1393 "https://tchealthsources.com/TC%20Health%20Sources/images" "Mozilla/5.0 (Linux; Android 7.0;) AppleWebKit/537.36 (KHTML, like Gecko) Mobile Safari/537.36 (compatible; PetalBot;+https://webmaster.petalsearch.com/site/petalbot)" "tchealthsources.com"
114.119.136.109 - - [14/Oct/2022:19:27:02 -0700] "GET /TC%20Health%20Sources/logs/access_160421.log HTTP/1.1" 200 1819 "https://tchealthsources.com/TC%20Health%20Sources/logs?D=A" "Mozilla/5.0 (Linux; Android 7.0;) AppleWebKit/537.36 (KHTML, like Gecko) Mobile Safari/537.36 (compatible; PetalBot;+https://webmaster.petalsearch.com/site/petalbot)" "tchealthsources.com"
114.119.136.109 - - [14/Oct/2022:19:38:08 -0700] "GET /TC%20Health%20Sources/_private?D=D HTTP/1.1" 301 1432 "https://tchealthsources.com/TC%20Health%20Sources/_private?D=A" "Mozilla/5.0 (Linux; Android 7.0;) AppleWebKit/537.36 (KHTML, like Gecko) Mobile Safari/537.36 (compatible; PetalBot;+https://webmaster.petalsearch.com/site/petalbot)" "tchealthsources.com"
114.119.136.109 - - [14/Oct/2022:19:38:09 -0700] "GET /TC%20Health%20Sources/_private/?D=D HTTP/1.1" 200 341 "https://tchealthsources.com/TC%20Health%20Sources/_private?D=A" "Mozilla/5.0 (Linux; Android 7.0;) AppleWebKit/537.36 (KHTML, like Gecko) Mobile Safari/537.36 (compatible; PetalBot;+https://webmaster.petalsearch.com/site/petalbot)" "tchealthsources.com"
51.222.253.12 - - [14/Oct/2022:19:42:46 -0700] "GET /TC%20Health%20Sources/yahoo_site_admin/assets/images/?C=M;O=D HTTP/1.1" 200 354 "-" "Mozilla/5.0 (compatible; AhrefsBot/7.0; +http://ahrefs.com/robot/)" "tchealthsources.com"
54.36.148.59 - - [14/Oct/2022:20:17:38 -0700] "GET /robots.txt HTTP/1.1" 404 88 "-" "Mozilla/5.0 (compatible; AhrefsBot/7.0; +http://ahrefs.com/robot/)" "tchealthsources.com"
51.222.253.11 - - [14/Oct/2022:20:17:39 -0700] "GET /TC%20Health%20Sources/yahoo_site_admin/assets/images/?C=S;O=D HTTP/1.1" 200 354 "-" "Mozilla/5.0 (compatible; AhrefsBot/7.0; +http://ahrefs.com/robot/)" "tchealthsources.com"
114.119.138.127 - - [14/Oct/2022:20:37:43 -0700] "GET /robots.txt HTTP/1.1" 404 88 "-" "Mozilla/5.0 (compatible;PetalBot;+https://webmaster.petalsearch.com/site/petalbot)" "tchealthsources.com"
114.119.151.209 - - [14/Oct/2022:20:49:02 -0700] "GET /robots.txt HTTP/1.1" 404 88 "-" "Mozilla/5.0 (compatible;PetalBot;+https://webmaster.petalsearch.com/site/petalbot)" "tchealthsources.com"
51.222.253.20 - - [14/Oct/2022:20:56:18 -0700] "GET /TC%20Health%20Sources/yahoo_site_admin1/assets/images/?C=D;O=D HTTP/1.1" 200 355 "-" "Mozilla/5.0 (compatible; AhrefsBot/7.0; +http://ahrefs.com/robot/)" "www.tchealthsources.com"
216.244.66.246 - - [14/Oct/2022:21:29:51 -0700] "GET /robots.txt HTTP/1.1" 404 73 "-" "Mozilla/5.0 (compatible; DotBot/1.2; +https://opensiteexplorer.org/dotbot; help@moz.com)" "tchealthsources.com"
54.36.149.32 - - [14/Oct/2022:21:47:51 -0700] "GET /robots.txt HTTP/1.1" 404 88 "-" "Mozilla/5.0 (compatible; AhrefsBot/7.0; +http://ahrefs.com/robot/)" "tchealthsources.com"
51.222.253.19 - - [14/Oct/2022:21:47:52 -0700] "GET /clipart/?C=S;O=D HTTP/1.1" 200 379 "-" "Mozilla/5.0 (compatible; AhrefsBot/7.0; +http://ahrefs.com/robot/)" "tchealthsources.com"
51.222.253.16 - - [14/Oct/2022:22:38:44 -0700] "GET /TC%20Health%20Sources/clipart/?C=D;O=A HTTP/1.1" 200 391 "-" "Mozilla/5.0 (compatible; AhrefsBot/7.0; +http://ahrefs.com/robot/)" "www.tchealthsources.com"
54.70.53.60 - - [14/Oct/2022:23:15:11 -0700] "GET / HTTP/1.1" 200 493 "-" "Mozilla/5.0 (Windows NT 6.1; Win64; x64; rv:102.0) Gecko/20100101 Firefox/102.0" "tchealthsources.com"
114.119.136.12 - - [14/Oct/2022:23:44:19 -0700] "GET /TC%20Health%20Sources/sitebuilder/images?D=D HTTP/1.1" 301 1438 "https://tchealthsources.com/TC%20Health%20Sources/sitebuilder/images?D=A" "Mozilla/5.0 (Linux; Android 7.0;) AppleWebKit/537.36 (KHTML, like Gecko) Mobile Safari/537.36 (compatible; PetalBot;+https://webmaster.petalsearch.com/site/petalbot)" "tchealthsources.com"
114.119.136.12 - - [14/Oct/2022:23:44:22 -0700] "GET /TC%20Health%20Sources/sitebuilder/images/?D=D HTTP/1.1" 200 2382 "https://tchealthsources.com/TC%20Health%20Sources/sitebuilder/images?D=A" "Mozilla/5.0 (Linux; Android 7.0;) AppleWebKit/537.36 (KHTML, like Gecko) Mobile Safari/537.36 (compatible; PetalBot;+https://webmaster.petalsearch.com/site/petalbot)" "tchealthsources.com"
114.119.136.134 - - [14/Oct/2022:23:49:41 -0700] "GET /TC%20Health%20Sources/logs/access_160307.log HTTP/1.1" 200 945 "https://tchealthsources.com/TC%20Health%20Sources/logs?D=A" "Mozilla/5.0 (Linux; Android 7.0;) AppleWebKit/537.36 (KHTML, like Gecko) Mobile Safari/537.36 (compatible; PetalBot;+https://webmaster.petalsearch.com/site/petalbot)" "tchealthsources.com"
114.119.136.12 - - [14/Oct/2022:23:55:12 -0700] "GET /TC%20Health%20Sources/clipart/buttons/themes/gray/?C=D%3BO%3DA HTTP/1.1" 200 435 "https://tchealthsources.com/TC%20Health%20Sources/clipart/buttons/themes/gray" "Mozilla/5.0 (Linux; Android 7.0;) AppleWebKit/537.36 (KHTML, like Gecko) Mobile Safari/537.36 (compatible; PetalBot;+https://webmaster.petalsearch.com/site/petalbot)" "tchealthsources.com"
114.119.136.13 - - [15/Oct/2022:00:00:45 -0700] "GET /TC%20Health%20Sources/files?N=A HTTP/1.1" 301 1430 "https://tchealthsources.com/TC%20Health%20Sources/files?M=D" "Mozilla/5.0 (Linux; Android 7.0;) AppleWebKit/537.36 (KHTML, like Gecko) Mobile Safari/537.36 (compatible; PetalBot;+https://webmaster.petalsearch.com/site/petalbot)" "tchealthsources.com"
114.119.136.13 - - [15/Oct/2022:00:00:49 -0700] "GET /TC%20Health%20Sources/files/?N=A HTTP/1.1" 200 441 "https://tchealthsources.com/TC%20Health%20Sources/files?M=D" "Mozilla/5.0 (Linux; Android 7.0;) AppleWebKit/537.36 (KHTML, like Gecko) Mobile Safari/537.36 (compatible; PetalBot;+https://webmaster.petalsearch.com/site/petalbot)" "tchealthsources.com"
114.119.136.109 - - [15/Oct/2022:00:06:05 -0700] "GET /TC%20Health%20Sources/media HTTP/1.1" 301 1421 "https://tchealthsources.com/TC%20Health%20Sources?M=A" "Mozilla/5.0 (Linux; Android 7.0;) AppleWebKit/537.36 (KHTML, like Gecko) Mobile Safari/537.36 (compatible; PetalBot;+https://webmaster.petalsearch.com/site/petalbot)" "tchealthsources.com"
114.119.136.109 - - [15/Oct/2022:00:06:05 -0700] "GET /TC%20Health%20Sources/media/ HTTP/1.1" 200 409 "https://tchealthsources.com/TC%20Health%20Sources?M=A" "Mozilla/5.0 (Linux; Android 7.0;) AppleWebKit/537.36 (KHTML, like Gecko) Mobile Safari/537.36 (compatible; PetalBot;+https://webmaster.petalsearch.com/site/petalbot)" "tchealthsources.com"
114.119.136.13 - - [15/Oct/2022:00:11:35 -0700] "GET /TC%20Health%20Sources/clipart/buttons/?C=D%3BO%3DA HTTP/1.1" 200 383 "https://tchealthsources.com/TC%20Health%20Sources/clipart/buttons/?C=N%3BO%3DD" "Mozilla/5.0 (Linux; Android 7.0;) AppleWebKit/537.36 (KHTML, like Gecko) Mobile Safari/537.36 (compatible; PetalBot;+https://webmaster.petalsearch.com/site/petalbot)" "tchealthsources.com"
51.222.253.2 - - [15/Oct/2022:00:15:10 -0700] "GET /TC%20Health%20Sources/clipart/?C=M;O=A HTTP/1.1" 200 391 "-" "Mozilla/5.0 (compatible; AhrefsBot/7.0; +http://ahrefs.com/robot/)" "www.tchealthsources.com"
114.119.134.224 - - [15/Oct/2022:00:16:59 -0700] "GET /TC%20Health%20Sources/clipart/buttons/themes/simple/ HTTP/1.1" 200 440 "https://tchealthsources.com/TC%20Health%20Sources/clipart/buttons/themes?C=N%3BO%3DD" "Mozilla/5.0 (Linux; Android 7.0;) AppleWebKit/537.36 (KHTML, like Gecko) Mobile Safari/537.36 (compatible; PetalBot;+https://webmaster.petalsearch.com/site/petalbot)" "tchealthsources.com"
114.119.136.134 - - [15/Oct/2022:00:22:30 -0700] "GET /TC%20Health%20Sources/clipart/buttons/themes/simple?C=M%3BO%3DA HTTP/1.1" 301 1454 "https://tchealthsources.com/TC%20Health%20Sources/clipart/buttons/themes/simple?N=A" "Mozilla/5.0 (Linux; Android 7.0;) AppleWebKit/537.36 (KHTML, like Gecko) Mobile Safari/537.36 (compatible; PetalBot;+https://webmaster.petalsearch.com/site/petalbot)" "tchealthsources.com"
114.119.136.134 - - [15/Oct/2022:00:22:33 -0700] "GET /TC%20Health%20Sources/clipart/buttons/themes/simple/?C=M%3BO%3DA HTTP/1.1" 200 440 "https://tchealthsources.com/TC%20Health%20Sources/clipart/buttons/themes/simple?N=A" "Mozilla/5.0 (Linux; Android 7.0;) AppleWebKit/537.36 (KHTML, like Gecko) Mobile Safari/537.36 (compatible; PetalBot;+https://webmaster.petalsearch.com/site/petalbot)" "tchealthsources.com"
114.119.136.12 - - [15/Oct/2022:00:27:57 -0700] "GET /TC%20Health%20Sources/navigation_bars?S=D HTTP/1.1" 301 1437 "https://tchealthsources.com/TC%20Health%20Sources/navigation_bars?S=A" "Mozilla/5.0 (Linux; Android 7.0;) AppleWebKit/537.36 (KHTML, like Gecko) Mobile Safari/537.36 (compatible; PetalBot;+https://webmaster.petalsearch.com/site/petalbot)" "tchealthsources.com"
114.119.136.12 - - [15/Oct/2022:00:27:58 -0700] "GET /TC%20Health%20Sources/navigation_bars/?S=D HTTP/1.1" 200 415 "https://tchealthsources.com/TC%20Health%20Sources/navigation_bars?S=A" "Mozilla/5.0 (Linux; Android 7.0;) AppleWebKit/537.36 (KHTML, like Gecko) Mobile Safari/537.36 (compatible; PetalBot;+https://webmaster.petalsearch.com/site/petalbot)" "tchealthsources.com"
114.119.134.224 - - [15/Oct/2022:00:33:28 -0700] "GET /TC%20Health%20Sources/files?S=D HTTP/1.1" 301 1429 "https://tchealthsources.com/TC%20Health%20Sources/files?S=A" "Mozilla/5.0 (Linux; Android 7.0;) AppleWebKit/537.36 (KHTML, like Gecko) Mobile Safari/537.36 (compatible; PetalBot;+https://webmaster.petalsearch.com/site/petalbot)" "tchealthsources.com"
114.119.134.224 - - [15/Oct/2022:00:33:29 -0700] "GET /TC%20Health%20Sources/files/?S=D HTTP/1.1" 200 441 "https://tchealthsources.com/TC%20Health%20Sources/files?S=A" "Mozilla/5.0 (Linux; Android 7.0;) AppleWebKit/537.36 (KHTML, like Gecko) Mobile Safari/537.36 (compatible; PetalBot;+https://webmaster.petalsearch.com/site/petalbot)" "tchealthsources.com"
114.119.136.134 - - [15/Oct/2022:00:39:02 -0700] "GET /TC%20Health%20Sources/clipart/buttons/themes?C=S%3BO%3DA HTTP/1.1" 301 1450 "https://tchealthsources.com/TC%20Health%20Sources/clipart/buttons/themes?S=A" "Mozilla/5.0 (Linux; Android 7.0;) AppleWebKit/537.36 (KHTML, like Gecko) Mobile Safari/537.36 (compatible; PetalBot;+https://webmaster.petalsearch.com/site/petalbot)" "tchealthsources.com"
114.119.136.134 - - [15/Oct/2022:00:39:04 -0700] "GET /TC%20Health%20Sources/clipart/buttons/themes/?C=S%3BO%3DA HTTP/1.1" 200 479 "https://tchealthsources.com/TC%20Health%20Sources/clipart/buttons/themes?S=A" "Mozilla/5.0 (Linux; Android 7.0;) AppleWebKit/537.36 (KHTML, like Gecko) Mobile Safari/537.36 (compatible; PetalBot;+https://webmaster.petalsearch.com/site/petalbot)" "tchealthsources.com"
114.119.134.224 - - [15/Oct/2022:00:44:29 -0700] "GET /clipart?M=D HTTP/1.1" 301 1413 "http://tchealthsources.com/clipart/?M=A" "Mozilla/5.0 (Linux; Android 7.0;) AppleWebKit/537.36 (KHTML, like Gecko) Mobile Safari/537.36 (compatible; PetalBot;+https://webmaster.petalsearch.com/site/petalbot)" "tchealthsources.com"
114.119.134.224 - - [15/Oct/2022:00:44:29 -0700] "GET /clipart/?M=D HTTP/1.1" 200 380 "http://tchealthsources.com/clipart/?M=A" "Mozilla/5.0 (Linux; Android 7.0;) AppleWebKit/537.36 (KHTML, like Gecko) Mobile Safari/537.36 (compatible; PetalBot;+https://webmaster.petalsearch.com/site/petalbot)" "tchealthsources.com"
114.119.136.134 - - [15/Oct/2022:00:50:13 -0700] "GET /TC%20Health%20Sources/clipart/buttons/themes/view-screen?C=D%3BO%3DA HTTP/1.1" 301 1458 "https://tchealthsources.com/TC%20Health%20Sources/clipart/buttons/themes/view-screen" "Mozilla/5.0 (Linux; Android 7.0;) AppleWebKit/537.36 (KHTML, like Gecko) Mobile Safari/537.36 (compatible; PetalBot;+https://webmaster.petalsearch.com/site/petalbot)" "tchealthsources.com"
114.119.136.134 - - [15/Oct/2022:00:50:19 -0700] "GET /TC%20Health%20Sources/clipart/buttons/themes/view-screen/?C=D%3BO%3DA HTTP/1.1" 200 442 "https://tchealthsources.com/TC%20Health%20Sources/clipart/buttons/themes/view-screen" "Mozilla/5.0 (Linux; Android 7.0;) AppleWebKit/537.36 (KHTML, like Gecko) Mobile Safari/537.36 (compatible; PetalBot;+https://webmaster.petalsearch.com/site/petalbot)" "tchealthsources.com"
114.119.136.128 - - [15/Oct/2022:00:55:38 -0700] "GET /TC%20Health%20Sources/includes/ice?D=A HTTP/1.1" 301 1433 "https://tchealthsources.com/TC%20Health%20Sources/includes/ice?S=D" "Mozilla/5.0 (Linux; Android 7.0;) AppleWebKit/537.36 (KHTML, like Gecko) Mobile Safari/537.36 (compatible; PetalBot;+https://webmaster.petalsearch.com/site/petalbot)" "tchealthsources.com"
114.119.136.128 - - [15/Oct/2022:00:55:41 -0700] "GET /TC%20Health%20Sources/includes/ice/?D=A HTTP/1.1" 200 439 "https://tchealthsources.com/TC%20Health%20Sources/includes/ice?S=D" "Mozilla/5.0 (Linux; Android 7.0;) AppleWebKit/537.36 (KHTML, like Gecko) Mobile Safari/537.36 (compatible; PetalBot;+https://webmaster.petalsearch.com/site/petalbot)" "tchealthsources.com"
114.119.136.13 - - [15/Oct/2022:01:01:04 -0700] "GET /clipart/buttons/themes/simple?D=D HTTP/1.1" 301 1430 "http://tchealthsources.com/clipart/buttons/themes/simple?D=A" "Mozilla/5.0 (Linux; Android 7.0;) AppleWebKit/537.36 (KHTML, like Gecko) Mobile Safari/537.36 (compatible; PetalBot;+https://webmaster.petalsearch.com/site/petalbot)" "tchealthsources.com"
114.119.136.13 - - [15/Oct/2022:01:01:04 -0700] "GET /clipart/buttons/themes/simple/?D=D HTTP/1.1" 200 417 "http://tchealthsources.com/clipart/buttons/themes/simple?D=A" "Mozilla/5.0 (Linux; Android 7.0;) AppleWebKit/537.36 (KHTML, like Gecko) Mobile Safari/537.36 (compatible; PetalBot;+https://webmaster.petalsearch.com/site/petalbot)" "tchealthsources.com"
216.244.66.246 - - [15/Oct/2022:01:05:42 -0700] "GET /robots.txt HTTP/1.1" 404 73 "-" "Mozilla/5.0 (compatible; DotBot/1.2; +https://opensiteexplorer.org/dotbot; help@moz.com)" "tchealthsources.com"
114.119.136.13 - - [15/Oct/2022:01:06:36 -0700] "GET /clipart/buttons/themes/designer3/ HTTP/1.1" 200 422 "http://tchealthsources.com/clipart/buttons/themes?M=A" "Mozilla/5.0 (Linux; Android 7.0;) AppleWebKit/537.36 (KHTML, like Gecko) Mobile Safari/537.36 (compatible; PetalBot;+https://webmaster.petalsearch.com/site/petalbot)" "tchealthsources.com"
114.119.136.13 - - [15/Oct/2022:01:12:06 -0700] "GET /TC%20Health%20Sources/includes/ice?D=D HTTP/1.1" 301 1433 "https://tchealthsources.com/TC%20Health%20Sources/includes/ice?D=A" "Mozilla/5.0 (Linux; Android 7.0;) AppleWebKit/537.36 (KHTML, like Gecko) Mobile Safari/537.36 (compatible; PetalBot;+https://webmaster.petalsearch.com/site/petalbot)" "tchealthsources.com"
114.119.136.13 - - [15/Oct/2022:01:12:07 -0700] "GET /TC%20Health%20Sources/includes/ice/?D=D HTTP/1.1" 200 439 "https://tchealthsources.com/TC%20Health%20Sources/includes/ice?D=A" "Mozilla/5.0 (Linux; Android 7.0;) AppleWebKit/537.36 (KHTML, like Gecko) Mobile Safari/537.36 (compatible; PetalBot;+https://webmaster.petalsearch.com/site/petalbot)" "tchealthsources.com"
114.119.136.109 - - [15/Oct/2022:01:17:39 -0700] "GET /TC%20Health%20Sources/sitebuilder/applets HTTP/1.1" 301 1434 "https://tchealthsources.com/TC%20Health%20Sources/sitebuilder?M=A" "Mozilla/5.0 (Linux; Android 7.0;) AppleWebKit/537.36 (KHTML, like Gecko) Mobile Safari/537.36 (compatible; PetalBot;+https://webmaster.petalsearch.com/site/petalbot)" "tchealthsources.com"
114.119.136.109 - - [15/Oct/2022:01:17:41 -0700] "GET /TC%20Health%20Sources/sitebuilder/applets/ HTTP/1.1" 200 405 "https://tchealthsources.com/TC%20Health%20Sources/sitebuilder?M=A" "Mozilla/5.0 (Linux; Android 7.0;) AppleWebKit/537.36 (KHTML, like Gecko) Mobile Safari/537.36 (compatible; PetalBot;+https://webmaster.petalsearch.com/site/petalbot)" "tchealthsources.com"
114.119.136.109 - - [15/Oct/2022:01:23:17 -0700] "GET /TC%20Health%20Sources/yahoo_site_admin1/cache?C=M%3BO%3DA HTTP/1.1" 301 1450 "https://tchealthsources.com/TC%20Health%20Sources/yahoo_site_admin1/cache?M=A" "Mozilla/5.0 (Linux; Android 7.0;) AppleWebKit/537.36 (KHTML, like Gecko) Mobile Safari/537.36 (compatible; PetalBot;+https://webmaster.petalsearch.com/site/petalbot)" "tchealthsources.com"
114.119.136.109 - - [15/Oct/2022:01:23:18 -0700] "GET /TC%20Health%20Sources/yahoo_site_admin1/cache/?C=M%3BO%3DA HTTP/1.1" 200 351 "https://tchealthsources.com/TC%20Health%20Sources/yahoo_site_admin1/cache?M=A" "Mozilla/5.0 (Linux; Android 7.0;) AppleWebKit/537.36 (KHTML, like Gecko) Mobile Safari/537.36 (compatible; PetalBot;+https://webmaster.petalsearch.com/site/petalbot)" "tchealthsources.com"
114.119.134.224 - - [15/Oct/2022:01:28:48 -0700] "GET /TC%20Health%20Sources/clipart/buttons/themes?S=A HTTP/1.1" 301 1441 "https://tchealthsources.com/TC%20Health%20Sources/clipart/buttons/themes?S=D" "Mozilla/5.0 (Linux; Android 7.0;) AppleWebKit/537.36 (KHTML, like Gecko) Mobile Safari/537.36 (compatible; PetalBot;+https://webmaster.petalsearch.com/site/petalbot)" "tchealthsources.com"
114.119.134.224 - - [15/Oct/2022:01:28:49 -0700] "GET /TC%20Health%20Sources/clipart/buttons/themes/?S=A HTTP/1.1" 200 479 "https://tchealthsources.com/TC%20Health%20Sources/clipart/buttons/themes?S=D" "Mozilla/5.0 (Linux; Android 7.0;) AppleWebKit/537.36 (KHTML, like Gecko) Mobile Safari/537.36 (compatible; PetalBot;+https://webmaster.petalsearch.com/site/petalbot)" "tchealthsources.com"
114.119.136.12 - - [15/Oct/2022:01:34:13 -0700] "GET /TC%20Health%20Sources/yahoo_site_admin1/cache HTTP/1.1" 301 1437 "https://tchealthsources.com/TC%20Health%20Sources/yahoo_site_admin1?N=D" "Mozilla/5.0 (Linux; Android 7.0;) AppleWebKit/537.36 (KHTML, like Gecko) Mobile Safari/537.36 (compatible; PetalBot;+https://webmaster.petalsearch.com/site/petalbot)" "tchealthsources.com"
114.119.136.12 - - [15/Oct/2022:01:34:16 -0700] "GET /TC%20Health%20Sources/yahoo_site_admin1/cache/ HTTP/1.1" 200 351 "https://tchealthsources.com/TC%20Health%20Sources/yahoo_site_admin1?N=D" "Mozilla/5.0 (Linux; Android 7.0;) AppleWebKit/537.36 (KHTML, like Gecko) Mobile Safari/537.36 (compatible; PetalBot;+https://webmaster.petalsearch.com/site/petalbot)" "tchealthsources.com"
114.119.136.134 - - [15/Oct/2022:01:39:44 -0700] "GET /TC%20Health%20Sources/yahoo_site_admin1/ HTTP/1.1" 200 418 "https://tchealthsources.com/TC%20Health%20Sources/yahoo_site_admin1/cache?C=N%3BO%3DD" "Mozilla/5.0 (Linux; Android 7.0;) AppleWebKit/537.36 (KHTML, like Gecko) Mobile Safari/537.36 (compatible; PetalBot;+https://webmaster.petalsearch.com/site/petalbot)" "tchealthsources.com"
114.119.134.224 - - [15/Oct/2022:01:45:17 -0700] "GET /TC%20Health%20Sources/yahoo_site_admin1/cache/?C=S%3BO%3DA HTTP/1.1" 200 351 "https://tchealthsources.com/TC%20Health%20Sources/yahoo_site_admin1/cache?C=N%3BO%3DD" "Mozilla/5.0 (Linux; Android 7.0;) AppleWebKit/537.36 (KHTML, like Gecko) Mobile Safari/537.36 (compatible; PetalBot;+https://webmaster.petalsearch.com/site/petalbot)" "tchealthsources.com"
114.119.136.13 - - [15/Oct/2022:01:50:59 -0700] "GET /TC%20Health%20Sources/tmp?N=D HTTP/1.1" 301 1429 "https://tchealthsources.com/TC%20Health%20Sources/tmp" "Mozilla/5.0 (Linux; Android 7.0;) AppleWebKit/537.36 (KHTML, like Gecko) Mobile Safari/537.36 (compatible; PetalBot;+https://webmaster.petalsearch.com/site/petalbot)" "tchealthsources.com"
114.119.136.13 - - [15/Oct/2022:01:51:01 -0700] "GET /TC%20Health%20Sources/tmp/?N=D HTTP/1.1" 200 386 "https://tchealthsources.com/TC%20Health%20Sources/tmp" "Mozilla/5.0 (Linux; Android 7.0;) AppleWebKit/537.36 (KHTML, like Gecko) Mobile Safari/537.36 (compatible; PetalBot;+https://webmaster.petalsearch.com/site/petalbot)" "tchealthsources.com"
114.119.136.12 - - [15/Oct/2022:01:56:31 -0700] "GET /TC%20Health%20Sources/yahoo_site_admin1/cache/?C=D%3BO%3DA HTTP/1.1" 200 351 "https://tchealthsources.com/TC%20Health%20Sources/yahoo_site_admin1/cache?C=N%3BO%3DD" "Mozilla/5.0 (Linux; Android 7.0;) AppleWebKit/537.36 (KHTML, like Gecko) Mobile Safari/537.36 (compatible; PetalBot;+https://webmaster.petalsearch.com/site/petalbot)" "tchealthsources.com"
114.119.136.13 - - [15/Oct/2022:02:02:10 -0700] "GET /TC%20Health%20Sources/images?D=D HTTP/1.1" 301 1429 "https://tchealthsources.com/TC%20Health%20Sources/images?D=A" "Mozilla/5.0 (Linux; Android 7.0;) AppleWebKit/537.36 (KHTML, like Gecko) Mobile Safari/537.36 (compatible; PetalBot;+https://webmaster.petalsearch.com/site/petalbot)" "tchealthsources.com"
114.119.136.13 - - [15/Oct/2022:02:02:11 -0700] "GET /TC%20Health%20Sources/images/?D=D HTTP/1.1" 200 1393 "https://tchealthsources.com/TC%20Health%20Sources/images?D=A" "Mozilla/5.0 (Linux; Android 7.0;) AppleWebKit/537.36 (KHTML, like Gecko) Mobile Safari/537.36 (compatible; PetalBot;+https://webmaster.petalsearch.com/site/petalbot)" "tchealthsources.com"
45.138.74.197 - - [15/Oct/2022:02:06:42 -0700] "GET / HTTP/1.1" 200 1331 "https://xrabbit.cc/" "Mozilla/4.0 (compatible; MSIE 6.0; Windows NT 5.1; SV1)" "tchealthsources.com"
45.138.74.197 - - [15/Oct/2022:02:06:42 -0700] "GET / HTTP/1.1" 200 1331 "https://xrabbit.cc/" "Mozilla/4.0 (compatible; MSIE 6.0; Windows NT 5.1; SV1)" "tchealthsources.com"
45.138.74.197 - - [15/Oct/2022:02:06:43 -0700] "GET / HTTP/1.1" 200 1331 "https://xrabbit.cc/" "Mozilla/4.0 (compatible; MSIE 6.0; Windows NT 5.1; SV1)" "tchealthsources.com"
114.119.136.12 - - [15/Oct/2022:02:07:44 -0700] "GET /TC%20Health%20Sources/files?S=A HTTP/1.1" 301 1429 "https://tchealthsources.com/TC%20Health%20Sources/files?M=D" "Mozilla/5.0 (Linux; Android 7.0;) AppleWebKit/537.36 (KHTML, like Gecko) Mobile Safari/537.36 (compatible; PetalBot;+https://webmaster.petalsearch.com/site/petalbot)" "tchealthsources.com"
114.119.136.12 - - [15/Oct/2022:02:07:45 -0700] "GET /TC%20Health%20Sources/files/?S=A HTTP/1.1" 200 441 "https://tchealthsources.com/TC%20Health%20Sources/files?M=D" "Mozilla/5.0 (Linux; Android 7.0;) AppleWebKit/537.36 (KHTML, like Gecko) Mobile Safari/537.36 (compatible; PetalBot;+https://webmaster.petalsearch.com/site/petalbot)" "tchealthsources.com"
114.119.136.134 - - [15/Oct/2022:02:13:25 -0700] "GET /TC%20Health%20Sources/logs/access_160329.log HTTP/1.1" 200 1686 "https://tchealthsources.com/TC%20Health%20Sources/logs?D=A" "Mozilla/5.0 (Linux; Android 7.0;) AppleWebKit/537.36 (KHTML, like Gecko) Mobile Safari/537.36 (compatible; PetalBot;+https://webmaster.petalsearch.com/site/petalbot)" "tchealthsources.com"
114.119.136.12 - - [15/Oct/2022:02:19:00 -0700] "GET /TC%20Health%20Sources/sitebuilder?C=M%3BO%3DA HTTP/1.1" 301 1442 "https://tchealthsources.com/TC%20Health%20Sources/sitebuilder?C=N%3BO%3DD" "Mozilla/5.0 (Linux; Android 7.0;) AppleWebKit/537.36 (KHTML, like Gecko) Mobile Safari/537.36 (compatible; PetalBot;+https://webmaster.petalsearch.com/site/petalbot)" "tchealthsources.com"
114.119.136.12 - - [15/Oct/2022:02:19:02 -0700] "GET /TC%20Health%20Sources/sitebuilder/?C=M%3BO%3DA HTTP/1.1" 200 446 "https://tchealthsources.com/TC%20Health%20Sources/sitebuilder?C=N%3BO%3DD" "Mozilla/5.0 (Linux; Android 7.0;) AppleWebKit/537.36 (KHTML, like Gecko) Mobile Safari/537.36 (compatible; PetalBot;+https://webmaster.petalsearch.com/site/petalbot)" "tchealthsources.com"
114.119.136.109 - - [15/Oct/2022:02:24:37 -0700] "GET /logs/ HTTP/1.1" 403 170 "https://tchealthsources.com/TC%20Health%20Sources?C=N%3BO%3DD" "Mozilla/5.0 (Linux; Android 7.0;) AppleWebKit/537.36 (KHTML, like Gecko) Mobile Safari/537.36 (compatible; PetalBot;+https://webmaster.petalsearch.com/site/petalbot)" "tchealthsources.com"
114.119.134.224 - - [15/Oct/2022:02:41:32 -0700] "GET /TC%20Health%20Sources/includes?D=D HTTP/1.1" 301 1431 "https://tchealthsources.com/TC%20Health%20Sources/includes?D=A" "Mozilla/5.0 (Linux; Android 7.0;) AppleWebKit/537.36 (KHTML, like Gecko) Mobile Safari/537.36 (compatible; PetalBot;+https://webmaster.petalsearch.com/site/petalbot)" "tchealthsources.com"
114.119.134.224 - - [15/Oct/2022:02:41:36 -0700] "GET /TC%20Health%20Sources/includes/?D=D HTTP/1.1" 200 376 "https://tchealthsources.com/TC%20Health%20Sources/includes?D=A" "Mozilla/5.0 (Linux; Android 7.0;) AppleWebKit/537.36 (KHTML, like Gecko) Mobile Safari/537.36 (compatible; PetalBot;+https://webmaster.petalsearch.com/site/petalbot)" "tchealthsources.com"
37.44.252.66 - - [15/Oct/2022:02:44:37 -0700] "GET /squirrelmail HTTP/1.1" 404 88 "-" "Mozilla/5.0 (Windows NT 6.1; WOW64; rv:39.0) Gecko/20100101 Firefox/49.0" "tchealthsources.com"
37.44.252.66 - - [15/Oct/2022:02:44:37 -0700] "GET /squirrel HTTP/1.1" 404 88 "-" "Mozilla/5.0 (Windows NT 6.1; WOW64; rv:39.0) Gecko/20100101 Firefox/49.0" "tchealthsources.com"
37.44.252.66 - - [15/Oct/2022:02:44:37 -0700] "GET /roundcubemail HTTP/1.1" 404 88 "-" "Mozilla/5.0 (Windows NT 6.1; WOW64; rv:39.0) Gecko/20100101 Firefox/49.0" "tchealthsources.com"
37.44.252.66 - - [15/Oct/2022:02:44:37 -0700] "GET /horde HTTP/1.1" 404 88 "-" "Mozilla/5.0 (Windows NT 6.1; WOW64; rv:39.0) Gecko/20100101 Firefox/49.0" "tchealthsources.com"
37.44.252.66 - - [15/Oct/2022:02:44:37 -0700] "GET /roundcube HTTP/1.1" 404 88 "-" "Mozilla/5.0 (Windows NT 6.1; WOW64; rv:39.0) Gecko/20100101 Firefox/49.0" "tchealthsources.com"
37.44.252.66 - - [15/Oct/2022:02:44:37 -0700] "GET /mail HTTP/1.1" 404 88 "-" "Mozilla/5.0 (Windows NT 6.1; WOW64; rv:39.0) Gecko/20100101 Firefox/49.0" "tchealthsources.com"
37.44.252.66 - - [15/Oct/2022:02:44:38 -0700] "GET /roundcube HTTP/1.1" 404 88 "-" "Mozilla/5.0 (Windows NT 6.1; WOW64; rv:39.0) Gecko/20100101 Firefox/49.0" "tchealthsources.com"
37.44.252.66 - - [15/Oct/2022:02:44:38 -0700] "GET /squirrel HTTP/1.1" 404 88 "-" "Mozilla/5.0 (Windows NT 6.1; WOW64; rv:39.0) Gecko/20100101 Firefox/49.0" "tchealthsources.com"
37.44.252.66 - - [15/Oct/2022:02:44:38 -0700] "GET /horde HTTP/1.1" 404 88 "-" "Mozilla/5.0 (Windows NT 6.1; WOW64; rv:39.0) Gecko/20100101 Firefox/49.0" "tchealthsources.com"
37.44.252.66 - - [15/Oct/2022:02:44:38 -0700] "GET /mail HTTP/1.1" 404 88 "-" "Mozilla/5.0 (Windows NT 6.1; WOW64; rv:39.0) Gecko/20100101 Firefox/49.0" "tchealthsources.com"
37.44.252.66 - - [15/Oct/2022:02:44:38 -0700] "GET /squirrelmail HTTP/1.1" 404 88 "-" "Mozilla/5.0 (Windows NT 6.1; WOW64; rv:39.0) Gecko/20100101 Firefox/49.0" "tchealthsources.com"
37.44.252.66 - - [15/Oct/2022:02:44:38 -0700] "GET /webmail HTTP/1.1" 404 88 "-" "Mozilla/5.0 (Windows NT 6.1; WOW64; rv:39.0) Gecko/20100101 Firefox/49.0" "tchealthsources.com"
37.44.252.66 - - [15/Oct/2022:02:44:38 -0700] "GET /roundcubemail HTTP/1.1" 404 88 "-" "Mozilla/5.0 (Windows NT 6.1; WOW64; rv:39.0) Gecko/20100101 Firefox/49.0" "tchealthsources.com"
114.119.136.109 - - [15/Oct/2022:02:47:19 -0700] "GET /TC%20Health%20Sources/logs/access_160416.log HTTP/1.1" 200 1816 "https://tchealthsources.com/TC%20Health%20Sources/logs?D=A" "Mozilla/5.0 (Linux; Android 7.0;) AppleWebKit/537.36 (KHTML, like Gecko) Mobile Safari/537.36 (compatible; PetalBot;+https://webmaster.petalsearch.com/site/petalbot)" "tchealthsources.com"
216.244.66.246 - - [15/Oct/2022:02:52:40 -0700] "GET /robots.txt HTTP/1.1" 404 73 "-" "Mozilla/5.0 (compatible; DotBot/1.2; +https://opensiteexplorer.org/dotbot; help@moz.com)" "tchealthsources.com"
114.119.136.12 - - [15/Oct/2022:02:52:56 -0700] "GET /TC%20Health%20Sources/logs/access_160317.log HTTP/1.1" 200 967 "https://tchealthsources.com/TC%20Health%20Sources/logs?D=A" "Mozilla/5.0 (Linux; Android 7.0;) AppleWebKit/537.36 (KHTML, like Gecko) Mobile Safari/537.36 (compatible; PetalBot;+https://webmaster.petalsearch.com/site/petalbot)" "tchealthsources.com"
185.196.220.26 - - [15/Oct/2022:02:56:14 -0700] "GET /blog/readme.html HTTP/1.1" 404 88 "https://www.google.com/" "Mozilla/5.0 (Macintosh; Intel Mac OS X 12.6; rv:105.0) Gecko/20100101 Firefox/105.0" "tchealthsources.com"
114.119.136.134 - - [15/Oct/2022:02:58:38 -0700] "GET /clipart/buttons/themes/view-screen/?C=D%3BO%3DA HTTP/1.1" 200 433 "http://tchealthsources.com/clipart/buttons/themes/view-screen/?C=M%3BO%3DA" "Mozilla/5.0 (Linux; Android 7.0;) AppleWebKit/537.36 (KHTML, like Gecko) Mobile Safari/537.36 (compatible; PetalBot;+https://webmaster.petalsearch.com/site/petalbot)" "tchealthsources.com"
114.119.136.109 - - [15/Oct/2022:03:04:22 -0700] "GET /TC%20Health%20Sources/yahoo_site_admin/assets/images?M=D HTTP/1.1" 301 1446 "https://tchealthsources.com/TC%20Health%20Sources/yahoo_site_admin/assets/images?M=A" "Mozilla/5.0 (Linux; Android 7.0;) AppleWebKit/537.36 (KHTML, like Gecko) Mobile Safari/537.36 (compatible; PetalBot;+https://webmaster.petalsearch.com/site/petalbot)" "tchealthsources.com"
114.119.136.109 - - [15/Oct/2022:03:04:27 -0700] "GET /TC%20Health%20Sources/yahoo_site_admin/assets/images/?M=D HTTP/1.1" 200 356 "https://tchealthsources.com/TC%20Health%20Sources/yahoo_site_admin/assets/images?M=A" "Mozilla/5.0 (Linux; Android 7.0;) AppleWebKit/537.36 (KHTML, like Gecko) Mobile Safari/537.36 (compatible; PetalBot;+https://webmaster.petalsearch.com/site/petalbot)" "tchealthsources.com"
114.119.136.128 - - [15/Oct/2022:03:09:58 -0700] "GET /TC%20Health%20Sources/clipart/images/general/?C=N%3BO%3DD HTTP/1.1" 200 403 "https://tchealthsources.com/TC%20Health%20Sources/clipart/images/general?D=D" "Mozilla/5.0 (Linux; Android 7.0;) AppleWebKit/537.36 (KHTML, like Gecko) Mobile Safari/537.36 (compatible; PetalBot;+https://webmaster.petalsearch.com/site/petalbot)" "tchealthsources.com"
114.119.136.134 - - [15/Oct/2022:03:15:47 -0700] "GET /clipart/buttons/themes/swoosh_blue/?C=S%3BO%3DA HTTP/1.1" 200 419 "http://tchealthsources.com/clipart/buttons/themes/swoosh_blue?N=D" "Mozilla/5.0 (Linux; Android 7.0;) AppleWebKit/537.36 (KHTML, like Gecko) Mobile Safari/537.36 (compatible; PetalBot;+https://webmaster.petalsearch.com/site/petalbot)" "tchealthsources.com"
51.222.253.18 - - [15/Oct/2022:03:20:58 -0700] "GET /TC%20Health%20Sources/yahoo_site_admin/?C=S;O=A HTTP/1.1" 200 430 "-" "Mozilla/5.0 (compatible; AhrefsBot/7.0; +http://ahrefs.com/robot/)" "tchealthsources.com"
114.119.136.128 - - [15/Oct/2022:03:21:30 -0700] "GET /Web%20DOWNLOAD%20images/?C=D%3BO%3DA HTTP/1.1" 200 442 "http://tchealthsources.com/Web%20DOWNLOAD%20images?D=D" "Mozilla/5.0 (Linux; Android 7.0;) AppleWebKit/537.36 (KHTML, like Gecko) Mobile Safari/537.36 (compatible; PetalBot;+https://webmaster.petalsearch.com/site/petalbot)" "tchealthsources.com"
114.119.136.13 - - [15/Oct/2022:03:27:16 -0700] "GET /TC%20Health%20Sources/clipart/buttons/themes/view-screen?M=A HTTP/1.1" 301 1449 "https://tchealthsources.com/TC%20Health%20Sources/clipart/buttons/themes/view-screen?N=D" "Mozilla/5.0 (Linux; Android 7.0;) AppleWebKit/537.36 (KHTML, like Gecko) Mobile Safari/537.36 (compatible; PetalBot;+https://webmaster.petalsearch.com/site/petalbot)" "tchealthsources.com"
114.119.136.13 - - [15/Oct/2022:03:27:17 -0700] "GET /TC%20Health%20Sources/clipart/buttons/themes/view-screen/?M=A HTTP/1.1" 200 442 "https://tchealthsources.com/TC%20Health%20Sources/clipart/buttons/themes/view-screen?N=D" "Mozilla/5.0 (Linux; Android 7.0;) AppleWebKit/537.36 (KHTML, like Gecko) Mobile Safari/537.36 (compatible; PetalBot;+https://webmaster.petalsearch.com/site/petalbot)" "tchealthsources.com"
